{"id":72367,"date":"2025-02-20T17:02:12","date_gmt":"2025-02-20T17:02:12","guid":{"rendered":"https:\/\/brandss.com.py\/index\/?post_type=product&#038;p=72367"},"modified":"2026-02-13T10:58:51","modified_gmt":"2026-02-13T10:58:51","slug":"perfume-masculino-armaf-odyssey-mandarin-sky-edp-100ml","status":"publish","type":"product","link":"https:\/\/brandss.com.py\/index\/producto\/perfume-masculino-armaf-odyssey-mandarin-sky-edp-100ml\/","title":{"rendered":"PERFUME MASCULINO ARMAF ODYSSEY MANDARIN SKY EDP 100ML"},"content":{"rendered":"<p><img loading=\"lazy\" decoding=\"async\" class=\"\" src=\"https:\/\/www.shoppingchina.com.py\/rails\/active_storage\/blobs\/redirect\/eyJfcmFpbHMiOnsibWVzc2FnZSI6IkJBaHBBM2RXQlE9PSIsImV4cCI6bnVsbCwicHVyIjoiYmxvYl9pZCJ9fQ==--b1587c643bc10e9b867b2124bc9ba1a9c90fa8e4\/armaf.webp\" alt=\"Armaf no Paraguai | Shopping China\" width=\"93\" height=\"93\" \/><\/p>\n<h1>ODYSSEY MANDARIN SKY<\/h1>\n<p>El secreto de los mejores perfumes es la combinaci\u00f3n perfecta de ingredientes que se potencian entre s\u00ed y te permiten trasladarte a lugares \u00fanicos. Disfruta de esta fragancia en todo momento.<\/p>\n<p>ARMAF Odyssey Mandarin Sky es una fragancia luminosa y golosa que combina notas c\u00edtricas con toques especiados y gourmand.<img loading=\"lazy\" decoding=\"async\" class=\"alignleft\" src=\"https:\/\/aromatica.cr\/cdn\/shop\/files\/ARMAF-Odyssey-Mandarin-Sky-EDP-para-hombre-100-ml-Aromatica-CR-287499.webp?v=1727561114&amp;width=823\" width=\"602\" height=\"602\" \/><\/p>\n<p>Es una fragancia perfecta para uso diario y ocasiones casuales, ideal para quienes buscan un aroma dulce y luminoso pero con un toque sofisticado y duradero.<\/p>\n<p>&nbsp;<\/p>\n<h3>Notas Olfativas<\/h3>\n<h3><\/h3>\n<p>Sum\u00e9rgete en esta explosi\u00f3n de frescura con sabor a caramelo c\u00edtrico en la orilla del lago en verano. Los rayos de sol resplandecientes derraman su brillo dorado sobre ti, realzando la dulzura on\u00edrica de los c\u00edtricos que fluyen a trav\u00e9s de los vientos refrescantes.<\/p>\n<p>La calidez de los \u00e1rboles de cedro mece su terrosidad a trav\u00e9s del terreno, dej\u00e1ndote tranquilo y renovado para el d\u00eda que tienes por delante.<\/p>\n<p>Esta exquisita fragancia se abre con una mezcla vivaz y c\u00edtrica de mandarina, naranja, azafr\u00e1n y salvia. A medida que la fragancia evoluciona, las notas de coraz\u00f3n se despliegan con un car\u00e1cter dulce y gourmand. En la base, Ambroxan proporciona un aroma almizclado y ambarino, que agrega profundidad y longevidad a la fragancia. El vetiver ofrece un aroma amaderado, mientras que la madera de cedro agrega un toque seco y arom\u00e1tico. En general, este perfume es una mezcla lujosa y atractiva que pasa de una apertura brillante y c\u00edtrica a un coraz\u00f3n dulce y reconfortante, y finalmente a una base c\u00e1lida.<\/p>\n<p><strong>Notas de salida:<\/strong>\u00a0mandarina, naranja, azafr\u00e1n, salvia.<br \/>\n<strong>Notas de coraz\u00f3n:<\/strong>\u00a0caramelo, haba tonka, tagetes.<br \/>\n<strong>Notas de fondo:<\/strong>\u00a0ambroxan, vetiver, cedro.<\/p>\n","protected":false},"excerpt":{"rendered":"<p>ODYSSEY MANDARIN SKY El secreto de los mejores perfumes es la combinaci\u00f3n perfecta de ingredientes que se potencian entre s\u00ed<\/p>\n","protected":false},"featured_media":72373,"comment_status":"open","ping_status":"closed","template":"","meta":{"nf_dc_page":""},"product_brand":[106],"product_cat":[84],"product_tag":[179],"class_list":{"0":"post-72367","1":"product","2":"type-product","3":"status-publish","4":"has-post-thumbnail","6":"product_brand-armaf","7":"product_cat-perfumeria","8":"product_tag-179","10":"first","11":"instock","12":"sale","13":"shipping-taxable","14":"purchasable","15":"product-type-simple"},"_links":{"self":[{"href":"https:\/\/brandss.com.py\/index\/wp-json\/wp\/v2\/product\/72367","targetHints":{"allow":["GET"]}}],"collection":[{"href":"https:\/\/brandss.com.py\/index\/wp-json\/wp\/v2\/product"}],"about":[{"href":"https:\/\/brandss.com.py\/index\/wp-json\/wp\/v2\/types\/product"}],"replies":[{"embeddable":true,"href":"https:\/\/brandss.com.py\/index\/wp-json\/wp\/v2\/comments?post=72367"}],"version-history":[{"count":1,"href":"https:\/\/brandss.com.py\/index\/wp-json\/wp\/v2\/product\/72367\/revisions"}],"predecessor-version":[{"id":72388,"href":"https:\/\/brandss.com.py\/index\/wp-json\/wp\/v2\/product\/72367\/revisions\/72388"}],"wp:featuredmedia":[{"embeddable":true,"href":"https:\/\/brandss.com.py\/index\/wp-json\/wp\/v2\/media\/72373"}],"wp:attachment":[{"href":"https:\/\/brandss.com.py\/index\/wp-json\/wp\/v2\/media?parent=72367"}],"wp:term":[{"taxonomy":"product_brand","embeddable":true,"href":"https:\/\/brandss.com.py\/index\/wp-json\/wp\/v2\/product_brand?post=72367"},{"taxonomy":"product_cat","embeddable":true,"href":"https:\/\/brandss.com.py\/index\/wp-json\/wp\/v2\/product_cat?post=72367"},{"taxonomy":"product_tag","embeddable":true,"href":"https:\/\/brandss.com.py\/index\/wp-json\/wp\/v2\/product_tag?post=72367"}],"curies":[{"name":"wp","href":"https:\/\/api.w.org\/{rel}","templated":true}]}}