{"id":72486,"date":"2025-02-21T13:42:21","date_gmt":"2025-02-21T13:42:21","guid":{"rendered":"https:\/\/brandss.com.py\/index\/?post_type=product&#038;p=72486"},"modified":"2025-12-09T12:31:18","modified_gmt":"2025-12-09T12:31:18","slug":"perfume-masculino-antonio-banderas-black-seduction-edt-200ml","status":"publish","type":"product","link":"https:\/\/brandss.com.py\/index\/producto\/perfume-masculino-antonio-banderas-black-seduction-edt-200ml\/","title":{"rendered":"PERFUME MASCULINO ANTONIO BANDERAS BLACK SEDUCTION EDT 200ML"},"content":{"rendered":"<p><img loading=\"lazy\" decoding=\"async\" class=\"\" src=\"https:\/\/encrypted-tbn0.gstatic.com\/images?q=tbn:ANd9GcTDqRm3VnVXuCbpTugdrtZT8rU7TNChWb_bPw&amp;s\" alt=\"PERFUME ANTONIO BANDERAS THE ICON FOR MEN E...\" width=\"85\" height=\"85\" \/><\/p>\n<h1>BLACK SEDUCTION<\/h1>\n<div class=\"fb-product-information-tab__copy__new\">\n<div class=\"fb-product-information-tab__picture-text separator\">\n<div class=\"fb-product-information-tab__picture-text-second\">\n<h3 class=\"fb-cpy-bold\">JUEGO DE LA SEDUCCI\u00d3N<\/h3>\n<p>Los cuerpos se acercan, los secretos se revelan. Con Seduction in Black, el juego de la seducci\u00f3n contin\u00faa en la oscuridad de la noche.<\/p>\n<\/div>\n<\/div>\n<\/div>\n<p>Blue Seduction&#8230; se vuelve negra. Blue Seduction cre\u00f3 una atm\u00f3sfera de seducci\u00f3n sexy y espont\u00e1nea. Al caer la noche, las luces se apagan, dando m\u00e1s intimidad a cada encuentro. Los cuerpos se acercan, los secretos se revelan. Con Seduction in Black, el juego de la seducci\u00f3n contin\u00faa en la oscuridad de la noche.<\/p>\n<p><img decoding=\"async\" class=\"alignleft\" src=\"https:\/\/m.media-amazon.com\/images\/I\/91KbDyA9FbL._AC_UF350,350_QL80_.jpg\" \/><\/p>\n<h3><strong>Notas Olfativas<\/strong><\/h3>\n<p>&nbsp;<\/p>\n<p>Seduction in Black\u00a0de\u00a0Antonio Banderas\u00a0es una fragancia de la familia olfativa Oriental Especiada para Hombres.\u00a0Seduction in Black\u00a0se lanz\u00f3 en 2009. La Nariz detr\u00e1s de esta fragrancia es Olivier Cresp.<\/p>\n<p><strong>Notas de salida:<\/strong> grosellas negras y bergamota;<\/p>\n<p><strong>Notas de coraz\u00f3n:<\/strong> nuez moscada, cardamomo y cilantro;<\/p>\n<p><strong>Notas de fondo:<\/strong> haba tonka, \u00e1mbar, almizcle y cedro de Virginia.<\/p>\n","protected":false},"excerpt":{"rendered":"<p>BLACK SEDUCTION JUEGO DE LA SEDUCCI\u00d3N Los cuerpos se acercan, los secretos se revelan. Con Seduction in Black, el juego<\/p>\n","protected":false},"featured_media":72487,"comment_status":"open","ping_status":"closed","template":"","meta":{"nf_dc_page":""},"product_brand":[870],"product_cat":[84],"product_tag":[1643],"class_list":{"0":"post-72486","1":"product","2":"type-product","3":"status-publish","4":"has-post-thumbnail","6":"product_brand-antonio-banderas","7":"product_cat-perfumeria","8":"product_tag-1643","10":"first","11":"instock","12":"sale","13":"shipping-taxable","14":"purchasable","15":"product-type-simple"},"_links":{"self":[{"href":"https:\/\/brandss.com.py\/index\/wp-json\/wp\/v2\/product\/72486","targetHints":{"allow":["GET"]}}],"collection":[{"href":"https:\/\/brandss.com.py\/index\/wp-json\/wp\/v2\/product"}],"about":[{"href":"https:\/\/brandss.com.py\/index\/wp-json\/wp\/v2\/types\/product"}],"replies":[{"embeddable":true,"href":"https:\/\/brandss.com.py\/index\/wp-json\/wp\/v2\/comments?post=72486"}],"version-history":[{"count":1,"href":"https:\/\/brandss.com.py\/index\/wp-json\/wp\/v2\/product\/72486\/revisions"}],"predecessor-version":[{"id":72495,"href":"https:\/\/brandss.com.py\/index\/wp-json\/wp\/v2\/product\/72486\/revisions\/72495"}],"wp:featuredmedia":[{"embeddable":true,"href":"https:\/\/brandss.com.py\/index\/wp-json\/wp\/v2\/media\/72487"}],"wp:attachment":[{"href":"https:\/\/brandss.com.py\/index\/wp-json\/wp\/v2\/media?parent=72486"}],"wp:term":[{"taxonomy":"product_brand","embeddable":true,"href":"https:\/\/brandss.com.py\/index\/wp-json\/wp\/v2\/product_brand?post=72486"},{"taxonomy":"product_cat","embeddable":true,"href":"https:\/\/brandss.com.py\/index\/wp-json\/wp\/v2\/product_cat?post=72486"},{"taxonomy":"product_tag","embeddable":true,"href":"https:\/\/brandss.com.py\/index\/wp-json\/wp\/v2\/product_tag?post=72486"}],"curies":[{"name":"wp","href":"https:\/\/api.w.org\/{rel}","templated":true}]}}