{"id":72766,"date":"2025-02-22T14:38:10","date_gmt":"2025-02-22T14:38:10","guid":{"rendered":"https:\/\/brandss.com.py\/index\/?post_type=product&#038;p=72766"},"modified":"2025-02-22T14:38:27","modified_gmt":"2025-02-22T14:38:27","slug":"shorts-casual-masculino-diadora-core-light-middle","status":"publish","type":"product","link":"https:\/\/brandss.com.py\/index\/producto\/shorts-casual-masculino-diadora-core-light-middle\/","title":{"rendered":"SHORTS CASUAL MASCULINO DIADORA CORE LIGHT-MIDDLE"},"content":{"rendered":"<p><img loading=\"lazy\" decoding=\"async\" class=\"\" src=\"https:\/\/cdn.worldvectorlogo.com\/logos\/diadora-2.svg\" alt=\"Diadora Logotipo Vector - Descarga Gratis SVG | Worldvectorlogo\" width=\"171\" height=\"171\" \/><\/p>\n<h1>102.179760-D0211<\/h1>\n<p data-start=\"73\" data-end=\"422\">Son la prenda perfecta para quienes buscan confort y estilo en su d\u00eda a d\u00eda. Confeccionados en algod\u00f3n puro, ofrecen una sensaci\u00f3n suave y transpirable, ideal para cualquier actividad. Su dise\u00f1o cl\u00e1sico y vers\u00e1til los hace adecuados tanto para entrenamientos ligeros como para un look casual relajado.<\/p>\n<h3 data-start=\"424\" data-end=\"450\"><strong data-start=\"428\" data-end=\"448\">Caracter\u00edsticas:<\/strong><\/h3>\n<ul data-start=\"451\" data-end=\"866\">\n<li data-start=\"451\" data-end=\"473\"><strong data-start=\"453\" data-end=\"463\">Marca:<\/strong> Diadora<\/li>\n<li data-start=\"474\" data-end=\"504\"><strong data-start=\"476\" data-end=\"485\">Tipo:<\/strong> Shorts Masculino<\/li>\n<li data-start=\"505\" data-end=\"558\"><strong data-start=\"507\" data-end=\"520\">Material:<\/strong> 100% Algod\u00f3n \u2013 suave y transpirable<\/li>\n<li data-start=\"559\" data-end=\"607\"><strong data-start=\"561\" data-end=\"572\">Dise\u00f1o:<\/strong> Corte c\u00f3modo con ajuste relajado<\/li>\n<li data-start=\"608\" data-end=\"654\"><strong data-start=\"610\" data-end=\"622\">Cintura:<\/strong> El\u00e1stica con cord\u00f3n ajustable<\/li>\n<li data-start=\"655\" data-end=\"695\"><strong data-start=\"657\" data-end=\"671\">Bolsillos:<\/strong> Laterales funcionales<\/li>\n<li data-start=\"696\" data-end=\"737\"><strong data-start=\"698\" data-end=\"708\">Color:<\/strong> Disponible en varios tonos<\/li>\n<li data-start=\"738\" data-end=\"821\"><strong data-start=\"740\" data-end=\"760\">Uso recomendado:<\/strong> Deportes, gimnasio, actividades al aire libre y uso diario<\/li>\n<li data-start=\"822\" data-end=\"866\"><strong data-start=\"824\" data-end=\"835\">Estilo:<\/strong> Casual, deportivo y vers\u00e1til<\/li>\n<\/ul>\n<h3 data-start=\"868\" data-end=\"903\"><strong data-start=\"872\" data-end=\"901\">Instrucciones de Cuidado:<\/strong><\/h3>\n<p data-start=\"904\" data-end=\"1114\">\u2714 Lavar a m\u00e1quina con ciclo normal a 30\u00b0C o a mano<br data-start=\"954\" data-end=\"957\" \/>\u2714 No usar blanqueador<br data-start=\"978\" data-end=\"981\" \/>\u2714 No lavar en seco<br data-start=\"999\" data-end=\"1002\" \/>\u2714 No secar en secadora<br data-start=\"1024\" data-end=\"1027\" \/>\u2714 Secar en posici\u00f3n horizontal a la sombra<br data-start=\"1069\" data-end=\"1072\" \/>\u2714 Planchar a temperatura m\u00e1xima de 110\u00b0C<\/p>\n<h3 data-start=\"1116\" data-end=\"1145\"><strong data-start=\"1120\" data-end=\"1143\">El paquete incluye:<\/strong><\/h3>\n<p data-start=\"1146\" data-end=\"1181\">\u2714 1 x Shorts Diadora 100% Algod\u00f3n<\/p>\n<p data-start=\"1183\" data-end=\"1288\"><strong data-start=\"1183\" data-end=\"1204\">Tipo de producto:<\/strong> Shorts masculinos deportivos y casuales, ideales para entrenamiento y uso diario.<\/p>\n","protected":false},"excerpt":{"rendered":"<p>102.179760-D0211 Son la prenda perfecta para quienes buscan confort y estilo en su d\u00eda a d\u00eda. Confeccionados en algod\u00f3n puro,<\/p>\n","protected":false},"featured_media":72775,"comment_status":"open","ping_status":"closed","template":"","meta":{"nf_dc_page":""},"product_brand":[],"product_cat":[76],"product_tag":[],"class_list":{"0":"post-72766","1":"product","2":"type-product","3":"status-publish","4":"has-post-thumbnail","6":"product_cat-masculino","8":"first","9":"instock","10":"shipping-taxable","11":"purchasable","12":"product-type-simple"},"_links":{"self":[{"href":"https:\/\/brandss.com.py\/index\/wp-json\/wp\/v2\/product\/72766","targetHints":{"allow":["GET"]}}],"collection":[{"href":"https:\/\/brandss.com.py\/index\/wp-json\/wp\/v2\/product"}],"about":[{"href":"https:\/\/brandss.com.py\/index\/wp-json\/wp\/v2\/types\/product"}],"replies":[{"embeddable":true,"href":"https:\/\/brandss.com.py\/index\/wp-json\/wp\/v2\/comments?post=72766"}],"version-history":[{"count":1,"href":"https:\/\/brandss.com.py\/index\/wp-json\/wp\/v2\/product\/72766\/revisions"}],"predecessor-version":[{"id":72776,"href":"https:\/\/brandss.com.py\/index\/wp-json\/wp\/v2\/product\/72766\/revisions\/72776"}],"wp:featuredmedia":[{"embeddable":true,"href":"https:\/\/brandss.com.py\/index\/wp-json\/wp\/v2\/media\/72775"}],"wp:attachment":[{"href":"https:\/\/brandss.com.py\/index\/wp-json\/wp\/v2\/media?parent=72766"}],"wp:term":[{"taxonomy":"product_brand","embeddable":true,"href":"https:\/\/brandss.com.py\/index\/wp-json\/wp\/v2\/product_brand?post=72766"},{"taxonomy":"product_cat","embeddable":true,"href":"https:\/\/brandss.com.py\/index\/wp-json\/wp\/v2\/product_cat?post=72766"},{"taxonomy":"product_tag","embeddable":true,"href":"https:\/\/brandss.com.py\/index\/wp-json\/wp\/v2\/product_tag?post=72766"}],"curies":[{"name":"wp","href":"https:\/\/api.w.org\/{rel}","templated":true}]}}