{"id":72785,"date":"2025-02-22T14:55:33","date_gmt":"2025-02-22T14:55:33","guid":{"rendered":"https:\/\/brandss.com.py\/index\/?post_type=product&#038;p=72785"},"modified":"2025-02-22T14:56:14","modified_gmt":"2025-02-22T14:56:14","slug":"camiseta-deportivo-masculino-diadora-t-shirt-ss-run-l","status":"publish","type":"product","link":"https:\/\/brandss.com.py\/index\/producto\/camiseta-deportivo-masculino-diadora-t-shirt-ss-run-l\/","title":{"rendered":"CAMISETA DEPORTIVO MASCULINO DIADORA T-SHIRT-SS-RUN-L"},"content":{"rendered":"<p><img loading=\"lazy\" decoding=\"async\" class=\"\" src=\"https:\/\/cdn.worldvectorlogo.com\/logos\/diadora-2.svg\" alt=\"Diadora Logotipo Vector - Descarga Gratis SVG | Worldvectorlogo\" width=\"190\" height=\"190\" \/><\/p>\n<h1>102.180177-6515-L<\/h1>\n<p data-start=\"81\" data-end=\"387\">Es la opci\u00f3n ideal para quienes buscan una prenda c\u00f3moda, ligera y con un dise\u00f1o moderno. Fabricada con materiales de alta calidad, ofrece transpirabilidad y libertad de movimiento, perfecta tanto para entrenamientos como para un look casual y deportivo.<\/p>\n<h3 data-start=\"389\" data-end=\"415\"><strong data-start=\"393\" data-end=\"413\">Caracter\u00edsticas:<\/strong><\/h3>\n<ul data-start=\"416\" data-end=\"829\">\n<li data-start=\"416\" data-end=\"438\"><strong data-start=\"418\" data-end=\"428\">Marca:<\/strong> Diadora<\/li>\n<li data-start=\"439\" data-end=\"472\"><strong data-start=\"441\" data-end=\"452\">Modelo:<\/strong> SS-T-SHIRT-RUND-D<\/li>\n<li data-start=\"473\" data-end=\"503\"><strong data-start=\"475\" data-end=\"484\">Tipo:<\/strong> Remera Masculina<\/li>\n<li data-start=\"504\" data-end=\"557\"><strong data-start=\"506\" data-end=\"519\">Material:<\/strong> 100% Algod\u00f3n \u2013 suave y transpirable<\/li>\n<li data-start=\"558\" data-end=\"581\"><strong data-start=\"560\" data-end=\"571\">Cuello:<\/strong> Redondo<\/li>\n<li data-start=\"582\" data-end=\"604\"><strong data-start=\"584\" data-end=\"595\">Mangas:<\/strong> Cortas<\/li>\n<li data-start=\"605\" data-end=\"657\"><strong data-start=\"607\" data-end=\"618\">Dise\u00f1o:<\/strong> Cl\u00e1sico con logo Diadora en el pecho<\/li>\n<li data-start=\"658\" data-end=\"699\"><strong data-start=\"660\" data-end=\"670\">Color:<\/strong> Disponible en varios tonos<\/li>\n<li data-start=\"700\" data-end=\"783\"><strong data-start=\"702\" data-end=\"722\">Uso recomendado:<\/strong> Deportes, gimnasio, actividades al aire libre y uso diario<\/li>\n<li data-start=\"784\" data-end=\"829\"><strong data-start=\"786\" data-end=\"797\">Estilo:<\/strong> Deportivo, moderno y vers\u00e1til<\/li>\n<\/ul>\n<h3 data-start=\"831\" data-end=\"866\"><strong data-start=\"835\" data-end=\"864\">Instrucciones de Cuidado:<\/strong><\/h3>\n<p data-start=\"867\" data-end=\"1077\">\u2714 Lavar a m\u00e1quina con ciclo normal a 30\u00b0C o a mano<br data-start=\"917\" data-end=\"920\" \/>\u2714 No usar blanqueador<br data-start=\"941\" data-end=\"944\" \/>\u2714 No lavar en seco<br data-start=\"962\" data-end=\"965\" \/>\u2714 No secar en secadora<br data-start=\"987\" data-end=\"990\" \/>\u2714 Secar en posici\u00f3n horizontal a la sombra<br data-start=\"1032\" data-end=\"1035\" \/>\u2714 Planchar a temperatura m\u00e1xima de 110\u00b0C<\/p>\n<h3 data-start=\"1079\" data-end=\"1108\"><strong data-start=\"1083\" data-end=\"1106\">El paquete incluye:<\/strong><\/h3>\n<p data-start=\"1109\" data-end=\"1149\">\u2714 1 x Remera Diadora SS-T-SHIRT-RUND-D<\/p>\n<p data-start=\"1151\" data-end=\"1250\"><strong data-start=\"1151\" data-end=\"1172\">Tipo de producto:<\/strong> Remera masculina deportiva y casual, ideal para entrenamiento y uso diario.<\/p>\n","protected":false},"excerpt":{"rendered":"<p>102.180177-6515-L Es la opci\u00f3n ideal para quienes buscan una prenda c\u00f3moda, ligera y con un dise\u00f1o moderno. Fabricada con materiales<\/p>\n","protected":false},"featured_media":72786,"comment_status":"open","ping_status":"closed","template":"","meta":{"nf_dc_page":""},"product_brand":[],"product_cat":[76],"product_tag":[],"class_list":{"0":"post-72785","1":"product","2":"type-product","3":"status-publish","4":"has-post-thumbnail","6":"product_cat-masculino","8":"first","9":"instock","10":"shipping-taxable","11":"purchasable","12":"product-type-simple"},"_links":{"self":[{"href":"https:\/\/brandss.com.py\/index\/wp-json\/wp\/v2\/product\/72785","targetHints":{"allow":["GET"]}}],"collection":[{"href":"https:\/\/brandss.com.py\/index\/wp-json\/wp\/v2\/product"}],"about":[{"href":"https:\/\/brandss.com.py\/index\/wp-json\/wp\/v2\/types\/product"}],"replies":[{"embeddable":true,"href":"https:\/\/brandss.com.py\/index\/wp-json\/wp\/v2\/comments?post=72785"}],"version-history":[{"count":1,"href":"https:\/\/brandss.com.py\/index\/wp-json\/wp\/v2\/product\/72785\/revisions"}],"predecessor-version":[{"id":72793,"href":"https:\/\/brandss.com.py\/index\/wp-json\/wp\/v2\/product\/72785\/revisions\/72793"}],"wp:featuredmedia":[{"embeddable":true,"href":"https:\/\/brandss.com.py\/index\/wp-json\/wp\/v2\/media\/72786"}],"wp:attachment":[{"href":"https:\/\/brandss.com.py\/index\/wp-json\/wp\/v2\/media?parent=72785"}],"wp:term":[{"taxonomy":"product_brand","embeddable":true,"href":"https:\/\/brandss.com.py\/index\/wp-json\/wp\/v2\/product_brand?post=72785"},{"taxonomy":"product_cat","embeddable":true,"href":"https:\/\/brandss.com.py\/index\/wp-json\/wp\/v2\/product_cat?post=72785"},{"taxonomy":"product_tag","embeddable":true,"href":"https:\/\/brandss.com.py\/index\/wp-json\/wp\/v2\/product_tag?post=72785"}],"curies":[{"name":"wp","href":"https:\/\/api.w.org\/{rel}","templated":true}]}}