{"id":72812,"date":"2025-02-22T16:39:39","date_gmt":"2025-02-22T16:39:39","guid":{"rendered":"https:\/\/brandss.com.py\/index\/?post_type=product&#038;p=72812"},"modified":"2025-02-22T16:40:11","modified_gmt":"2025-02-22T16:40:11","slug":"legging-deportivo-femenino-adidas-techfit-long-reflective-plus-size","status":"publish","type":"product","link":"https:\/\/brandss.com.py\/index\/producto\/legging-deportivo-femenino-adidas-techfit-long-reflective-plus-size\/","title":{"rendered":"LEGGING DEPORTIVO FEMENINO ADIDAS TECHFIT LONG REFLECTIVE PLUS SIZE"},"content":{"rendered":"<p><img loading=\"lazy\" decoding=\"async\" class=\"\" src=\"https:\/\/cdn.freebiesupply.com\/logos\/large\/2x\/adidas-logo.png\" alt=\"Adidas Logo PNG, Adidas Sports SVG\" width=\"149\" height=\"112\" \/><\/p>\n<h1>TECHFIT LONG REFLECTIVE PLUS SIZE<\/h1>\n<p><span>La resistencia cuenta cuando se trata de entrenar. Estas mallas adidas est\u00e1n dise\u00f1adas para durar mucho tiempo con un ajuste ce\u00f1ido que concentra la energ\u00eda de tus m\u00fasculos y se mueve contigo mientras te ejercitas. La cintura alta se ajusta a tu cuerpo para brindarte un soporte \u00f3ptimo. La tela AEROREADY que absorbe el sudor te mantiene c\u00f3modamente seca a medida que tu sesi\u00f3n se intensifica.<\/span><\/p>\n<ul>\n<li><span>Ajuste ajustado.<\/span><\/li>\n<li>Color: negro.<\/li>\n<li>Modelo: H16548.<\/li>\n<\/ul>\n","protected":false},"excerpt":{"rendered":"<p>TECHFIT LONG REFLECTIVE PLUS SIZE La resistencia cuenta cuando se trata de entrenar. Estas mallas adidas est\u00e1n dise\u00f1adas para durar<\/p>\n","protected":false},"featured_media":72826,"comment_status":"open","ping_status":"closed","template":"","meta":{"nf_dc_page":""},"product_brand":[],"product_cat":[73],"product_tag":[],"class_list":{"0":"post-72812","1":"product","2":"type-product","3":"status-publish","4":"has-post-thumbnail","6":"product_cat-femenino","8":"first","9":"instock","10":"shipping-taxable","11":"purchasable","12":"product-type-simple"},"_links":{"self":[{"href":"https:\/\/brandss.com.py\/index\/wp-json\/wp\/v2\/product\/72812","targetHints":{"allow":["GET"]}}],"collection":[{"href":"https:\/\/brandss.com.py\/index\/wp-json\/wp\/v2\/product"}],"about":[{"href":"https:\/\/brandss.com.py\/index\/wp-json\/wp\/v2\/types\/product"}],"replies":[{"embeddable":true,"href":"https:\/\/brandss.com.py\/index\/wp-json\/wp\/v2\/comments?post=72812"}],"version-history":[{"count":1,"href":"https:\/\/brandss.com.py\/index\/wp-json\/wp\/v2\/product\/72812\/revisions"}],"predecessor-version":[{"id":72832,"href":"https:\/\/brandss.com.py\/index\/wp-json\/wp\/v2\/product\/72812\/revisions\/72832"}],"wp:featuredmedia":[{"embeddable":true,"href":"https:\/\/brandss.com.py\/index\/wp-json\/wp\/v2\/media\/72826"}],"wp:attachment":[{"href":"https:\/\/brandss.com.py\/index\/wp-json\/wp\/v2\/media?parent=72812"}],"wp:term":[{"taxonomy":"product_brand","embeddable":true,"href":"https:\/\/brandss.com.py\/index\/wp-json\/wp\/v2\/product_brand?post=72812"},{"taxonomy":"product_cat","embeddable":true,"href":"https:\/\/brandss.com.py\/index\/wp-json\/wp\/v2\/product_cat?post=72812"},{"taxonomy":"product_tag","embeddable":true,"href":"https:\/\/brandss.com.py\/index\/wp-json\/wp\/v2\/product_tag?post=72812"}],"curies":[{"name":"wp","href":"https:\/\/api.w.org\/{rel}","templated":true}]}}