{"id":72833,"date":"2025-02-22T17:03:34","date_gmt":"2025-02-22T17:03:34","guid":{"rendered":"https:\/\/brandss.com.py\/index\/?post_type=product&#038;p=72833"},"modified":"2025-02-22T17:03:34","modified_gmt":"2025-02-22T17:03:34","slug":"top-deportivo-femenino-fila-training-perfoma-skin","status":"publish","type":"product","link":"https:\/\/brandss.com.py\/index\/producto\/top-deportivo-femenino-fila-training-perfoma-skin\/","title":{"rendered":"TOP DEPORTIVO FEMENINO FILA TRAINING PERFOMA SKIN"},"content":{"rendered":"<p data-start=\"40\" data-end=\"132\"><strong data-start=\"40\" data-end=\"132\">Top Femenino Fila Training Performa Skin<\/strong><\/p>\n<p data-start=\"134\" data-end=\"570\">El <strong data-start=\"137\" data-end=\"184\">Top Femenino Fila Training Performa Skin<\/strong>\u00a0est\u00e1 dise\u00f1ado para ofrecer soporte y confort durante tus actividades f\u00edsicas. Confeccionado en malla de poliamida el\u00e1stica con efecto canal\u00e9 y brillo, este top se adapta perfectamente al cuerpo, proporcionando una sensaci\u00f3n de segunda piel ideal para ejercicios de alto rendimiento. Su dise\u00f1o de tirantes anchos y espalda de nadador garantiza libertad de movimiento y un ajuste seguro.<\/p>\n<h3 data-start=\"572\" data-end=\"592\">Caracter\u00edsticas:<\/h3>\n<ul data-start=\"593\" data-end=\"1358\">\n<li data-start=\"593\" data-end=\"610\"><strong data-start=\"595\" data-end=\"605\">Marca:<\/strong> Fila<\/li>\n<li data-start=\"611\" data-end=\"668\"><strong data-start=\"613\" data-end=\"624\">Modelo:<\/strong> Training Performa Skin (F12AT00837 1530)<\/li>\n<li data-start=\"669\" data-end=\"703\"><strong data-start=\"671\" data-end=\"680\">Tipo:<\/strong> Top Deportivo Femenino<\/li>\n<li data-start=\"704\" data-end=\"774\"><strong data-start=\"706\" data-end=\"719\">Material:<\/strong> Malla de poliamida el\u00e1stica con efecto canal\u00e9 y brillo<\/li>\n<li data-start=\"775\" data-end=\"846\"><strong data-start=\"777\" data-end=\"788\">Dise\u00f1o:<\/strong> Tirantes anchos y espalda de nadador para mayor movilidad<\/li>\n<li data-start=\"847\" data-end=\"864\"><strong data-start=\"849\" data-end=\"859\">Color:<\/strong> Rosa<\/li>\n<li data-start=\"865\" data-end=\"1199\"><strong data-start=\"867\" data-end=\"883\">Tecnolog\u00edas:<\/strong>\n<ul data-start=\"886\" data-end=\"1199\">\n<li data-start=\"886\" data-end=\"1003\"><strong data-start=\"888\" data-end=\"901\">PERFORMA:<\/strong> Proporciona compresi\u00f3n adecuada para libertad de movimiento y rendimiento \u00f3ptimo sin perder comodidad<\/li>\n<li data-start=\"1006\" data-end=\"1117\"><strong data-start=\"1008\" data-end=\"1017\">FLOW:<\/strong> Facilita un secado r\u00e1pido, manteniendo el cuerpo a la temperatura ideal durante la actividad f\u00edsica<\/li>\n<li data-start=\"1120\" data-end=\"1199\"><strong data-start=\"1122\" data-end=\"1140\">UV PROTECTION:<\/strong> Ofrece protecci\u00f3n solar SPF 50+ contra los rayos UVA y UVB<\/li>\n<\/ul>\n<\/li>\n<li data-start=\"1200\" data-end=\"1312\"><strong data-start=\"1202\" data-end=\"1222\">Uso recomendado:<\/strong> Entrenamientos de alto rendimiento, gimnasio, yoga y actividades deportivas al aire libre<\/li>\n<li data-start=\"1313\" data-end=\"1358\"><strong data-start=\"1315\" data-end=\"1326\">Estilo:<\/strong> Deportivo, elegante y funcional<\/li>\n<\/ul>\n<h3 data-start=\"1360\" data-end=\"1383\">El paquete incluye:<\/h3>\n<ul data-start=\"1384\" data-end=\"1451\">\n<li data-start=\"1384\" data-end=\"1424\">1 x Top Fila Training Performa Skin II<\/li>\n<\/ul>\n<p data-start=\"1453\" data-end=\"1559\"><strong data-start=\"1453\" data-end=\"1474\">Tipo de producto:<\/strong> Top deportivo femenino para entrenamiento y actividades f\u00edsicas de alto rendimiento.<\/p>\n","protected":false},"excerpt":{"rendered":"<p>Top Femenino Fila Training Performa Skin El Top Femenino Fila Training Performa Skin\u00a0est\u00e1 dise\u00f1ado para ofrecer soporte y confort durante<\/p>\n","protected":false},"featured_media":72853,"comment_status":"open","ping_status":"closed","template":"","meta":{"nf_dc_page":""},"product_brand":[],"product_cat":[73],"product_tag":[],"class_list":{"0":"post-72833","1":"product","2":"type-product","3":"status-publish","4":"has-post-thumbnail","6":"product_cat-femenino","8":"first","9":"instock","10":"shipping-taxable","11":"purchasable","12":"product-type-simple"},"_links":{"self":[{"href":"https:\/\/brandss.com.py\/index\/wp-json\/wp\/v2\/product\/72833","targetHints":{"allow":["GET"]}}],"collection":[{"href":"https:\/\/brandss.com.py\/index\/wp-json\/wp\/v2\/product"}],"about":[{"href":"https:\/\/brandss.com.py\/index\/wp-json\/wp\/v2\/types\/product"}],"replies":[{"embeddable":true,"href":"https:\/\/brandss.com.py\/index\/wp-json\/wp\/v2\/comments?post=72833"}],"version-history":[{"count":1,"href":"https:\/\/brandss.com.py\/index\/wp-json\/wp\/v2\/product\/72833\/revisions"}],"predecessor-version":[{"id":72859,"href":"https:\/\/brandss.com.py\/index\/wp-json\/wp\/v2\/product\/72833\/revisions\/72859"}],"wp:featuredmedia":[{"embeddable":true,"href":"https:\/\/brandss.com.py\/index\/wp-json\/wp\/v2\/media\/72853"}],"wp:attachment":[{"href":"https:\/\/brandss.com.py\/index\/wp-json\/wp\/v2\/media?parent=72833"}],"wp:term":[{"taxonomy":"product_brand","embeddable":true,"href":"https:\/\/brandss.com.py\/index\/wp-json\/wp\/v2\/product_brand?post=72833"},{"taxonomy":"product_cat","embeddable":true,"href":"https:\/\/brandss.com.py\/index\/wp-json\/wp\/v2\/product_cat?post=72833"},{"taxonomy":"product_tag","embeddable":true,"href":"https:\/\/brandss.com.py\/index\/wp-json\/wp\/v2\/product_tag?post=72833"}],"curies":[{"name":"wp","href":"https:\/\/api.w.org\/{rel}","templated":true}]}}