{"id":72941,"date":"2025-02-22T19:07:01","date_gmt":"2025-02-22T19:07:01","guid":{"rendered":"https:\/\/brandss.com.py\/index\/?post_type=product&#038;p=72941"},"modified":"2025-02-22T19:09:11","modified_gmt":"2025-02-22T19:09:11","slug":"short-deportivo-femenino-adidas-marimekko-marathon-20","status":"publish","type":"product","link":"https:\/\/brandss.com.py\/index\/producto\/short-deportivo-femenino-adidas-marimekko-marathon-20\/","title":{"rendered":"SHORT DEPORTIVO FEMENINO ADIDAS MARIMEKKO MARATHON 20"},"content":{"rendered":"<p><img loading=\"lazy\" decoding=\"async\" class=\"\" src=\"https:\/\/cdn.freebiesupply.com\/logos\/large\/2x\/adidas-logo.png\" alt=\"Adidas Logo PNG, Adidas Sports SVG\" width=\"133\" height=\"100\" \/><\/p>\n<h1>MARIMEKKO MARATHON 20<\/h1>\n<p><span>Llamativos pantalones cortos adidas con dise\u00f1o de Marimekko: justo lo que necesitas para sentirte genial con tus atuendos diarios. Los pantalones cortos est\u00e1n confeccionados con tejido sint\u00e9tico fabricado \u00edntegramente con materiales reciclados: esto es una prueba del compromiso de la marca adidas en la lucha por la protecci\u00f3n del medio ambiente. La cintura el\u00e1stica asegura un ajuste personalizado y los bolsillos laterales contendr\u00e1n los art\u00edculos peque\u00f1os m\u00e1s necesarios.<\/span><\/p>\n<ul>\n<li><span>Material: 100% poli\u00e9ster reciclado.<\/span><\/li>\n<li><span>Verde primario.<\/span><\/li>\n<li>Color: Red Pink.<\/li>\n<li>Modelo: H20476.<\/li>\n<\/ul>\n","protected":false},"excerpt":{"rendered":"<p>MARIMEKKO MARATHON 20 Llamativos pantalones cortos adidas con dise\u00f1o de Marimekko: justo lo que necesitas para sentirte genial con tus<\/p>\n","protected":false},"featured_media":72942,"comment_status":"open","ping_status":"closed","template":"","meta":{"nf_dc_page":""},"product_brand":[],"product_cat":[73],"product_tag":[],"class_list":{"0":"post-72941","1":"product","2":"type-product","3":"status-publish","4":"has-post-thumbnail","6":"product_cat-femenino","8":"first","9":"instock","10":"shipping-taxable","11":"purchasable","12":"product-type-simple"},"_links":{"self":[{"href":"https:\/\/brandss.com.py\/index\/wp-json\/wp\/v2\/product\/72941","targetHints":{"allow":["GET"]}}],"collection":[{"href":"https:\/\/brandss.com.py\/index\/wp-json\/wp\/v2\/product"}],"about":[{"href":"https:\/\/brandss.com.py\/index\/wp-json\/wp\/v2\/types\/product"}],"replies":[{"embeddable":true,"href":"https:\/\/brandss.com.py\/index\/wp-json\/wp\/v2\/comments?post=72941"}],"version-history":[{"count":1,"href":"https:\/\/brandss.com.py\/index\/wp-json\/wp\/v2\/product\/72941\/revisions"}],"predecessor-version":[{"id":72947,"href":"https:\/\/brandss.com.py\/index\/wp-json\/wp\/v2\/product\/72941\/revisions\/72947"}],"wp:featuredmedia":[{"embeddable":true,"href":"https:\/\/brandss.com.py\/index\/wp-json\/wp\/v2\/media\/72942"}],"wp:attachment":[{"href":"https:\/\/brandss.com.py\/index\/wp-json\/wp\/v2\/media?parent=72941"}],"wp:term":[{"taxonomy":"product_brand","embeddable":true,"href":"https:\/\/brandss.com.py\/index\/wp-json\/wp\/v2\/product_brand?post=72941"},{"taxonomy":"product_cat","embeddable":true,"href":"https:\/\/brandss.com.py\/index\/wp-json\/wp\/v2\/product_cat?post=72941"},{"taxonomy":"product_tag","embeddable":true,"href":"https:\/\/brandss.com.py\/index\/wp-json\/wp\/v2\/product_tag?post=72941"}],"curies":[{"name":"wp","href":"https:\/\/api.w.org\/{rel}","templated":true}]}}