{"id":72969,"date":"2025-02-24T16:58:49","date_gmt":"2025-02-24T16:58:49","guid":{"rendered":"https:\/\/brandss.com.py\/index\/?post_type=product&#038;p=72969"},"modified":"2025-02-24T16:59:21","modified_gmt":"2025-02-24T16:59:21","slug":"short-deportivo-femenino-adidas-adicolor-shattered-trefoil","status":"publish","type":"product","link":"https:\/\/brandss.com.py\/index\/producto\/short-deportivo-femenino-adidas-adicolor-shattered-trefoil\/","title":{"rendered":"SHORT DEPORTIVO FEMENINO ADIDAS ADICOLOR SHATTERED TREFOIL"},"content":{"rendered":"<p><img loading=\"lazy\" decoding=\"async\" class=\"\" src=\"https:\/\/cdn.freebiesupply.com\/logos\/large\/2x\/adidas-logo.png\" alt=\"Adidas Logo PNG, Adidas Sports SVG\" width=\"130\" height=\"98\" \/><\/p>\n<h1>ADICOLOR SHATTERED TREFOIL<\/h1>\n<h3 class=\"subtitle___9ljbp\"><span>Dise\u00f1o casual que reinventa el ic\u00f3nico logotipo del tr\u00e9bol.<\/span><\/h3>\n<p class=\"gl-vspace\"><span>Los pantalones cortos significan ocio. En d\u00edas ocupados, d\u00edas tranquilos o cualquier d\u00eda. Estos pantalones cortos adidas mantienen un estilo discreto. Ya sea que tengas prisa por cumplir con tus citas o salgas a tomar un caf\u00e9 helado en la ciudad, disfruta de la sensaci\u00f3n del algod\u00f3n suave y el sol en tu piel. Al comprar nuestros productos de algod\u00f3n, est\u00e1s apoyando un cultivo m\u00e1s sostenible de esta materia prima.<\/span><\/p>\n<p>&nbsp;<\/p>\n<div class=\"accordion__header-text___2o9Im\">\n<h2 class=\"accordion-title___2sTgR\"><span>Cuidado<\/span><\/h2>\n<\/div>\n<div class=\"accordion__header-icon___2FuRa\"><\/div>\n<div class=\"accordion__content___29x9h\">\n<div class=\"content-padding___2kVWQ\">\n<div class=\"care___2GwB4\" data-auto-id=\"pdp-content-care\">\n<div class=\"care-instructions___3scEd\">\n<h4 class=\"care-title___2YJe1 gl-no-margin-bottom\">Instrucciones de lavado<\/h4>\n<ul>\n<li class=\"gl-vspace-bpall-small\"><img loading=\"lazy\" decoding=\"async\" src=\"https:\/\/www.adidas.com.br\/glass\/react\/0ca7856\/assets\/img\/washing-instructions\/B1.svg\" alt=\"\" width=\"24\" height=\"24\" \/>No usa blanqueador<\/li>\n<li class=\"gl-vspace-bpall-small\"><img loading=\"lazy\" decoding=\"async\" src=\"https:\/\/www.adidas.com.br\/glass\/react\/0ca7856\/assets\/img\/washing-instructions\/C2.svg\" alt=\"\" width=\"24\" height=\"24\" \/>Utilice una secadora a baja temperatura.<\/li>\n<li class=\"gl-vspace-bpall-small\"><img loading=\"lazy\" decoding=\"async\" src=\"https:\/\/www.adidas.com.br\/glass\/react\/0ca7856\/assets\/img\/washing-instructions\/E1.svg\" alt=\"\" width=\"24\" height=\"24\" \/>No lavar en seco<\/li>\n<li class=\"gl-vspace-bpall-small\"><img loading=\"lazy\" decoding=\"async\" src=\"https:\/\/www.adidas.com.br\/glass\/react\/0ca7856\/assets\/img\/washing-instructions\/D3.svg\" alt=\"\" width=\"24\" height=\"24\" \/>Planchar a temperatura media<\/li>\n<li class=\"gl-vspace-bpall-small\"><img loading=\"lazy\" decoding=\"async\" src=\"https:\/\/www.adidas.com.br\/glass\/react\/0ca7856\/assets\/img\/washing-instructions\/A4.svg\" alt=\"\" width=\"24\" height=\"24\" \/>Lavar a m\u00e1quina en ciclo delicado.<\/li>\n<\/ul>\n<\/div>\n<div class=\"extra-instructions___2TR8b\">\n<h4 class=\"care-title___2YJe1 gl-no-margin-bottom\">Informaci\u00f3n adicional sobre cuidados<\/h4>\n<ul class=\"gl-list margin___QweXS\">\n<li class=\"gl-vspace-bpall-small\">Utilice \u00fanicamente jab\u00f3n suave<\/li>\n<li class=\"gl-vspace-bpall-small\">Lavar los colores oscuros por separado<\/li>\n<li class=\"gl-vspace-bpall-small\">Lavar y planchar del rev\u00e9s.<\/li>\n<li class=\"gl-vspace-bpall-small\">No planchar la impresi\u00f3n<\/li>\n<li class=\"gl-vspace-bpall-small\">No planchar la impresi\u00f3n<\/li>\n<\/ul>\n<div class=\"accordion__header-text___2o9Im\">\n<h2 class=\"accordion-title___2sTgR\"><span>Detalles<\/span><\/h2>\n<\/div>\n<div class=\"accordion__header-icon___2FuRa\"><\/div>\n<div class=\"accordion__content___29x9h\">\n<div class=\"content-padding___2kVWQ\">\n<div>\n<div class=\"bullets___3bsSs\" data-auto-id=\"specifications-section\" data-testid=\"specifications-section\">\n<ul class=\"gl-list\">\n<li class=\"gl-vspace-bpall-small\"><span>Ajuste holgado.<\/span><\/li>\n<li class=\"gl-vspace-bpall-small\"><span>Cord\u00f3n en la cintura el\u00e1stica.<\/span><\/li>\n<li class=\"gl-vspace-bpall-small\"><span>Exterior y forro: Tejido liso 100% algod\u00f3n.<\/span><\/li>\n<li class=\"gl-vspace-bpall-small\"><span>Bolsillos laterales.<\/span><\/li>\n<li class=\"gl-vspace-bpall-small\"><span>malla simple.<\/span><\/li>\n<li class=\"gl-vspace-bpall-small\"><span>Iniciativa para un mejor algod\u00f3n.<\/span><\/li>\n<li class=\"gl-vspace-bpall-small\"><span>Color: Cielo ambiental.<\/span><\/li>\n<li class=\"gl-vspace-bpall-small\"><span>Modelo: H22848.<\/span><\/li>\n<\/ul>\n<\/div>\n<\/div>\n<\/div>\n<\/div>\n<\/div>\n<\/div>\n<\/div>\n<\/div>\n","protected":false},"excerpt":{"rendered":"<p>ADICOLOR SHATTERED TREFOIL Dise\u00f1o casual que reinventa el ic\u00f3nico logotipo del tr\u00e9bol. Los pantalones cortos significan ocio. En d\u00edas ocupados,<\/p>\n","protected":false},"featured_media":72970,"comment_status":"open","ping_status":"closed","template":"","meta":{"nf_dc_page":""},"product_brand":[],"product_cat":[73],"product_tag":[],"class_list":{"0":"post-72969","1":"product","2":"type-product","3":"status-publish","4":"has-post-thumbnail","6":"product_cat-femenino","8":"first","9":"instock","10":"shipping-taxable","11":"purchasable","12":"product-type-simple"},"_links":{"self":[{"href":"https:\/\/brandss.com.py\/index\/wp-json\/wp\/v2\/product\/72969","targetHints":{"allow":["GET"]}}],"collection":[{"href":"https:\/\/brandss.com.py\/index\/wp-json\/wp\/v2\/product"}],"about":[{"href":"https:\/\/brandss.com.py\/index\/wp-json\/wp\/v2\/types\/product"}],"replies":[{"embeddable":true,"href":"https:\/\/brandss.com.py\/index\/wp-json\/wp\/v2\/comments?post=72969"}],"version-history":[{"count":1,"href":"https:\/\/brandss.com.py\/index\/wp-json\/wp\/v2\/product\/72969\/revisions"}],"predecessor-version":[{"id":72977,"href":"https:\/\/brandss.com.py\/index\/wp-json\/wp\/v2\/product\/72969\/revisions\/72977"}],"wp:featuredmedia":[{"embeddable":true,"href":"https:\/\/brandss.com.py\/index\/wp-json\/wp\/v2\/media\/72970"}],"wp:attachment":[{"href":"https:\/\/brandss.com.py\/index\/wp-json\/wp\/v2\/media?parent=72969"}],"wp:term":[{"taxonomy":"product_brand","embeddable":true,"href":"https:\/\/brandss.com.py\/index\/wp-json\/wp\/v2\/product_brand?post=72969"},{"taxonomy":"product_cat","embeddable":true,"href":"https:\/\/brandss.com.py\/index\/wp-json\/wp\/v2\/product_cat?post=72969"},{"taxonomy":"product_tag","embeddable":true,"href":"https:\/\/brandss.com.py\/index\/wp-json\/wp\/v2\/product_tag?post=72969"}],"curies":[{"name":"wp","href":"https:\/\/api.w.org\/{rel}","templated":true}]}}