{"id":72986,"date":"2025-02-24T17:38:25","date_gmt":"2025-02-24T17:38:25","guid":{"rendered":"https:\/\/brandss.com.py\/index\/?post_type=product&#038;p=72986"},"modified":"2025-02-24T17:38:59","modified_gmt":"2025-02-24T17:38:59","slug":"chaqueta-deportivo-femenino-adidas-adicolor-classics-disrupted-icon","status":"publish","type":"product","link":"https:\/\/brandss.com.py\/index\/producto\/chaqueta-deportivo-femenino-adidas-adicolor-classics-disrupted-icon\/","title":{"rendered":"CHAQUETA DEPORTIVO FEMENINO ADIDAS ADICOLOR CLASSICS DISRUPTED ICON"},"content":{"rendered":"<p><img loading=\"lazy\" decoding=\"async\" class=\"\" src=\"https:\/\/cdn.freebiesupply.com\/logos\/large\/2x\/adidas-logo.png\" alt=\"Adidas Logo PNG, Adidas Sports SVG\" width=\"177\" height=\"133\" \/><\/p>\n<h1>ADICOLOR CLASSICS DISRUPTED ICON<\/h1>\n<h3 class=\"subtitle___9ljbp\"><span>Una versi\u00f3n renovada de la cl\u00e1sica chaqueta deportiva.<\/span><\/h3>\n<p class=\"gl-vspace\"><span>Esta chaqueta deportiva puede ser la mejor manera de levantarse el \u00e1nimo o una gran excusa para darse un capricho. Nosotros la llamamos ambas cosas. Pon\u00e9rsela cambia de humor al instante. Tiene la dosis perfecta de dramatismo, con cuello alto y corte relajado acentuado por un dobladillo y pu\u00f1os el\u00e1sticos ajustados. Los detalles caracter\u00edsticos de adidas se destacan por todas partes para darle un toque de estilo. Este producto est\u00e1 fabricado con Primegreen, una serie de materiales reciclados de alto rendimiento.<\/span><\/p>\n<div class=\"accordion__header-text___2o9Im\">\n<h2 class=\"accordion-title___2sTgR\"><span>Cuidado<\/span><\/h2>\n<\/div>\n<div class=\"accordion__header-icon___2FuRa\"><\/div>\n<div class=\"accordion__content___29x9h\">\n<div class=\"content-padding___2kVWQ\">\n<div class=\"care___2GwB4\" data-auto-id=\"pdp-content-care\">\n<div class=\"care-instructions___3scEd\">\n<h4 class=\"care-title___2YJe1 gl-no-margin-bottom\">Instrucciones de lavado<\/h4>\n<ul>\n<li class=\"gl-vspace-bpall-small\"><img loading=\"lazy\" decoding=\"async\" src=\"https:\/\/www.adidas.com.my\/glass\/react\/0ca7856\/assets\/img\/washing-instructions\/B1.svg\" alt=\"\" width=\"24\" height=\"24\" \/>No usa blanqueador<\/li>\n<li class=\"gl-vspace-bpall-small\"><img loading=\"lazy\" decoding=\"async\" src=\"https:\/\/www.adidas.com.my\/glass\/react\/0ca7856\/assets\/img\/washing-instructions\/C2.svg\" alt=\"\" width=\"24\" height=\"24\" \/>Secar en secadora a temperatura baja<\/li>\n<li class=\"gl-vspace-bpall-small\"><img loading=\"lazy\" decoding=\"async\" src=\"https:\/\/www.adidas.com.my\/glass\/react\/0ca7856\/assets\/img\/washing-instructions\/E1.svg\" alt=\"\" width=\"24\" height=\"24\" \/>No lavar en seco<\/li>\n<li class=\"gl-vspace-bpall-small\"><img loading=\"lazy\" decoding=\"async\" src=\"https:\/\/www.adidas.com.my\/glass\/react\/0ca7856\/assets\/img\/washing-instructions\/D2.svg\" alt=\"\" width=\"24\" height=\"24\" \/>Retocar con plancha fr\u00eda<\/li>\n<li class=\"gl-vspace-bpall-small\"><img loading=\"lazy\" decoding=\"async\" src=\"https:\/\/www.adidas.com.my\/glass\/react\/0ca7856\/assets\/img\/washing-instructions\/A3.svg\" alt=\"\" width=\"24\" height=\"24\" \/>Lavar a m\u00e1quina con agua fr\u00eda<\/li>\n<\/ul>\n<\/div>\n<div class=\"extra-instructions___2TR8b\">\n<h4 class=\"care-title___2YJe1 gl-no-margin-bottom\">Informaci\u00f3n de cuidados adicionales<\/h4>\n<ul class=\"gl-list margin___QweXS\">\n<li class=\"gl-vspace-bpall-small\">No utilice suavizante de telas.<\/li>\n<li class=\"gl-vspace-bpall-small\">Lavar por el rev\u00e9s<\/li>\n<li class=\"gl-vspace-bpall-small\">Utilice \u00fanicamente detergente suave<\/li>\n<li class=\"gl-vspace-bpall-small\">Lavar los colores oscuros por separado<\/li>\n<li class=\"gl-vspace-bpall-small\">Lavar con los cierres cerrados<\/li>\n<\/ul>\n<div class=\"accordion__header-text___2o9Im\">\n<h2 class=\"accordion-title___2sTgR\">Caracter\u00edsticas<\/h2>\n<\/div>\n<div class=\"accordion__header-icon___2FuRa\"><\/div>\n<div class=\"accordion__content___29x9h\">\n<div class=\"content-padding___2kVWQ\">\n<div class=\"features-section___1pumR\">\n<div class=\"item___1X-1_\"><img loading=\"lazy\" decoding=\"async\" class=\"img_with_fallback___2aHBu feature-icon___3S9eQ\" src=\"https:\/\/brand.assets.adidas.com\/image\/upload\/loose_fit_608342de44.png\" alt=\"\" width=\"200\" height=\"200\" data-auto-id=\"image\" \/><\/p>\n<p class=\"feature-icon-text___3Owgv\">Ajuste holgado<\/p>\n<\/div>\n<div class=\"item___1X-1_\"><img loading=\"lazy\" decoding=\"async\" class=\"img_with_fallback___2aHBu feature-icon___3S9eQ\" src=\"https:\/\/brand.assets.adidas.com\/image\/upload\/activity_everyday_d1c6a09b6a.png\" alt=\"\" width=\"200\" height=\"200\" data-auto-id=\"image\" \/><\/p>\n<p class=\"feature-icon-text___3Owgv\">Actividad cotidiana<\/p>\n<h2 class=\"accordion-title___2sTgR\">Detalles<\/h2>\n<\/div>\n<\/div>\n<div>\n<div class=\"bullets___3bsSs\" data-auto-id=\"specifications-section\" data-testid=\"specifications-section\">\n<ul class=\"gl-list\">\n<li class=\"gl-vspace-bpall-small\">Ajuste relajado.<\/li>\n<li class=\"gl-vspace-bpall-small\">Cremallera completa con cuello alto.<\/li>\n<li class=\"gl-vspace-bpall-small\">Exterior: tejido liso 100 % nailon reciclado.<\/li>\n<li class=\"gl-vspace-bpall-small\">Forro: malla 100% poli\u00e9ster reciclado.<\/li>\n<li class=\"gl-vspace-bpall-small\">Bolsillos delanteros con solapa.<\/li>\n<li class=\"gl-vspace-bpall-small\">Pu\u00f1os y dobladillo el\u00e1sticos.<\/li>\n<li class=\"gl-vspace-bpall-small\">Tejido liso, malla.<\/li>\n<li class=\"gl-vspace-bpall-small\">Verde primario.<\/li>\n<li class=\"gl-vspace-bpall-small\">Color: Negro.<\/li>\n<li class=\"gl-vspace-bpall-small\">Modelo: H22875.<\/li>\n<\/ul>\n<\/div>\n<\/div>\n<\/div>\n<\/div>\n<\/div>\n<\/div>\n<\/div>\n<\/div>\n","protected":false},"excerpt":{"rendered":"<p>ADICOLOR CLASSICS DISRUPTED ICON Una versi\u00f3n renovada de la cl\u00e1sica chaqueta deportiva. Esta chaqueta deportiva puede ser la mejor manera<\/p>\n","protected":false},"featured_media":72987,"comment_status":"open","ping_status":"closed","template":"","meta":{"nf_dc_page":""},"product_brand":[],"product_cat":[73],"product_tag":[],"class_list":{"0":"post-72986","1":"product","2":"type-product","3":"status-publish","4":"has-post-thumbnail","6":"product_cat-femenino","8":"first","9":"instock","10":"shipping-taxable","11":"purchasable","12":"product-type-simple"},"_links":{"self":[{"href":"https:\/\/brandss.com.py\/index\/wp-json\/wp\/v2\/product\/72986","targetHints":{"allow":["GET"]}}],"collection":[{"href":"https:\/\/brandss.com.py\/index\/wp-json\/wp\/v2\/product"}],"about":[{"href":"https:\/\/brandss.com.py\/index\/wp-json\/wp\/v2\/types\/product"}],"replies":[{"embeddable":true,"href":"https:\/\/brandss.com.py\/index\/wp-json\/wp\/v2\/comments?post=72986"}],"version-history":[{"count":1,"href":"https:\/\/brandss.com.py\/index\/wp-json\/wp\/v2\/product\/72986\/revisions"}],"predecessor-version":[{"id":72993,"href":"https:\/\/brandss.com.py\/index\/wp-json\/wp\/v2\/product\/72986\/revisions\/72993"}],"wp:featuredmedia":[{"embeddable":true,"href":"https:\/\/brandss.com.py\/index\/wp-json\/wp\/v2\/media\/72987"}],"wp:attachment":[{"href":"https:\/\/brandss.com.py\/index\/wp-json\/wp\/v2\/media?parent=72986"}],"wp:term":[{"taxonomy":"product_brand","embeddable":true,"href":"https:\/\/brandss.com.py\/index\/wp-json\/wp\/v2\/product_brand?post=72986"},{"taxonomy":"product_cat","embeddable":true,"href":"https:\/\/brandss.com.py\/index\/wp-json\/wp\/v2\/product_cat?post=72986"},{"taxonomy":"product_tag","embeddable":true,"href":"https:\/\/brandss.com.py\/index\/wp-json\/wp\/v2\/product_tag?post=72986"}],"curies":[{"name":"wp","href":"https:\/\/api.w.org\/{rel}","templated":true}]}}