{"id":73002,"date":"2025-02-24T18:07:54","date_gmt":"2025-02-24T18:07:54","guid":{"rendered":"https:\/\/brandss.com.py\/index\/?post_type=product&#038;p=73002"},"modified":"2025-02-24T18:08:44","modified_gmt":"2025-02-24T18:08:44","slug":"short-deportivo-femenino-adidas-marathon-20","status":"publish","type":"product","link":"https:\/\/brandss.com.py\/index\/producto\/short-deportivo-femenino-adidas-marathon-20\/","title":{"rendered":"SHORT DEPORTIVO FEMENINO ADIDAS MARATHON 20"},"content":{"rendered":"<p><img loading=\"lazy\" decoding=\"async\" class=\"\" src=\"https:\/\/cdn.freebiesupply.com\/logos\/large\/2x\/adidas-logo.png\" alt=\"Adidas Logo PNG, Adidas Sports SVG\" width=\"109\" height=\"82\" \/><\/p>\n<h1>MARATHON 20<\/h1>\n<h3 class=\"subtitle___9ljbp\"><span>Pantalones cortos para correr transpirables y dise\u00f1ados para durar.<\/span><\/h3>\n<p class=\"gl-vspace\"><span>Conoce la prenda deportiva m\u00e1s vers\u00e1til. Suaves y transpirables, estos pantalones cortos para correr de adidas son deportivos y muy c\u00f3modos. AEROREADY ayuda a mantener la humedad alejada de tu piel y a mantener tu mente concentrada en la carrera. Ahora est\u00e1s listo para todo.<\/span><\/p>\n<div class=\"highlight___3fa4r\">\n<div class=\"highlight-text___lgoJI\">\n<h3 class=\"highlight-text__headline___25B2G\"><span>Luce bien. Haz el bien.<\/span><\/h3>\n<p><span>Este producto est\u00e1 elaborado con contenido reciclado como parte de nuestra ambici\u00f3n de acabar con los residuos pl\u00e1sticos.<\/span><\/p>\n<\/div>\n<\/div>\n<div class=\"highlight___3fa4r\">\n<div class=\"highlight-text___lgoJI\">\n<h3 class=\"highlight-text__headline___25B2G\"><span>Mantente concentrado<\/span><\/h3>\n<p><span>Fabricada con materiales absorbentes de agua dise\u00f1ados para absorber la humedad de tu cuerpo, adidas AEROREADY te mantiene seco mientras te mueves.<\/span><\/p>\n<\/div>\n<\/div>\n<div class=\"highlight___3fa4r\">\n<div class=\"highlight-text___lgoJI\">\n<h3 class=\"highlight-text__headline___25B2G\">Reflectividad de 360 \u200b\u200bgrados<\/h3>\n<p>Los elementos reflectantes a\u00f1aden visibilidad de 360 \u200b\u200bgrados.<\/p>\n<div class=\"accordion__header-text___2o9Im\">\n<h2 class=\"accordion-title___2sTgR\">Cuidado<\/h2>\n<\/div>\n<div class=\"accordion__header-icon___2FuRa\"><\/div>\n<div class=\"accordion__content___29x9h\">\n<div class=\"content-padding___2kVWQ\">\n<div class=\"care___2GwB4\" data-auto-id=\"pdp-content-care\">\n<div class=\"care-instructions___3scEd\">\n<h4 class=\"care-title___2YJe1 gl-no-margin-bottom\">Instrucciones de lavado<\/h4>\n<ul>\n<li class=\"gl-vspace-bpall-small\"><img loading=\"lazy\" decoding=\"async\" src=\"https:\/\/www.adidas.co.nz\/glass\/react\/0ca7856\/assets\/img\/washing-instructions\/B1.svg\" alt=\"\" width=\"24\" height=\"24\" \/>No usa blanqueador<\/li>\n<li class=\"gl-vspace-bpall-small\"><img loading=\"lazy\" decoding=\"async\" src=\"https:\/\/www.adidas.co.nz\/glass\/react\/0ca7856\/assets\/img\/washing-instructions\/C1.svg\" alt=\"\" width=\"24\" height=\"24\" \/>No secar en secadora<\/li>\n<li class=\"gl-vspace-bpall-small\"><img loading=\"lazy\" decoding=\"async\" src=\"https:\/\/www.adidas.co.nz\/glass\/react\/0ca7856\/assets\/img\/washing-instructions\/E1.svg\" alt=\"\" width=\"24\" height=\"24\" \/>No lavar en seco<\/li>\n<li class=\"gl-vspace-bpall-small\"><img loading=\"lazy\" decoding=\"async\" src=\"https:\/\/www.adidas.co.nz\/glass\/react\/0ca7856\/assets\/img\/washing-instructions\/D2.svg\" alt=\"\" width=\"24\" height=\"24\" \/>Retocar con plancha fr\u00eda<\/li>\n<li class=\"gl-vspace-bpall-small\"><img loading=\"lazy\" decoding=\"async\" src=\"https:\/\/www.adidas.co.nz\/glass\/react\/0ca7856\/assets\/img\/washing-instructions\/A5.svg\" alt=\"\" width=\"24\" height=\"24\" \/>Lavar a m\u00e1quina con agua tibia<\/li>\n<\/ul>\n<\/div>\n<div class=\"extra-instructions___2TR8b\">\n<h4 class=\"care-title___2YJe1 gl-no-margin-bottom\">Informaci\u00f3n de cuidados adicionales<\/h4>\n<ul class=\"gl-list margin___QweXS\">\n<li class=\"gl-vspace-bpall-small\">Retirar inmediatamente despu\u00e9s del lavado.<\/li>\n<li class=\"gl-vspace-bpall-small\">Utilice \u00fanicamente detergente suave<\/li>\n<li class=\"gl-vspace-bpall-small\">No utilice suavizante de telas.<\/li>\n<li class=\"gl-vspace-bpall-small\">Lavar con colores similares<\/li>\n<\/ul>\n<div class=\"accordion__header-text___2o9Im\">\n<h2 class=\"accordion-title___2sTgR\"><span>Detalles<\/span><\/h2>\n<\/div>\n<div class=\"accordion__header-icon___2FuRa\"><\/div>\n<div class=\"accordion__content___29x9h\">\n<div class=\"content-padding___2kVWQ\">\n<div>\n<div class=\"bullets___3bsSs\" data-auto-id=\"specifications-section\" data-testid=\"specifications-section\">\n<ul class=\"gl-list\">\n<li class=\"gl-vspace-bpall-small\"><span>Ajuste regular.<\/span><\/li>\n<li class=\"gl-vspace-bpall-small\"><span>Cintura el\u00e1stica con cord\u00f3n.<\/span><\/li>\n<li class=\"gl-vspace-bpall-small\"><span>100% poli\u00e9ster (reciclado).<\/span><\/li>\n<li class=\"gl-vspace-bpall-small\"><span>Malla transpirable.<\/span><\/li>\n<li class=\"gl-vspace-bpall-small\"><span>Bolsillo para llaves.<\/span><\/li>\n<li class=\"gl-vspace-bpall-small\"><span>Calzoncillos de malla interior.<\/span><\/li>\n<li class=\"gl-vspace-bpall-small\"><span>Reflectividad de 360 \u200b\u200bgrados.<\/span><\/li>\n<li class=\"gl-vspace-bpall-small\"><span>Color: App Solar Red \/ White.<\/span><\/li>\n<li class=\"gl-vspace-bpall-small\"><span>Modelo: H31065.<\/span><\/li>\n<\/ul>\n<\/div>\n<\/div>\n<\/div>\n<\/div>\n<\/div>\n<\/div>\n<\/div>\n<\/div>\n<\/div>\n<\/div>\n","protected":false},"excerpt":{"rendered":"<p>MARATHON 20 Pantalones cortos para correr transpirables y dise\u00f1ados para durar. Conoce la prenda deportiva m\u00e1s vers\u00e1til. Suaves y transpirables,<\/p>\n","protected":false},"featured_media":73003,"comment_status":"open","ping_status":"closed","template":"","meta":{"nf_dc_page":""},"product_brand":[],"product_cat":[73],"product_tag":[],"class_list":{"0":"post-73002","1":"product","2":"type-product","3":"status-publish","4":"has-post-thumbnail","6":"product_cat-femenino","8":"first","9":"instock","10":"shipping-taxable","11":"purchasable","12":"product-type-simple"},"_links":{"self":[{"href":"https:\/\/brandss.com.py\/index\/wp-json\/wp\/v2\/product\/73002","targetHints":{"allow":["GET"]}}],"collection":[{"href":"https:\/\/brandss.com.py\/index\/wp-json\/wp\/v2\/product"}],"about":[{"href":"https:\/\/brandss.com.py\/index\/wp-json\/wp\/v2\/types\/product"}],"replies":[{"embeddable":true,"href":"https:\/\/brandss.com.py\/index\/wp-json\/wp\/v2\/comments?post=73002"}],"version-history":[{"count":1,"href":"https:\/\/brandss.com.py\/index\/wp-json\/wp\/v2\/product\/73002\/revisions"}],"predecessor-version":[{"id":73009,"href":"https:\/\/brandss.com.py\/index\/wp-json\/wp\/v2\/product\/73002\/revisions\/73009"}],"wp:featuredmedia":[{"embeddable":true,"href":"https:\/\/brandss.com.py\/index\/wp-json\/wp\/v2\/media\/73003"}],"wp:attachment":[{"href":"https:\/\/brandss.com.py\/index\/wp-json\/wp\/v2\/media?parent=73002"}],"wp:term":[{"taxonomy":"product_brand","embeddable":true,"href":"https:\/\/brandss.com.py\/index\/wp-json\/wp\/v2\/product_brand?post=73002"},{"taxonomy":"product_cat","embeddable":true,"href":"https:\/\/brandss.com.py\/index\/wp-json\/wp\/v2\/product_cat?post=73002"},{"taxonomy":"product_tag","embeddable":true,"href":"https:\/\/brandss.com.py\/index\/wp-json\/wp\/v2\/product_tag?post=73002"}],"curies":[{"name":"wp","href":"https:\/\/api.w.org\/{rel}","templated":true}]}}