{"id":73085,"date":"2025-02-25T17:52:16","date_gmt":"2025-02-25T17:52:16","guid":{"rendered":"https:\/\/brandss.com.py\/index\/?post_type=product&#038;p=73085"},"modified":"2025-02-25T17:53:07","modified_gmt":"2025-02-25T17:53:07","slug":"munequera-deportivo-unisex-fila-player-g-par","status":"publish","type":"product","link":"https:\/\/brandss.com.py\/index\/producto\/munequera-deportivo-unisex-fila-player-g-par\/","title":{"rendered":"MU\u00d1EQUERA DEPORTIVO UNISEX FILA PLAYER G PAR"},"content":{"rendered":"<p><img loading=\"lazy\" decoding=\"async\" class=\"\" src=\"https:\/\/1000marcas.net\/wp-content\/uploads\/2019\/12\/logo-Fila.png\" alt=\"Logo de Fila: la historia y el significado del logotipo, la marca y el  s\u00edmbolo. | png, vector\" width=\"103\" height=\"58\" \/><\/p>\n<h1>PLAYER G<\/h1>\n<p><span>\u00a1Estilo y ligereza con los pies en la arena! La Mu\u00f1equera Fila Player se convierte en un aut\u00e9ntico aliado para la pr\u00e1ctica del Beach Tennis.<\/span><br \/>\n<span>El producto tiene la m\u00e1xima absorci\u00f3n del sudor y te protege de posibles lesiones. \u00bfEst\u00e1s listo para jugar grandes partidos?<\/span><\/p>\n<p><span>El color del producto en las fotograf\u00edas puede cambiar debido al uso del flash o la configuraci\u00f3n de su monitor.<\/span><\/p>\n<h3><span>Caracter\u00edsticas:<\/span><\/h3>\n<p><span>Recomendado para: Todos los d\u00edas, Deportes<\/span><\/p>\n<p><span>Dimensiones: 8cm X 11cm X 2cm (Ancho x Alto x Profundidad)<\/span><\/p>\n<p><span>Material: 80% algod\u00f3n, 12% el\u00e1stico, 8% poli\u00e9ster.<\/span><\/p>\n<p><span>Detalles: Fabricado en tejido de rizo, pack de 2, forma anat\u00f3mica para la mu\u00f1eca, con logo Fila bordado.<\/span><\/p>\n<p>Color: Green Oil<\/p>\n<p><span>Modelo: TP650009-1605<\/span><\/p>\n","protected":false},"excerpt":{"rendered":"<p>PLAYER G \u00a1Estilo y ligereza con los pies en la arena! La Mu\u00f1equera Fila Player se convierte en un aut\u00e9ntico<\/p>\n","protected":false},"featured_media":73086,"comment_status":"open","ping_status":"closed","template":"","meta":{"nf_dc_page":""},"product_brand":[],"product_cat":[74,77],"product_tag":[],"class_list":{"0":"post-73085","1":"product","2":"type-product","3":"status-publish","4":"has-post-thumbnail","6":"product_cat-accesorios-fem","7":"product_cat-accesorios-masc","9":"first","10":"instock","11":"shipping-taxable","12":"purchasable","13":"product-type-simple"},"_links":{"self":[{"href":"https:\/\/brandss.com.py\/index\/wp-json\/wp\/v2\/product\/73085","targetHints":{"allow":["GET"]}}],"collection":[{"href":"https:\/\/brandss.com.py\/index\/wp-json\/wp\/v2\/product"}],"about":[{"href":"https:\/\/brandss.com.py\/index\/wp-json\/wp\/v2\/types\/product"}],"replies":[{"embeddable":true,"href":"https:\/\/brandss.com.py\/index\/wp-json\/wp\/v2\/comments?post=73085"}],"version-history":[{"count":1,"href":"https:\/\/brandss.com.py\/index\/wp-json\/wp\/v2\/product\/73085\/revisions"}],"predecessor-version":[{"id":73092,"href":"https:\/\/brandss.com.py\/index\/wp-json\/wp\/v2\/product\/73085\/revisions\/73092"}],"wp:featuredmedia":[{"embeddable":true,"href":"https:\/\/brandss.com.py\/index\/wp-json\/wp\/v2\/media\/73086"}],"wp:attachment":[{"href":"https:\/\/brandss.com.py\/index\/wp-json\/wp\/v2\/media?parent=73085"}],"wp:term":[{"taxonomy":"product_brand","embeddable":true,"href":"https:\/\/brandss.com.py\/index\/wp-json\/wp\/v2\/product_brand?post=73085"},{"taxonomy":"product_cat","embeddable":true,"href":"https:\/\/brandss.com.py\/index\/wp-json\/wp\/v2\/product_cat?post=73085"},{"taxonomy":"product_tag","embeddable":true,"href":"https:\/\/brandss.com.py\/index\/wp-json\/wp\/v2\/product_tag?post=73085"}],"curies":[{"name":"wp","href":"https:\/\/api.w.org\/{rel}","templated":true}]}}