{"id":73095,"date":"2025-02-25T18:09:04","date_gmt":"2025-02-25T18:09:04","guid":{"rendered":"https:\/\/brandss.com.py\/index\/?post_type=product&#038;p=73095"},"modified":"2025-10-27T14:09:52","modified_gmt":"2025-10-27T14:09:52","slug":"bermuda-masculino-umbro-essential-comfy","status":"publish","type":"product","link":"https:\/\/brandss.com.py\/index\/producto\/bermuda-masculino-umbro-essential-comfy\/","title":{"rendered":"BERMUDA MASCULINO UMBRO ESSENTIAL COMFY"},"content":{"rendered":"<p><img loading=\"lazy\" decoding=\"async\" class=\"\" src=\"https:\/\/upload.wikimedia.org\/wikipedia\/commons\/2\/22\/Umbro_logo_%28current%29.svg\" alt=\"Archivo:Umbro logo (current).svg - Wikipedia, la enciclopedia libre\" width=\"109\" height=\"71\" \/><\/p>\n<h1>ESSENTIAL COMFY<\/h1>\n<p>Las bermudas Essential Comfy\u00a0est\u00e1n dise\u00f1ados para brindar comodidad y estilo para el uso diario. Fabricados en algod\u00f3n y poli\u00e9ster, estos pantalones cortos ofrecen ligereza, transpirabilidad y durabilidad. La cinturilla ca\u00edda con el\u00e1stico y cord\u00f3n con lazo interior asegura un ajuste perfecto al cuerpo, proporcionando libertad de movimiento. Adem\u00e1s, tiene bolsillos laterales para guardar cosas y un gancho con costuras reforzadas para facilitar su transporte. El logotipo de Umbro serigrafiado aplicado en la parte delantera izquierda, cerca del dobladillo, a\u00f1ade un toque de sofisticaci\u00f3n al look.<\/p>\n<p>Marca: Umbro.<\/p>\n<p>Modelo: U11L00588-111.<\/p>\n<p>G\u00e9nero: Masculino.<\/p>\n<p>Composici\u00f3n: 100% algod\u00f3n y poli\u00e9ster.<\/p>\n<p>Color: Negro.<\/p>\n","protected":false},"excerpt":{"rendered":"<p>ESSENTIAL COMFY Las bermudas Essential Comfy\u00a0est\u00e1n dise\u00f1ados para brindar comodidad y estilo para el uso diario. Fabricados en algod\u00f3n y<\/p>\n","protected":false},"featured_media":73099,"comment_status":"open","ping_status":"closed","template":"","meta":{"nf_dc_page":""},"product_brand":[],"product_cat":[76],"product_tag":[],"class_list":{"0":"post-73095","1":"product","2":"type-product","3":"status-publish","4":"has-post-thumbnail","6":"product_cat-masculino","8":"first","9":"instock","10":"shipping-taxable","11":"purchasable","12":"product-type-simple"},"_links":{"self":[{"href":"https:\/\/brandss.com.py\/index\/wp-json\/wp\/v2\/product\/73095","targetHints":{"allow":["GET"]}}],"collection":[{"href":"https:\/\/brandss.com.py\/index\/wp-json\/wp\/v2\/product"}],"about":[{"href":"https:\/\/brandss.com.py\/index\/wp-json\/wp\/v2\/types\/product"}],"replies":[{"embeddable":true,"href":"https:\/\/brandss.com.py\/index\/wp-json\/wp\/v2\/comments?post=73095"}],"version-history":[{"count":2,"href":"https:\/\/brandss.com.py\/index\/wp-json\/wp\/v2\/product\/73095\/revisions"}],"predecessor-version":[{"id":73108,"href":"https:\/\/brandss.com.py\/index\/wp-json\/wp\/v2\/product\/73095\/revisions\/73108"}],"wp:featuredmedia":[{"embeddable":true,"href":"https:\/\/brandss.com.py\/index\/wp-json\/wp\/v2\/media\/73099"}],"wp:attachment":[{"href":"https:\/\/brandss.com.py\/index\/wp-json\/wp\/v2\/media?parent=73095"}],"wp:term":[{"taxonomy":"product_brand","embeddable":true,"href":"https:\/\/brandss.com.py\/index\/wp-json\/wp\/v2\/product_brand?post=73095"},{"taxonomy":"product_cat","embeddable":true,"href":"https:\/\/brandss.com.py\/index\/wp-json\/wp\/v2\/product_cat?post=73095"},{"taxonomy":"product_tag","embeddable":true,"href":"https:\/\/brandss.com.py\/index\/wp-json\/wp\/v2\/product_tag?post=73095"}],"curies":[{"name":"wp","href":"https:\/\/api.w.org\/{rel}","templated":true}]}}