{"id":73204,"date":"2025-02-26T12:49:34","date_gmt":"2025-02-26T12:49:34","guid":{"rendered":"https:\/\/brandss.com.py\/index\/?post_type=product&#038;p=73204"},"modified":"2025-11-04T17:17:13","modified_gmt":"2025-11-04T17:17:13","slug":"pila-philips-alcalina-lr03-pab-aaa-1-5v-c-4","status":"publish","type":"product","link":"https:\/\/brandss.com.py\/index\/producto\/pila-philips-alcalina-lr03-pab-aaa-1-5v-c-4\/","title":{"rendered":"PILA PHILIPS ALCALINA LR03-PAB AAA 1.5V C\/4"},"content":{"rendered":"<p><img loading=\"lazy\" decoding=\"async\" class=\"\" src=\"https:\/\/1000marcas.net\/wp-content\/uploads\/2020\/01\/Phillips-Logo-2008.png\" alt=\"Philips Logo - s\u00edmbolo, significado logotipo, historia, PNG\" width=\"105\" height=\"59\" \/><\/p>\n<h1>ALCALINA LR03<\/h1>\n<p>Las pilas alcalinas Philips LR03 de 1,5 V tienen un bajo \u00edndice de autodescarga. Esto las hace muy adecuadas para aparatos el\u00e9ctricos que consumen poca energ\u00eda durante un largo periodo de tiempo. Piense en aparatos que no se encienden a menudo, como relojes, mandos a distancia, un rat\u00f3n o teclado inal\u00e1mbricos, linternas y radios. Adem\u00e1s, a diferencia de las pilas de litio, estas pilas alcalinas AAA duran m\u00e1s porque pr\u00e1cticamente nunca se agotan.<\/p>\n<p><span class=\"a-text-bold\">Hasta un 118% m\u00e1s de energ\u00eda y 10 a\u00f1os de retenci\u00f3n de energ\u00eda<\/span><\/p>\n<p>Las pilas alcalinas de Philips tienen una reserva de energ\u00eda de hasta 10 a\u00f1os. Esto significa que todo el paquete de pilas AAA de Philips durar\u00e1 hasta 10 a\u00f1os. Adem\u00e1s, proporcionan hasta un 118% m\u00e1s de energ\u00eda que otras pilas alcalinas comparables.<\/p>\n<h4><span class=\"a-text-bold\">Especificaciones<\/span><\/h4>\n<ul class=\"a-unordered-list a-vertical\">\n<li><span class=\"a-list-item\">Tipo: AAA Pilas AAA (LR03)<\/span><\/li>\n<li><span class=\"a-list-item\">Sistema: Alcalinas<\/span><\/li>\n<li><span class=\"a-list-item\">Tensi\u00f3n: 1,5 V<\/span><\/li>\n<li><span class=\"a-list-item\">Hasta un 118% m\u00e1s de potencia que el est\u00e1ndar del sector<\/span><\/li>\n<li><span class=\"a-list-item\">Hasta 10 a\u00f1os de autonom\u00eda<\/span><\/li>\n<\/ul>\n","protected":false},"excerpt":{"rendered":"<p>ALCALINA LR03 Las pilas alcalinas Philips LR03 de 1,5 V tienen un bajo \u00edndice de autodescarga. Esto las hace muy<\/p>\n","protected":false},"featured_media":73209,"comment_status":"open","ping_status":"closed","template":"","meta":{"nf_dc_page":""},"product_brand":[1284],"product_cat":[89],"product_tag":[1287],"class_list":{"0":"post-73204","1":"product","2":"type-product","3":"status-publish","4":"has-post-thumbnail","6":"product_brand-philips","7":"product_cat-electronicos","8":"product_tag-1287","10":"first","11":"outofstock","12":"shipping-taxable","13":"purchasable","14":"product-type-simple"},"_links":{"self":[{"href":"https:\/\/brandss.com.py\/index\/wp-json\/wp\/v2\/product\/73204","targetHints":{"allow":["GET"]}}],"collection":[{"href":"https:\/\/brandss.com.py\/index\/wp-json\/wp\/v2\/product"}],"about":[{"href":"https:\/\/brandss.com.py\/index\/wp-json\/wp\/v2\/types\/product"}],"replies":[{"embeddable":true,"href":"https:\/\/brandss.com.py\/index\/wp-json\/wp\/v2\/comments?post=73204"}],"version-history":[{"count":1,"href":"https:\/\/brandss.com.py\/index\/wp-json\/wp\/v2\/product\/73204\/revisions"}],"predecessor-version":[{"id":73214,"href":"https:\/\/brandss.com.py\/index\/wp-json\/wp\/v2\/product\/73204\/revisions\/73214"}],"wp:featuredmedia":[{"embeddable":true,"href":"https:\/\/brandss.com.py\/index\/wp-json\/wp\/v2\/media\/73209"}],"wp:attachment":[{"href":"https:\/\/brandss.com.py\/index\/wp-json\/wp\/v2\/media?parent=73204"}],"wp:term":[{"taxonomy":"product_brand","embeddable":true,"href":"https:\/\/brandss.com.py\/index\/wp-json\/wp\/v2\/product_brand?post=73204"},{"taxonomy":"product_cat","embeddable":true,"href":"https:\/\/brandss.com.py\/index\/wp-json\/wp\/v2\/product_cat?post=73204"},{"taxonomy":"product_tag","embeddable":true,"href":"https:\/\/brandss.com.py\/index\/wp-json\/wp\/v2\/product_tag?post=73204"}],"curies":[{"name":"wp","href":"https:\/\/api.w.org\/{rel}","templated":true}]}}