{"id":73246,"date":"2025-02-26T13:36:12","date_gmt":"2025-02-26T13:36:12","guid":{"rendered":"https:\/\/brandss.com.py\/index\/?post_type=product&#038;p=73246"},"modified":"2026-01-10T14:18:37","modified_gmt":"2026-01-10T14:18:37","slug":"speaker-amazon-echo-show-5-con-alexa-3a-generacion-bluetooth-wi-fi-azul","status":"publish","type":"product","link":"https:\/\/brandss.com.py\/index\/producto\/speaker-amazon-echo-show-5-con-alexa-3a-generacion-bluetooth-wi-fi-azul\/","title":{"rendered":"ALTAVOZ INTELIGENTE AMAZON ECHO SHOW 5 3\u00aa GENERACI\u00d3N CON ALEXA BT\/WIFI COULD BLUE"},"content":{"rendered":"<p><img loading=\"lazy\" decoding=\"async\" class=\"\" src=\"https:\/\/www.hatchwise.com\/wp-content\/uploads\/2022\/08\/Amazon-Logo-2000-present-1024x576.jpeg\" alt=\"The History Of The Amazon Logo - Hatchwise\" width=\"124\" height=\"70\" \/><\/p>\n<h1>ECHO SHOW 5<\/h1>\n<p>Con\u00e9ctese con facilidad con el altavoz Amazon Echo Show 5. Con Alexa integrada, 3.\u00aa generaci\u00f3n, Bluetooth\/Wi-Fi. Experimente un asistente personal inteligente y disfrute de un sonido envolvente en cualquier lugar.<\/p>\n<p>Mejore sus opciones de comunicaci\u00f3n y entretenimiento en el hogar con el poder de Alexa con el Echo Show 5 de Amazon. Esta pantalla inteligente y compacta es perfecta para una mesita de noche, una mesa auxiliar o una encimera.<\/p>\n<p>Esta tercera generaci\u00f3n del Echo Show 5 mejora el audio, la calidad de imagen, la capacidad de respuesta de Alexa y m\u00e1s. Usando tu voz y Alexa puedes transmitir audio, acceder a informaci\u00f3n, ver videos en la pantalla t\u00e1ctil integrada de 5.5&#8243;, operar dispositivos dom\u00e9sticos inteligentes y mucho m\u00e1s. Incluso puede configurar rutinas personalizadas para automatizar tareas basadas en acciones y disparadores espec\u00edficos. Cuando no est\u00e1 en uso, el Echo Show 5 todav\u00eda se puede usar como un marco de fotos digital.<\/p>\n<h3 class=\"visby-bold f40-home texto-madrid bold mb-2\">Especificaciones<\/h3>\n<div class=\"w-100 rounded20 bordinha-cinza mt-3 mb-5\">\n<div id=\"item_product2\" class=\"col-12 item_product active\">\n<div class=\"col-12 box_detail\">\n<div class=\"col-12 item_detail item_dark \">\n<div class=\"col-6 item\">Marca: Amazon.<\/div>\n<\/div>\n<div class=\"col-12 item_detail \">\n<div class=\"col-6 item\">Modelo: Echo Show 5 &#8211; 3\u00aa Generaci\u00f3n<\/div>\n<\/div>\n<div class=\"col-12 item_detail item_dark \">\n<div class=\"col-6 item\">Color: Azul<\/div>\n<\/div>\n<div class=\"col-12 item_detail \">\n<div class=\"col-6 item\">Procesador: MediaTek MT 8169B con NNA<\/div>\n<\/div>\n<div class=\"col-12 item_detail item_dark \">\n<div class=\"col-6 item\">Conectividad: Wi-Fi 802.11 a\/b\/g\/n\/ac &#8211; Bluetooth<\/div>\n<\/div>\n<div class=\"col-12 item_detail \">\n<div class=\"col-6 item\">Tama\u00f1o de pantalla: 5.5 pulgadas<\/div>\n<\/div>\n<div class=\"col-12 item_detail item_dark \">\n<div class=\"col-6 item\">Comandos de voz a trav\u00e9s del asistente virtual Alexa<\/div>\n<div class=\"col-6 item\">C\u00e1mara de 2MP<\/div>\n<div class=\"col-6 item\">2 micr\u00f3fonos integrados<\/div>\n<div class=\"col-6 item\">Compatible con Streaming Apps<\/div>\n<div class=\"col-6 item\">Funda protectora para la c\u00e1mara<\/div>\n<\/div>\n<div class=\"col-12 item_detail \">\n<div class=\"col-6 item\">Dimensiones del Embalaje: 13.20 cm X 14.70 cm X 8.20 cm<\/div>\n<\/div>\n<div class=\"col-12 item_detail item_dark \">\n<div class=\"col-6 item\">Peso Bruto: 0.675 kg<\/div>\n<\/div>\n<\/div>\n<\/div>\n<\/div>\n","protected":false},"excerpt":{"rendered":"<p>ECHO SHOW 5 Con\u00e9ctese con facilidad con el altavoz Amazon Echo Show 5. Con Alexa integrada, 3.\u00aa generaci\u00f3n, Bluetooth\/Wi-Fi. Experimente<\/p>\n","protected":false},"featured_media":73249,"comment_status":"open","ping_status":"closed","template":"","meta":{"nf_dc_page":""},"product_brand":[539],"product_cat":[89],"product_tag":[1355],"class_list":{"0":"post-73246","1":"product","2":"type-product","3":"status-publish","4":"has-post-thumbnail","6":"product_brand-amazon","7":"product_cat-electronicos","8":"product_tag-1355","10":"first","11":"outofstock","12":"sale","13":"shipping-taxable","14":"purchasable","15":"product-type-simple"},"_links":{"self":[{"href":"https:\/\/brandss.com.py\/index\/wp-json\/wp\/v2\/product\/73246","targetHints":{"allow":["GET"]}}],"collection":[{"href":"https:\/\/brandss.com.py\/index\/wp-json\/wp\/v2\/product"}],"about":[{"href":"https:\/\/brandss.com.py\/index\/wp-json\/wp\/v2\/types\/product"}],"replies":[{"embeddable":true,"href":"https:\/\/brandss.com.py\/index\/wp-json\/wp\/v2\/comments?post=73246"}],"version-history":[{"count":3,"href":"https:\/\/brandss.com.py\/index\/wp-json\/wp\/v2\/product\/73246\/revisions"}],"predecessor-version":[{"id":93673,"href":"https:\/\/brandss.com.py\/index\/wp-json\/wp\/v2\/product\/73246\/revisions\/93673"}],"wp:featuredmedia":[{"embeddable":true,"href":"https:\/\/brandss.com.py\/index\/wp-json\/wp\/v2\/media\/73249"}],"wp:attachment":[{"href":"https:\/\/brandss.com.py\/index\/wp-json\/wp\/v2\/media?parent=73246"}],"wp:term":[{"taxonomy":"product_brand","embeddable":true,"href":"https:\/\/brandss.com.py\/index\/wp-json\/wp\/v2\/product_brand?post=73246"},{"taxonomy":"product_cat","embeddable":true,"href":"https:\/\/brandss.com.py\/index\/wp-json\/wp\/v2\/product_cat?post=73246"},{"taxonomy":"product_tag","embeddable":true,"href":"https:\/\/brandss.com.py\/index\/wp-json\/wp\/v2\/product_tag?post=73246"}],"curies":[{"name":"wp","href":"https:\/\/api.w.org\/{rel}","templated":true}]}}