{"id":73692,"date":"2025-02-27T16:45:16","date_gmt":"2025-02-27T16:45:16","guid":{"rendered":"https:\/\/brandss.com.py\/index\/?post_type=product&#038;p=73692"},"modified":"2025-07-12T14:13:18","modified_gmt":"2025-07-12T14:13:18","slug":"pelota-diadora-futbol-alpha-2","status":"publish","type":"product","link":"https:\/\/brandss.com.py\/index\/producto\/pelota-diadora-futbol-alpha-2\/","title":{"rendered":"PELOTA DIADORA FUTBOL ALPHA-4-MD"},"content":{"rendered":"<p><img loading=\"lazy\" decoding=\"async\" class=\"\" src=\"https:\/\/cdn.worldvectorlogo.com\/logos\/diadora-2.svg\" alt=\"Diadora Logotipo Vector - Descarga Gratis SVG | Mundovectorlogo\" width=\"263\" height=\"263\" \/><\/p>\n<h1><span style=\"vertical-align: inherit\"><span style=\"vertical-align: inherit\">Alfa-4-MD-1137<\/span><\/span><\/h1>\n<p data-start=\"0\" data-end=\"279\"><span style=\"vertical-align: inherit\"><span style=\"vertical-align: inherit\">Es una excelente opci\u00f3n para quienes buscan un bal\u00f3n de f\u00fatbol con un dise\u00f1o vibrante y alto rendimiento. Este modelo combina un estilo atractivo con caracter\u00edsticas t\u00e9cnicas que lo hacen ideal para entrenamientos y partidos.<\/span><\/span><\/p>\n<h3 data-start=\"281\" data-end=\"360\"><strong data-start=\"285\" data-end=\"360\"><span style=\"vertical-align: inherit\"><span style=\"vertical-align: inherit\">Caracter\u00edsticas principales de la pelota Diadora Alpha Rosa con Blanco:<\/span><\/span><\/strong><\/h3>\n<ul data-start=\"362\" data-end=\"2009\">\n<li data-start=\"362\" data-end=\"691\">\n<p data-start=\"364\" data-end=\"691\"><strong data-start=\"364\" data-end=\"375\"><span style=\"vertical-align: inherit\"><span style=\"vertical-align: inherit\">Dise\u00f1o:<\/span><\/span><\/strong><span style=\"vertical-align: inherit\"><span style=\"vertical-align: inherit\"> El bal\u00f3n presenta una <\/span><\/span><strong data-start=\"398\" data-end=\"438\"><span style=\"vertical-align: inherit\"><span style=\"vertical-align: inherit\">combinaci\u00f3n de colores rosa y blanco<\/span><\/span><\/strong><span style=\"vertical-align: inherit\"><span style=\"vertical-align: inherit\"> que lo hace muy visible en el campo, ideal para partidos tanto de d\u00eda como de noche. Su dise\u00f1o moderno y llamativo lo hace destacar en cualquier partido o entrenamiento. El contraste entre el rosa y el blanco tambi\u00e9n le da un toque elegante y din\u00e1mico.<\/span><\/span><\/p>\n<\/li>\n<li data-start=\"693\" data-end=\"991\">\n<p data-start=\"695\" data-end=\"991\"><strong data-start=\"695\" data-end=\"708\"><span style=\"vertical-align: inherit\"><span style=\"vertical-align: inherit\">Material:<\/span><\/span><\/strong><span style=\"vertical-align: inherit\"><span style=\"vertical-align: inherit\"> Est\u00e1 fabricado con un <\/span><\/span><strong data-start=\"731\" data-end=\"769\"><span style=\"vertical-align: inherit\"><span style=\"vertical-align: inherit\">material sint\u00e9tico de alta calidad<\/span><\/span><\/strong><span style=\"vertical-align: inherit\"><span style=\"vertical-align: inherit\"> , generalmente <\/span><\/span><strong data-start=\"784\" data-end=\"797\"><span style=\"vertical-align: inherit\"><span style=\"vertical-align: inherit\">poli\u00e9ster<\/span><\/span><\/strong><span style=\"vertical-align: inherit\"><span style=\"vertical-align: inherit\"> o <\/span><\/span><strong data-start=\"800\" data-end=\"815\"><span style=\"vertical-align: inherit\"><span style=\"vertical-align: inherit\">poliuretano<\/span><\/span><\/strong><span style=\"vertical-align: inherit\"><span style=\"vertical-align: inherit\"> , lo que le proporciona una excelente durabilidad. Su exterior es resistente al desgaste, lo que asegura que el bal\u00f3n mantenga su forma y rendimiento durante un uso prolongado.<\/span><\/span><\/p>\n<\/li>\n<li data-start=\"993\" data-end=\"1271\">\n<p data-start=\"995\" data-end=\"1271\"><strong data-start=\"995\" data-end=\"1021\"><span style=\"vertical-align: inherit\"><span style=\"vertical-align: inherit\">Tecnolog\u00eda de costura:<\/span><\/span><\/strong><span style=\"vertical-align: inherit\"><span style=\"vertical-align: inherit\"> La pelota <\/span><\/span><strong data-start=\"1032\" data-end=\"1065\"><span style=\"vertical-align: inherit\"><span style=\"vertical-align: inherit\">Diadora Alpha Rosa con Blanco<\/span><\/span><\/strong><span style=\"vertical-align: inherit\"><span style=\"vertical-align: inherit\"> est\u00e1 cosida de forma <\/span><\/span><strong data-start=\"1087\" data-end=\"1098\"><span style=\"vertical-align: inherit\"><span style=\"vertical-align: inherit\">precisa<\/span><\/span><\/strong><span style=\"vertical-align: inherit\"><span style=\"vertical-align: inherit\"> para garantizar una costura robusta y resistente. Las costuras est\u00e1n dise\u00f1adas para evitar que el bal\u00f3n se desinfle o pierda forma r\u00e1pidamente, lo que aumenta su vida \u00fatil.<\/span><\/span><\/p>\n<\/li>\n<li data-start=\"1273\" data-end=\"1545\">\n<p data-start=\"1275\" data-end=\"1545\"><strong data-start=\"1275\" data-end=\"1291\"><span style=\"vertical-align: inherit\"><span style=\"vertical-align: inherit\">Rendimiento:<\/span><\/span><\/strong><span style=\"vertical-align: inherit\"><span style=\"vertical-align: inherit\"> El bal\u00f3n est\u00e1 dise\u00f1ado para un <\/span><\/span><strong data-start=\"1323\" data-end=\"1340\"><span style=\"vertical-align: inherit\"><span style=\"vertical-align: inherit\">toque preciso<\/span><\/span><\/strong><span style=\"vertical-align: inherit\"><span style=\"vertical-align: inherit\"> y un <\/span><\/span><strong data-start=\"1346\" data-end=\"1362\"><span style=\"vertical-align: inherit\"><span style=\"vertical-align: inherit\">buen control<\/span><\/span><\/strong><span style=\"vertical-align: inherit\"><span style=\"vertical-align: inherit\"> . Su textura exterior facilita el agarre del pie durante los pases y los disparos, mientras que su construcci\u00f3n permite un vuelo estable, ideal para tiros largos y control en el aire.<\/span><\/span><\/p>\n<\/li>\n<li data-start=\"1547\" data-end=\"1789\">\n<p data-start=\"1549\" data-end=\"1789\"><strong data-start=\"1549\" data-end=\"1567\"><span style=\"vertical-align: inherit\"><span style=\"vertical-align: inherit\">Tama\u00f1o y peso:<\/span><\/span><\/strong><span style=\"vertical-align: inherit\"><span style=\"vertical-align: inherit\"> La <\/span><\/span><strong data-start=\"1571\" data-end=\"1604\"><span style=\"vertical-align: inherit\"><span style=\"vertical-align: inherit\">Diadora Alpha Rosa con Blanco<\/span><\/span><\/strong><span style=\"vertical-align: inherit\"><span style=\"vertical-align: inherit\"> generalmente est\u00e1 disponible en <\/span><\/span><strong data-start=\"1637\" data-end=\"1649\"><span style=\"vertical-align: inherit\"><span style=\"vertical-align: inherit\">tama\u00f1o 5<\/span><\/span><\/strong><span style=\"vertical-align: inherit\"><span style=\"vertical-align: inherit\"> , que es el tama\u00f1o oficial para partidos y competiciones, lo que la hace adecuada para jugadores de todas las edades y niveles de habilidad.<\/span><\/span><\/p>\n<\/li>\n<li data-start=\"1791\" data-end=\"2009\">\n<p data-start=\"1793\" data-end=\"2009\"><strong data-start=\"1793\" data-end=\"1810\"><span style=\"vertical-align: inherit\"><span style=\"vertical-align: inherit\">Versatilidad:<\/span><\/span><\/strong><span style=\"vertical-align: inherit\"><span style=\"vertical-align: inherit\"> Este bal\u00f3n es ideal tanto para <\/span><\/span><strong data-start=\"1842\" data-end=\"1860\"><span style=\"vertical-align: inherit\"><span style=\"vertical-align: inherit\">c\u00e9sped natural<\/span><\/span><\/strong><span style=\"vertical-align: inherit\"><span style=\"vertical-align: inherit\"> como para <\/span><\/span><strong data-start=\"1871\" data-end=\"1892\"><span style=\"vertical-align: inherit\"><span style=\"vertical-align: inherit\">c\u00e9sped artificial<\/span><\/span><\/strong><span style=\"vertical-align: inherit\"><span style=\"vertical-align: inherit\"> . Es adecuado para entrenamientos regulares, partidos recreativos y competiciones a nivel amateur o semiprofesional.<\/span><\/span><\/p>\n<\/li>\n<\/ul>\n<h3 data-start=\"2011\" data-end=\"2040\"><strong data-start=\"2015\" data-end=\"2040\"><span style=\"vertical-align: inherit\"><span style=\"vertical-align: inherit\">Ventajas adicionales:<\/span><\/span><\/strong><\/h3>\n<ul data-start=\"2041\" data-end=\"2399\">\n<li data-start=\"2041\" data-end=\"2223\"><strong data-start=\"2043\" data-end=\"2059\"><span style=\"vertical-align: inherit\"><span style=\"vertical-align: inherit\">Visibilidad:<\/span><\/span><\/strong><span style=\"vertical-align: inherit\"><span style=\"vertical-align: inherit\"> Su color rosa brillante lo hace f\u00e1cil de ver en cualquier entorno, lo que ayuda a mejorar el rendimiento en los partidos, especialmente en condiciones de poca luz.<\/span><\/span><\/li>\n<li data-start=\"2224\" data-end=\"2399\"><strong data-start=\"2226\" data-end=\"2242\"><span style=\"vertical-align: inherit\"><span style=\"vertical-align: inherit\">Durabilidad:<\/span><\/span><\/strong><span style=\"vertical-align: inherit\"><span style=\"vertical-align: inherit\"> El material de alta calidad y la construcci\u00f3n excelente aseguran que el bal\u00f3n resista impactos frecuentes y el uso intensivo sin perder sus caracter\u00edsticas.<\/span><\/span><\/li>\n<\/ul>\n","protected":false},"excerpt":{"rendered":"<p>Alfa-4-MD-1137 Es una excelente opci\u00f3n para quienes buscan un bal\u00f3n de f\u00fatbol con un dise\u00f1o vibrante y alto rendimiento. Este<\/p>\n","protected":false},"featured_media":73694,"comment_status":"open","ping_status":"closed","template":"","meta":{"nf_dc_page":""},"product_brand":[],"product_cat":[93],"product_tag":[],"class_list":{"0":"post-73692","1":"product","2":"type-product","3":"status-publish","4":"has-post-thumbnail","6":"product_cat-deportivo","8":"first","9":"instock","10":"shipping-taxable","11":"purchasable","12":"product-type-simple"},"_links":{"self":[{"href":"https:\/\/brandss.com.py\/index\/wp-json\/wp\/v2\/product\/73692","targetHints":{"allow":["GET"]}}],"collection":[{"href":"https:\/\/brandss.com.py\/index\/wp-json\/wp\/v2\/product"}],"about":[{"href":"https:\/\/brandss.com.py\/index\/wp-json\/wp\/v2\/types\/product"}],"replies":[{"embeddable":true,"href":"https:\/\/brandss.com.py\/index\/wp-json\/wp\/v2\/comments?post=73692"}],"version-history":[{"count":3,"href":"https:\/\/brandss.com.py\/index\/wp-json\/wp\/v2\/product\/73692\/revisions"}],"predecessor-version":[{"id":73704,"href":"https:\/\/brandss.com.py\/index\/wp-json\/wp\/v2\/product\/73692\/revisions\/73704"}],"wp:featuredmedia":[{"embeddable":true,"href":"https:\/\/brandss.com.py\/index\/wp-json\/wp\/v2\/media\/73694"}],"wp:attachment":[{"href":"https:\/\/brandss.com.py\/index\/wp-json\/wp\/v2\/media?parent=73692"}],"wp:term":[{"taxonomy":"product_brand","embeddable":true,"href":"https:\/\/brandss.com.py\/index\/wp-json\/wp\/v2\/product_brand?post=73692"},{"taxonomy":"product_cat","embeddable":true,"href":"https:\/\/brandss.com.py\/index\/wp-json\/wp\/v2\/product_cat?post=73692"},{"taxonomy":"product_tag","embeddable":true,"href":"https:\/\/brandss.com.py\/index\/wp-json\/wp\/v2\/product_tag?post=73692"}],"curies":[{"name":"wp","href":"https:\/\/api.w.org\/{rel}","templated":true}]}}