{"id":73765,"date":"2025-02-27T19:08:35","date_gmt":"2025-02-27T19:08:35","guid":{"rendered":"https:\/\/brandss.com.py\/index\/?post_type=product&#038;p=73765"},"modified":"2025-04-26T13:38:25","modified_gmt":"2025-04-26T13:38:25","slug":"asistente-inteligente-amazon-echo-spot-smart-con-alexa-blue","status":"publish","type":"product","link":"https:\/\/brandss.com.py\/index\/producto\/asistente-inteligente-amazon-echo-spot-smart-con-alexa-blue\/","title":{"rendered":"ASISTENTE INTELIGENTE AMAZON ECHO SPOT SMART CON ALEXA BLUE"},"content":{"rendered":"<p><img loading=\"lazy\" decoding=\"async\" class=\"\" src=\"https:\/\/www.allaboutlean.com\/wp-content\/uploads\/2019\/10\/Amazon-Logo.png\" alt=\"Amazon Logo \u2013 AllAboutLean.com\" width=\"143\" height=\"43\" \/><\/p>\n<h1>ECHO SPOT SMART CON ALEXA<\/h1>\n<p class=\"PressReleasePage-headline\"><span>Un despertador inteligente habilitado con Alexa con una pantalla personalizable, sonido vibrante y capacidades de hogar inteligente.<\/span><\/p>\n<div style=\"width: 1920px;\" class=\"wp-video\"><video class=\"wp-video-shortcode\" id=\"video-73765-1\" width=\"1920\" height=\"1080\" preload=\"metadata\" controls=\"controls\"><source type=\"video\/mp4\" src=\"https:\/\/brandss.com.py\/index\/wp-content\/uploads\/2025\/02\/NDA4NmExYTkt._CB569845358_.mp4?_=1\" \/><a href=\"https:\/\/brandss.com.py\/index\/wp-content\/uploads\/2025\/02\/NDA4NmExYTkt._CB569845358_.mp4\">https:\/\/brandss.com.py\/index\/wp-content\/uploads\/2025\/02\/NDA4NmExYTkt._CB569845358_.mp4<\/a><\/video><\/div>\n<p><span class=\"a-list-item\">CONOCE EL ECHO SPOT <\/span><\/p>\n<p><span class=\"a-list-item\">&#8211; Un despertador inteligente estilizado con Alexa y sonido vibrante. Te ayudar\u00e1 a despertarte, relajarte y mucho m\u00e1s.<\/span><\/p>\n<p><span class=\"a-list-item\">RELOJ INTELIGENTE PERSONALIZABLE <\/span><\/p>\n<p><span class=\"a-list-item\">&#8211; Consulta la hora, el clima y t\u00edtulos de canciones de un vistazo, controla dispositivos de Smart Home y m\u00e1s. Personaliza la pantalla con tu fondo de reloj favorito y colores divertidos.<\/span><\/p>\n<div style=\"width: 1920px;\" class=\"wp-video\"><video class=\"wp-video-shortcode\" id=\"video-73765-2\" width=\"1920\" height=\"1920\" preload=\"metadata\" controls=\"controls\"><source type=\"video\/mp4\" src=\"https:\/\/brandss.com.py\/index\/wp-content\/uploads\/2025\/02\/ZDJkNjMzOTkt.mp4?_=2\" \/><a href=\"https:\/\/brandss.com.py\/index\/wp-content\/uploads\/2025\/02\/ZDJkNjMzOTkt.mp4\">https:\/\/brandss.com.py\/index\/wp-content\/uploads\/2025\/02\/ZDJkNjMzOTkt.mp4<\/a><\/video><\/div>\n<p><span class=\"a-list-item\">SONIDO VIBRANTE <\/span><\/p>\n<p><span class=\"a-list-item\">&#8211; Disfruta de sonido intenso con voces claras y graves intensos. Solo p\u00eddele a Alexa que ponga m\u00fasica, p\u00f3dcast y audiolibros. Tambi\u00e9n puedes ver t\u00edtulos de canciones y tocar la pantalla para controlar la m\u00fasica.<\/span><\/p>\n<div style=\"width: 1920px;\" class=\"wp-video\"><video class=\"wp-video-shortcode\" id=\"video-73765-3\" width=\"1920\" height=\"1920\" preload=\"metadata\" controls=\"controls\"><source type=\"video\/mp4\" src=\"https:\/\/brandss.com.py\/index\/wp-content\/uploads\/2025\/02\/ZmI0MmU1ZTAt.mp4?_=3\" \/><a href=\"https:\/\/brandss.com.py\/index\/wp-content\/uploads\/2025\/02\/ZmI0MmU1ZTAt.mp4\">https:\/\/brandss.com.py\/index\/wp-content\/uploads\/2025\/02\/ZmI0MmU1ZTAt.mp4<\/a><\/video><\/div>\n<p><span class=\"a-list-item\">COMIENZA TU D\u00cdA CON EL PIE DERECHO <\/span><\/p>\n<p><span class=\"a-list-item\">&#8211; Establece rutinas de Alexa para despertarte con m\u00fasica e iluminaci\u00f3n graduales. Consulta la hora, revisa tus recordatorios o p\u00eddele a Alexa que te d\u00e9 actualizaciones del clima.<\/span><\/p>\n<p><span class=\"a-list-item\">MANT\u00c9N UN AMBIENTE ACOGEDOR EN CASA <\/span><\/p>\n<p><span class=\"a-list-item\">&#8211; Controla dispositivos de Smart Home compatibles. Solo p\u00eddele a Alexa que prenda las luces o toca la pantalla para atenuarlas. Crea rutinas que utilicen la detecci\u00f3n de movimiento para bajar la intensidad del termostato cuando salgas o abre las persianas cuando entres a una habitaci\u00f3n.<\/span><\/p>\n<p><span class=\"a-list-item\">DISE\u00d1O QUE PROTEGE TU PRIVACIDAD <\/span><\/p>\n<p><span class=\"a-list-item\">&#8211; Amazon no se dedica a vender tu informaci\u00f3n personal a terceros. Cuenta con varias capas de controles de privacidad, incluyendo un bot\u00f3n para desactivar los micr\u00f3fonos y controles para apps.<\/span><\/p>\n<p><span class=\"a-list-item\">DISE\u00d1O SUSTENTABLE <\/span><\/p>\n<p><span class=\"a-list-item\">&#8211; Este dispositivo est\u00e1 hecho con un 36% de materiales reciclados.<\/span><\/p>\n<div style=\"width: 1920px;\" class=\"wp-video\"><video class=\"wp-video-shortcode\" id=\"video-73765-4\" width=\"1920\" height=\"1080\" preload=\"metadata\" controls=\"controls\"><source type=\"video\/mp4\" src=\"https:\/\/brandss.com.py\/index\/wp-content\/uploads\/2025\/02\/YWQ0NzVlYmUt.mp4?_=4\" \/><a href=\"https:\/\/brandss.com.py\/index\/wp-content\/uploads\/2025\/02\/YWQ0NzVlYmUt.mp4\">https:\/\/brandss.com.py\/index\/wp-content\/uploads\/2025\/02\/YWQ0NzVlYmUt.mp4<\/a><\/video><\/div>\n","protected":false},"excerpt":{"rendered":"<p>ECHO SPOT SMART CON ALEXA Un despertador inteligente habilitado con Alexa con una pantalla personalizable, sonido vibrante y capacidades de<\/p>\n","protected":false},"featured_media":73774,"comment_status":"open","ping_status":"closed","template":"","meta":{"nf_dc_page":""},"product_brand":[],"product_cat":[89],"product_tag":[],"class_list":{"0":"post-73765","1":"product","2":"type-product","3":"status-publish","4":"has-post-thumbnail","6":"product_cat-electronicos","8":"first","9":"outofstock","10":"shipping-taxable","11":"purchasable","12":"product-type-simple"},"_links":{"self":[{"href":"https:\/\/brandss.com.py\/index\/wp-json\/wp\/v2\/product\/73765","targetHints":{"allow":["GET"]}}],"collection":[{"href":"https:\/\/brandss.com.py\/index\/wp-json\/wp\/v2\/product"}],"about":[{"href":"https:\/\/brandss.com.py\/index\/wp-json\/wp\/v2\/types\/product"}],"replies":[{"embeddable":true,"href":"https:\/\/brandss.com.py\/index\/wp-json\/wp\/v2\/comments?post=73765"}],"version-history":[{"count":1,"href":"https:\/\/brandss.com.py\/index\/wp-json\/wp\/v2\/product\/73765\/revisions"}],"predecessor-version":[{"id":73781,"href":"https:\/\/brandss.com.py\/index\/wp-json\/wp\/v2\/product\/73765\/revisions\/73781"}],"wp:featuredmedia":[{"embeddable":true,"href":"https:\/\/brandss.com.py\/index\/wp-json\/wp\/v2\/media\/73774"}],"wp:attachment":[{"href":"https:\/\/brandss.com.py\/index\/wp-json\/wp\/v2\/media?parent=73765"}],"wp:term":[{"taxonomy":"product_brand","embeddable":true,"href":"https:\/\/brandss.com.py\/index\/wp-json\/wp\/v2\/product_brand?post=73765"},{"taxonomy":"product_cat","embeddable":true,"href":"https:\/\/brandss.com.py\/index\/wp-json\/wp\/v2\/product_cat?post=73765"},{"taxonomy":"product_tag","embeddable":true,"href":"https:\/\/brandss.com.py\/index\/wp-json\/wp\/v2\/product_tag?post=73765"}],"curies":[{"name":"wp","href":"https:\/\/api.w.org\/{rel}","templated":true}]}}