{"id":74145,"date":"2025-03-01T11:59:57","date_gmt":"2025-03-01T11:59:57","guid":{"rendered":"https:\/\/brandss.com.py\/index\/?post_type=product&#038;p=74145"},"modified":"2025-05-26T12:43:57","modified_gmt":"2025-05-26T12:43:57","slug":"calzado-casual-masculino-fila-lifestyle-moda-fx-court-70-3","status":"publish","type":"product","link":"https:\/\/brandss.com.py\/index\/producto\/calzado-casual-masculino-fila-lifestyle-moda-fx-court-70-3\/","title":{"rendered":"CALZADO CASUAL MASCULINO FILA LIFESTYLE MODA FX-COURT-70"},"content":{"rendered":"<p><img loading=\"lazy\" decoding=\"async\" class=\"\" src=\"https:\/\/1000marcas.net\/wp-content\/uploads\/2019\/12\/logo-Fila.png\" alt=\"Logo de Fila: la historia y el significado del logotipo, la ...\" width=\"263\" height=\"148\" \/><\/p>\n<h1>FO1LOO252-6316<\/h1>\n<div class=\"flex-1 overflow-hidden @container\/thread translate-y-[2rem] -mt-[2rem] pb-[1.5rem]\">\n<div class=\"relative h-full\">\n<div class=\"flex h-full flex-col overflow-y-auto [scrollbar-gutter:stable]\">\n<div class=\"flex flex-col text-sm md:pb-9\">\n<article class=\"w-full text-token-text-primary focus-visible:outline-2 focus-visible:outline-offset-[-4px]\" dir=\"auto\" data-testid=\"conversation-turn-17\" data-scroll-anchor=\"true\">\n<div class=\"m-auto text-base py-[18px] px-6\">\n<div class=\"mx-auto flex flex-1 text-base gap-4 md:gap-5 lg:gap-6 md:max-w-3xl lg:max-w-[40rem] xl:max-w-[48rem]\">\n<div class=\"group\/conversation-turn relative flex w-full min-w-0 flex-col agent-turn @xs\/thread:px-0 @sm\/thread:px-1.5 @md\/thread:px-4\">\n<div class=\"flex-col gap-1 md:gap-3\">\n<div class=\"flex max-w-full flex-col flex-grow\">\n<div class=\"min-h-8 text-message relative flex w-full flex-col items-end gap-2 whitespace-normal break-words text-start [.text-message+&amp;]:mt-5\" dir=\"auto\" data-message-author-role=\"assistant\" data-message-id=\"0fbb9e77-53a4-4ffd-a697-5df3ebe091ea\" data-message-model-slug=\"gpt-4o\">\n<div class=\"flex w-full flex-col gap-1 empty:hidden first:pt-[3px]\">\n<div class=\"markdown prose w-full break-words dark:prose-invert light\">\n<h3 data-start=\"0\" data-end=\"51\"><strong data-start=\"4\" data-end=\"49\"><span>Fila Lifestyle Masculino Moda FX-Court 70<\/span><\/strong><\/h3>\n<p data-start=\"53\" data-end=\"406\"><span>La <\/span><strong data-start=\"56\" data-end=\"76\"><span>Fila FX-Court 70<\/span><\/strong><span> es una zapatilla <\/span><strong data-start=\"94\" data-end=\"107\"><span>estilo de vida<\/span><\/strong><span> inspirada en los modelos cl\u00e1sicos de tenis de los a\u00f1os 70, dise\u00f1ada para quienes buscan un equilibrio perfecto entre <\/span><strong data-start=\"225\" data-end=\"261\"><span>estilo retro y comodidad moderna<\/span><\/strong><span> . Con una silueta elegante y materiales de alta calidad, este modelo es ideal para el uso diario, adapt\u00e1ndose a diferentes estilos y ocasiones.<\/span><\/p>\n<h3 data-start=\"408\" data-end=\"445\"><strong data-start=\"412\" data-end=\"443\"><span>Caracter\u00edsticas destacadas:<\/span><\/strong><\/h3>\n<p data-start=\"447\" data-end=\"996\"><span>\u2714 <\/span><strong data-start=\"449\" data-end=\"479\"><span>Dise\u00f1o cl\u00e1sico y atemporal<\/span><\/strong><span> : Inspirado en el tenis vintage, con l\u00edneas limpias y sofisticadas. <\/span><br data-start=\"546\" data-end=\"549\" \/><span>\u2714 <\/span><strong data-start=\"551\" data-end=\"581\"><span>Materiales de alta calidad<\/span><\/strong><span> : Fabricada en cuero sint\u00e9tico con detalles en gamuza o malla, brindando resistencia y transpirabilidad. <\/span><br data-start=\"685\" data-end=\"688\" data-is-only-node=\"\" \/><span>\u2714 <\/span><strong data-start=\"690\" data-end=\"723\"><span>Colores neutros y combinables<\/span><\/strong><span> : Ideal para adaptarse a cualquier outfit, desde casual hasta urbano. <\/span><br data-start=\"792\" data-end=\"795\" \/><span>\u2714 <\/span><strong data-start=\"797\" data-end=\"825\"><span>Suela de goma resistente<\/span><\/strong><span> : Proporciona excelente tracci\u00f3n y estabilidad en cada paso. <\/span><br data-start=\"885\" data-end=\"888\" \/><span>\u2714 <\/span><strong data-start=\"890\" data-end=\"908\"><span>M\u00e1ximo confort<\/span><\/strong><span> : Interior acolchado y plantilla ergon\u00f3mica para un ajuste c\u00f3modo durante todo el d\u00eda.<\/span><\/p>\n<p data-start=\"998\" data-end=\"1183\" data-is-last-node=\"\" data-is-only-node=\"\"><span>La <\/span><strong data-start=\"1001\" data-end=\"1021\"><span>Fila FX-Court 70<\/span><\/strong><span> es la opci\u00f3n perfecta para quienes buscan un <\/span><strong data-start=\"1067\" data-end=\"1135\"><span>calzado vers\u00e1til, duradero y con un toque de nostalgia deportiva<\/span><\/strong><span> , sin dejar de lado la moda y la comodidad. \ud83d\udc5f\ud83d\udd25<\/span><\/p>\n<\/div>\n<\/div>\n<\/div>\n<\/div>\n<\/div>\n<\/div>\n<\/div>\n<\/div>\n<\/article>\n<\/div>\n<\/div>\n<\/div>\n<\/div>\n","protected":false},"excerpt":{"rendered":"<p>FO1LOO252-6316 Fila Lifestyle Masculino Moda FX-Court 70 La Fila FX-Court 70 es una zapatilla estilo de vida inspirada en los<\/p>\n","protected":false},"featured_media":74146,"comment_status":"open","ping_status":"closed","template":"","meta":{"nf_dc_page":""},"product_brand":[],"product_cat":[76],"product_tag":[],"class_list":{"0":"post-74145","1":"product","2":"type-product","3":"status-publish","4":"has-post-thumbnail","6":"product_cat-masculino","8":"first","9":"instock","10":"shipping-taxable","11":"purchasable","12":"product-type-simple"},"_links":{"self":[{"href":"https:\/\/brandss.com.py\/index\/wp-json\/wp\/v2\/product\/74145","targetHints":{"allow":["GET"]}}],"collection":[{"href":"https:\/\/brandss.com.py\/index\/wp-json\/wp\/v2\/product"}],"about":[{"href":"https:\/\/brandss.com.py\/index\/wp-json\/wp\/v2\/types\/product"}],"replies":[{"embeddable":true,"href":"https:\/\/brandss.com.py\/index\/wp-json\/wp\/v2\/comments?post=74145"}],"version-history":[{"count":1,"href":"https:\/\/brandss.com.py\/index\/wp-json\/wp\/v2\/product\/74145\/revisions"}],"predecessor-version":[{"id":74150,"href":"https:\/\/brandss.com.py\/index\/wp-json\/wp\/v2\/product\/74145\/revisions\/74150"}],"wp:featuredmedia":[{"embeddable":true,"href":"https:\/\/brandss.com.py\/index\/wp-json\/wp\/v2\/media\/74146"}],"wp:attachment":[{"href":"https:\/\/brandss.com.py\/index\/wp-json\/wp\/v2\/media?parent=74145"}],"wp:term":[{"taxonomy":"product_brand","embeddable":true,"href":"https:\/\/brandss.com.py\/index\/wp-json\/wp\/v2\/product_brand?post=74145"},{"taxonomy":"product_cat","embeddable":true,"href":"https:\/\/brandss.com.py\/index\/wp-json\/wp\/v2\/product_cat?post=74145"},{"taxonomy":"product_tag","embeddable":true,"href":"https:\/\/brandss.com.py\/index\/wp-json\/wp\/v2\/product_tag?post=74145"}],"curies":[{"name":"wp","href":"https:\/\/api.w.org\/{rel}","templated":true}]}}