{"id":74350,"date":"2025-03-01T18:16:57","date_gmt":"2025-03-01T18:16:57","guid":{"rendered":"https:\/\/brandss.com.py\/index\/?post_type=product&#038;p=74350"},"modified":"2026-04-11T13:28:09","modified_gmt":"2026-04-11T13:28:09","slug":"camiseta-deportivo-femenino-umbro-termico-ligero-mangas-largas-2","status":"publish","type":"product","link":"https:\/\/brandss.com.py\/index\/producto\/camiseta-deportivo-femenino-umbro-termico-ligero-mangas-largas-2\/","title":{"rendered":"CAMISETA DEPORTIVO FEMENINO UMBRO T\u00c9RMICO LIGERO MANGAS LARGAS"},"content":{"rendered":"<p><img loading=\"lazy\" decoding=\"async\" class=\"\" src=\"https:\/\/upload.wikimedia.org\/wikipedia\/commons\/b\/b7\/Logo_Umbro.png\" alt=\"Archivo:Logo Umbro.png - Wikipedia, la enciclopedia libre\" width=\"116\" height=\"78\" \/><\/p>\n<h1>T\u00c9RMICO LIGERO<\/h1>\n<div class=\"vtex-flex-layout-0-x-flexColChild vtex-flex-layout-0-x-flexColChild--details-product pb0\">\n<div class=\"vtex-store-components-3-x-productDescriptionContainer\">\n<div class=\"vtex-store-components-3-x-productDescriptionText c-muted-1\">\n<div class=\"vtex-store-components-3-x-container relative\">\n<div class=\"vtex-store-components-3-x-content h-auto\"><span>Camiseta t\u00e9rmica para mujer confeccionada en tejido ligero de poliamida y elastano, con hilo tecnol\u00f3gico que contiene protecci\u00f3n solar SPF 50+ contra los rayos UVA y UVB. Modelo slim fit, bien ajustado al cuerpo, con manga larga ragl\u00e1n y cuello redondo en el mismo tejido. Tiene costuras planas que no rozan el cuerpo y el logotipo de Umbro Pro Training en el centro de la parte superior delantera.<\/span><\/div>\n<\/div>\n<\/div>\n<\/div>\n<\/div>\n<div class=\"vtex-flex-layout-0-x-flexColChild vtex-flex-layout-0-x-flexColChild--details-product pb0\"><\/div>\n<div>G\u00e9nero: Femenino.<br \/>\nColor: Blanco.<br \/>\nComposici\u00f3n: 90% Poliamida, 10% Elastano.<\/div>\n<div class=\"vtex-flex-layout-0-x-flexColChild vtex-flex-layout-0-x-flexColChild--details-product pb0\"><span class=\"vtex-product-identifier-0-x-product-identifier vtex-product-identifier-0-x-product-identifier--productReference c-muted-1\"><span class=\"vtex-product-identifier-0-x-product-identifier__label\"><span>Modelo<\/span><\/span><span class=\"vtex-product-identifier-0-x-product-identifier__separator\"><span>:\u00a0<\/span><\/span><span class=\"vtex-product-identifier-0-x-product-identifier__value\"><span>U12TW00090-222.<\/span><\/span><\/span><\/div>\n","protected":false},"excerpt":{"rendered":"<p>T\u00c9RMICO LIGERO Camiseta t\u00e9rmica para mujer confeccionada en tejido ligero de poliamida y elastano, con hilo tecnol\u00f3gico que contiene protecci\u00f3n<\/p>\n","protected":false},"featured_media":74353,"comment_status":"open","ping_status":"closed","template":"","meta":{"nf_dc_page":""},"product_brand":[],"product_cat":[73],"product_tag":[],"class_list":{"0":"post-74350","1":"product","2":"type-product","3":"status-publish","4":"has-post-thumbnail","6":"product_cat-femenino","8":"first","9":"outofstock","10":"shipping-taxable","11":"purchasable","12":"product-type-simple"},"_links":{"self":[{"href":"https:\/\/brandss.com.py\/index\/wp-json\/wp\/v2\/product\/74350","targetHints":{"allow":["GET"]}}],"collection":[{"href":"https:\/\/brandss.com.py\/index\/wp-json\/wp\/v2\/product"}],"about":[{"href":"https:\/\/brandss.com.py\/index\/wp-json\/wp\/v2\/types\/product"}],"replies":[{"embeddable":true,"href":"https:\/\/brandss.com.py\/index\/wp-json\/wp\/v2\/comments?post=74350"}],"version-history":[{"count":1,"href":"https:\/\/brandss.com.py\/index\/wp-json\/wp\/v2\/product\/74350\/revisions"}],"predecessor-version":[{"id":74359,"href":"https:\/\/brandss.com.py\/index\/wp-json\/wp\/v2\/product\/74350\/revisions\/74359"}],"wp:featuredmedia":[{"embeddable":true,"href":"https:\/\/brandss.com.py\/index\/wp-json\/wp\/v2\/media\/74353"}],"wp:attachment":[{"href":"https:\/\/brandss.com.py\/index\/wp-json\/wp\/v2\/media?parent=74350"}],"wp:term":[{"taxonomy":"product_brand","embeddable":true,"href":"https:\/\/brandss.com.py\/index\/wp-json\/wp\/v2\/product_brand?post=74350"},{"taxonomy":"product_cat","embeddable":true,"href":"https:\/\/brandss.com.py\/index\/wp-json\/wp\/v2\/product_cat?post=74350"},{"taxonomy":"product_tag","embeddable":true,"href":"https:\/\/brandss.com.py\/index\/wp-json\/wp\/v2\/product_tag?post=74350"}],"curies":[{"name":"wp","href":"https:\/\/api.w.org\/{rel}","templated":true}]}}