{"id":74608,"date":"2025-03-03T18:12:16","date_gmt":"2025-03-03T18:12:16","guid":{"rendered":"https:\/\/brandss.com.py\/index\/?post_type=product&#038;p=74608"},"modified":"2026-04-11T13:24:28","modified_gmt":"2026-04-11T13:24:28","slug":"sujetador-deportivo-femenino-reebok-wor-camo-bra","status":"publish","type":"product","link":"https:\/\/brandss.com.py\/index\/producto\/sujetador-deportivo-femenino-reebok-wor-camo-bra\/","title":{"rendered":"SUJETADOR DEPORTIVO FEMENINO REEBOK WOR-CAMO-BRA"},"content":{"rendered":"<p><img loading=\"lazy\" decoding=\"async\" class=\"\" src=\"https:\/\/logodownload.org\/wp-content\/uploads\/2017\/06\/reebok-logo-5.png\" alt=\"Reebok Logo - PNG y Vector\" width=\"427\" height=\"215\" \/><\/p>\n<h1>HT6046<\/h1>\n<div class=\"flex max-w-full flex-col flex-grow\">\n<div class=\"min-h-8 text-message relative flex w-full flex-col items-end gap-2 whitespace-normal break-words text-start [.text-message+&amp;]:mt-5\" dir=\"auto\" data-message-author-role=\"assistant\" data-message-id=\"d3a8291e-8969-427c-98c7-725902352791\" data-message-model-slug=\"gpt-4o\">\n<div class=\"flex w-full flex-col gap-1 empty:hidden first:pt-[3px]\">\n<div class=\"markdown prose w-full break-words dark:prose-invert light\">\n<p data-start=\"0\" data-end=\"368\"><span>El <\/span><strong data-start=\"3\" data-end=\"35\"><span>Reebok ID Train Camo Bra Top<\/span><\/strong><span> en color morado es la opci\u00f3n ideal para mujeres que buscan <\/span><strong data-start=\"95\" data-end=\"126\"><span>comodidad, soporte y estilo<\/span><\/strong><span> en sus entrenamientos. Dise\u00f1ado para ofrecer un ajuste seguro y una sensaci\u00f3n de libertad en cada movimiento, este sujetador deportivo se adapta perfectamente a diversas disciplinas, desde <\/span><strong data-start=\"310\" data-end=\"365\"><span>entrenamiento funcional hasta yoga o running ligero<\/span><\/strong><span> .<\/span><\/p>\n<h3 data-start=\"370\" data-end=\"408\"><strong data-start=\"374\" data-end=\"406\"><span>Caracter\u00edsticas principales:<\/span><\/strong><\/h3>\n<ul data-start=\"409\" data-end=\"962\">\n<li data-start=\"409\" data-end=\"533\"><strong data-start=\"411\" data-end=\"428\"><span>Soporte medio<\/span><\/strong><span> : Proporciona la estabilidad ideal para ejercicios de impacto moderado, asegurando comodidad y seguridad.<\/span><\/li>\n<li data-start=\"534\" data-end=\"660\"><strong data-start=\"536\" data-end=\"561\"><span>Material transpirable<\/span><\/strong><span> : Tecnolog\u00eda que absorbe la humedad para mantener la piel seca y fresca durante el entrenamiento.<\/span><\/li>\n<li data-start=\"661\" data-end=\"758\"><strong data-start=\"663\" data-end=\"696\"><span>Espada deportiva (Racerback)<\/span><\/strong><span> : permite un rango de movimiento amplio y sin restricciones.<\/span><\/li>\n<li data-start=\"759\" data-end=\"833\"><strong data-start=\"761\" data-end=\"788\"><span>Banda el\u00e1stica inferior<\/span><\/strong><span> : Brinda ajuste seguro y mayor estabilidad.<\/span><\/li>\n<li data-start=\"834\" data-end=\"962\"><strong data-start=\"836\" data-end=\"873\"><span>Dise\u00f1o camuflaje en tonos morados<\/span><\/strong><span> : Un estampado moderno y atractivo que aporta un toque de estilo a tu outfit deportivo.<\/span><\/li>\n<\/ul>\n<p data-start=\"964\" data-end=\"1231\" data-is-last-node=\"\" data-is-only-node=\"\"><span>El <\/span><strong data-start=\"967\" data-end=\"999\"><span>Reebok ID Train Camo Bra Top<\/span><\/strong><span> es perfecto para quienes buscan <\/span><strong data-start=\"1032\" data-end=\"1056\"><span>rendimiento y dise\u00f1o<\/span><\/strong><span> en una sola prenda. Su combinaci\u00f3n de tecnolog\u00eda y est\u00e9tica lo convierte en un imprescindible para entrenar con confianza y estilo. \u00a1Siente la diferencia en cada movimiento!<\/span><\/p>\n<\/div>\n<\/div>\n<\/div>\n<\/div>\n<p>&nbsp;<\/p>\n","protected":false},"excerpt":{"rendered":"<p>HT6046 El Reebok ID Train Camo Bra Top en color morado es la opci\u00f3n ideal para mujeres que buscan comodidad,<\/p>\n","protected":false},"featured_media":74611,"comment_status":"open","ping_status":"closed","template":"","meta":{"nf_dc_page":""},"product_brand":[],"product_cat":[73],"product_tag":[],"class_list":{"0":"post-74608","1":"product","2":"type-product","3":"status-publish","4":"has-post-thumbnail","6":"product_cat-femenino","8":"first","9":"outofstock","10":"shipping-taxable","11":"purchasable","12":"product-type-simple"},"_links":{"self":[{"href":"https:\/\/brandss.com.py\/index\/wp-json\/wp\/v2\/product\/74608","targetHints":{"allow":["GET"]}}],"collection":[{"href":"https:\/\/brandss.com.py\/index\/wp-json\/wp\/v2\/product"}],"about":[{"href":"https:\/\/brandss.com.py\/index\/wp-json\/wp\/v2\/types\/product"}],"replies":[{"embeddable":true,"href":"https:\/\/brandss.com.py\/index\/wp-json\/wp\/v2\/comments?post=74608"}],"version-history":[{"count":1,"href":"https:\/\/brandss.com.py\/index\/wp-json\/wp\/v2\/product\/74608\/revisions"}],"predecessor-version":[{"id":74617,"href":"https:\/\/brandss.com.py\/index\/wp-json\/wp\/v2\/product\/74608\/revisions\/74617"}],"wp:featuredmedia":[{"embeddable":true,"href":"https:\/\/brandss.com.py\/index\/wp-json\/wp\/v2\/media\/74611"}],"wp:attachment":[{"href":"https:\/\/brandss.com.py\/index\/wp-json\/wp\/v2\/media?parent=74608"}],"wp:term":[{"taxonomy":"product_brand","embeddable":true,"href":"https:\/\/brandss.com.py\/index\/wp-json\/wp\/v2\/product_brand?post=74608"},{"taxonomy":"product_cat","embeddable":true,"href":"https:\/\/brandss.com.py\/index\/wp-json\/wp\/v2\/product_cat?post=74608"},{"taxonomy":"product_tag","embeddable":true,"href":"https:\/\/brandss.com.py\/index\/wp-json\/wp\/v2\/product_tag?post=74608"}],"curies":[{"name":"wp","href":"https:\/\/api.w.org\/{rel}","templated":true}]}}