{"id":74700,"date":"2025-03-04T12:55:33","date_gmt":"2025-03-04T12:55:33","guid":{"rendered":"https:\/\/brandss.com.py\/index\/?post_type=product&#038;p=74700"},"modified":"2025-03-04T13:15:02","modified_gmt":"2025-03-04T13:15:02","slug":"camiseta-deportiva-masculino-asics-core-running","status":"publish","type":"product","link":"https:\/\/brandss.com.py\/index\/producto\/camiseta-deportiva-masculino-asics-core-running\/","title":{"rendered":"CAMISETA DEPORTIVO MASCULINO ASICS CORE-RUNNING MANGA CORTA"},"content":{"rendered":"<p><img loading=\"lazy\" decoding=\"async\" class=\"\" src=\"https:\/\/logowik.com\/content\/uploads\/images\/asics2623.jpg\" alt=\"Logotipo de Asics PNG en formato SVG, PDF, AI, CDR\" width=\"269\" height=\"202\" \/><\/p>\n<h1><span style=\"vertical-align: inherit\"><span style=\"vertical-align: inherit\">MRB4322.8052<\/span><\/span><\/h1>\n<div class=\"flex max-w-full flex-col flex-grow\">\n<div class=\"min-h-8 text-message relative flex w-full flex-col items-end gap-2 whitespace-normal break-words text-start [.text-message+&amp;]:mt-5\" dir=\"auto\" data-message-author-role=\"assistant\" data-message-id=\"b3122698-9359-4310-8d19-76bdb2c19195\" data-message-model-slug=\"gpt-4o\">\n<div class=\"flex w-full flex-col gap-1 empty:hidden first:pt-[3px]\">\n<div class=\"markdown prose w-full break-words dark:prose-invert light\">\n<h3 data-start=\"0\" data-end=\"59\"><strong data-start=\"4\" data-end=\"57\"><span style=\"vertical-align: inherit\"><span style=\"vertical-align: inherit\">\u00a0Asics de Manga Corta para Hombre<\/span><\/span><\/strong><\/h3>\n<p data-start=\"61\" data-end=\"368\"><span style=\"vertical-align: inherit\"><span style=\"vertical-align: inherit\">La <\/span><\/span><strong data-start=\"64\" data-end=\"105\"><span style=\"vertical-align: inherit\"><span style=\"vertical-align: inherit\">remera deportiva Asics de manga corta<\/span><\/span><\/strong><span style=\"vertical-align: inherit\"><span style=\"vertical-align: inherit\"> es una prenda dise\u00f1ada para ofrecer comodidad, transpirabilidad y rendimiento en cada entrenamiento. Su confecci\u00f3n en materiales livianos y de secado r\u00e1pido la hace ideal para actividades f\u00edsicas de alta intensidad, brindando frescura y libertad de movimiento.<\/span><\/span><\/p>\n<h4 data-start=\"370\" data-end=\"397\"><strong data-start=\"375\" data-end=\"395\"><span style=\"vertical-align: inherit\"><span style=\"vertical-align: inherit\">Caracter\u00edsticas:<\/span><\/span><\/strong><\/h4>\n<p data-start=\"398\" data-end=\"984\"><span style=\"vertical-align: inherit\"><span style=\"vertical-align: inherit\">\u2705 <\/span><\/span><strong data-start=\"400\" data-end=\"435\"><span style=\"vertical-align: inherit\"><span style=\"vertical-align: inherit\">Material ligero y transpirable:<\/span><\/span><\/strong><span style=\"vertical-align: inherit\"><span style=\"vertical-align: inherit\"> Tejido dise\u00f1ado para favorecer la ventilaci\u00f3n y mantener la piel seca durante la actividad. <\/span><\/span><br data-start=\"527\" data-end=\"530\" \/><span style=\"vertical-align: inherit\"><span style=\"vertical-align: inherit\">\u2705 <\/span><\/span><strong data-start=\"532\" data-end=\"571\"><span style=\"vertical-align: inherit\"><span style=\"vertical-align: inherit\">Tecnolog\u00eda de absorci\u00f3n de humedad:<\/span><\/span><\/strong><span style=\"vertical-align: inherit\"><span style=\"vertical-align: inherit\"> Ayuda a eliminar el sudor y mantener el cuerpo fresco. <\/span><\/span><br data-start=\"626\" data-end=\"629\" data-is-only-node=\"\" \/><span style=\"vertical-align: inherit\"><span style=\"vertical-align: inherit\">\u2705 <\/span><\/span><strong data-start=\"631\" data-end=\"662\"><span style=\"vertical-align: inherit\"><span style=\"vertical-align: inherit\">Ajuste c\u00f3modo y ergon\u00f3mico:<\/span><\/span><\/strong><span style=\"vertical-align: inherit\"><span style=\"vertical-align: inherit\"> Se adapta al cuerpo sin restringir los movimientos. <\/span><\/span><br data-start=\"714\" data-end=\"717\" \/><span style=\"vertical-align: inherit\"><span style=\"vertical-align: inherit\">\u2705 <\/span><\/span><strong data-start=\"719\" data-end=\"749\"><span style=\"vertical-align: inherit\"><span style=\"vertical-align: inherit\">Dise\u00f1o cl\u00e1sico y vers\u00e1til:<\/span><\/span><\/strong><span style=\"vertical-align: inherit\"><span style=\"vertical-align: inherit\"> Color s\u00f3lido con el logo Asics en el pecho, ideal tanto para entrenamientos como para un look deportivo casual. <\/span><\/span><br data-start=\"861\" data-end=\"864\" \/><span style=\"vertical-align: inherit\"><span style=\"vertical-align: inherit\">\u2705 <\/span><\/span><strong data-start=\"866\" data-end=\"901\"><span style=\"vertical-align: inherit\"><span style=\"vertical-align: inherit\">Cuello redondo y mangas cortas:<\/span><\/span><\/strong><span style=\"vertical-align: inherit\"><span style=\"vertical-align: inherit\"> Proporcionan una sensaci\u00f3n de frescura y confort en cualquier tipo de actividad.<\/span><\/span><\/p>\n<p data-start=\"986\" data-end=\"1222\" data-is-last-node=\"\" data-is-only-node=\"\"><span style=\"vertical-align: inherit\"><span style=\"vertical-align: inherit\">Perfecta para correr, entrenar en el gimnasio o practicar cualquier deporte, esta <\/span><\/span><strong data-start=\"1068\" data-end=\"1084\"><span style=\"vertical-align: inherit\"><span style=\"vertical-align: inherit\">remera Asics<\/span><\/span><\/strong><span style=\"vertical-align: inherit\"><span style=\"vertical-align: inherit\"> combina <\/span><\/span><strong data-start=\"1093\" data-end=\"1119\"><span style=\"vertical-align: inherit\"><span style=\"vertical-align: inherit\">estilo y funcionalidad<\/span><\/span><\/strong><span style=\"vertical-align: inherit\"><span style=\"vertical-align: inherit\"> , convirti\u00e9ndose en una opci\u00f3n imprescindible para quienes buscan comodidad y alto rendimiento. \ud83c\udfc3\u200d\u2642\ufe0f\ud83d\udcaa<\/span><\/span><\/p>\n<\/div>\n<\/div>\n<\/div>\n<\/div>\n","protected":false},"excerpt":{"rendered":"<p>MRB4322.8052 \u00a0Asics de Manga Corta para Hombre La remera deportiva Asics de manga corta es una prenda dise\u00f1ada para ofrecer<\/p>\n","protected":false},"featured_media":74701,"comment_status":"open","ping_status":"closed","template":"","meta":{"nf_dc_page":""},"product_brand":[],"product_cat":[76],"product_tag":[],"class_list":{"0":"post-74700","1":"product","2":"type-product","3":"status-publish","4":"has-post-thumbnail","6":"product_cat-masculino","8":"first","9":"instock","10":"shipping-taxable","11":"purchasable","12":"product-type-simple"},"_links":{"self":[{"href":"https:\/\/brandss.com.py\/index\/wp-json\/wp\/v2\/product\/74700","targetHints":{"allow":["GET"]}}],"collection":[{"href":"https:\/\/brandss.com.py\/index\/wp-json\/wp\/v2\/product"}],"about":[{"href":"https:\/\/brandss.com.py\/index\/wp-json\/wp\/v2\/types\/product"}],"replies":[{"embeddable":true,"href":"https:\/\/brandss.com.py\/index\/wp-json\/wp\/v2\/comments?post=74700"}],"version-history":[{"count":3,"href":"https:\/\/brandss.com.py\/index\/wp-json\/wp\/v2\/product\/74700\/revisions"}],"predecessor-version":[{"id":74713,"href":"https:\/\/brandss.com.py\/index\/wp-json\/wp\/v2\/product\/74700\/revisions\/74713"}],"wp:featuredmedia":[{"embeddable":true,"href":"https:\/\/brandss.com.py\/index\/wp-json\/wp\/v2\/media\/74701"}],"wp:attachment":[{"href":"https:\/\/brandss.com.py\/index\/wp-json\/wp\/v2\/media?parent=74700"}],"wp:term":[{"taxonomy":"product_brand","embeddable":true,"href":"https:\/\/brandss.com.py\/index\/wp-json\/wp\/v2\/product_brand?post=74700"},{"taxonomy":"product_cat","embeddable":true,"href":"https:\/\/brandss.com.py\/index\/wp-json\/wp\/v2\/product_cat?post=74700"},{"taxonomy":"product_tag","embeddable":true,"href":"https:\/\/brandss.com.py\/index\/wp-json\/wp\/v2\/product_tag?post=74700"}],"curies":[{"name":"wp","href":"https:\/\/api.w.org\/{rel}","templated":true}]}}