{"id":74716,"date":"2025-03-04T13:19:35","date_gmt":"2025-03-04T13:19:35","guid":{"rendered":"https:\/\/brandss.com.py\/index\/?post_type=product&#038;p=74716"},"modified":"2025-03-04T13:19:52","modified_gmt":"2025-03-04T13:19:52","slug":"camiseta-deportivo-masculino-asics-core-running-sin-mangas-2","status":"publish","type":"product","link":"https:\/\/brandss.com.py\/index\/producto\/camiseta-deportivo-masculino-asics-core-running-sin-mangas-2\/","title":{"rendered":"CAMISETA DEPORTIVO MASCULINO ASICS CORE-RUNNING SIN MANGAS"},"content":{"rendered":"<p><img loading=\"lazy\" decoding=\"async\" class=\"\" src=\"https:\/\/logowik.com\/content\/uploads\/images\/asics2623.jpg\" alt=\"Asics Logo PNG vector in SVG, PDF, AI, CDR format\" width=\"280\" height=\"210\" \/><\/p>\n<h1>MRB4325.0819<\/h1>\n<h3 data-start=\"0\" data-end=\"64\"><strong data-start=\"4\" data-end=\"62\"><span>Camiseta de tirantes Asics Core Running PA para hombre \u2013 Directorio Azul<\/span><\/strong><\/h3>\n<p data-start=\"66\" data-end=\"456\"><span>La <\/span><strong data-start=\"69\" data-end=\"99\"><span>Asics Core Running PA Tank<\/span><\/strong><span> es una musculosa dise\u00f1ada para corredores que buscan <\/span><strong data-start=\"153\" data-end=\"195\"><span>ligereza, transpirabilidad y comodidad<\/span><\/strong><span> en cada entrenamiento. Su dise\u00f1o sin mangas y su tejido de secado r\u00e1pido permiten una mayor ventilaci\u00f3n, manteni\u00e9ndote fresco y seco en todo momento. Ideal para correr en climas c\u00e1lidos o sesiones de alta intensidad, esta prenda combina rendimiento y estilo.<\/span><\/p>\n<h4 data-start=\"458\" data-end=\"485\"><strong data-start=\"463\" data-end=\"483\"><span>Caracter\u00edsticas:<\/span><\/strong><\/h4>\n<p data-start=\"486\" data-end=\"1094\"><span>\u2705 <\/span><strong data-start=\"488\" data-end=\"514\"><span>Dise\u00f1ada para correr:<\/span><\/strong><span> Corte ergon\u00f3mico que permite total libertad de movimiento. <\/span><br data-start=\"573\" data-end=\"576\" \/><span>\u2705 <\/span><strong data-start=\"578\" data-end=\"611\"><span>Tejido transpirable y ligero:<\/span><\/strong><span> Favorece la circulaci\u00f3n del aire para mantener la piel fresca y seca. <\/span><br data-start=\"681\" data-end=\"684\" data-is-only-node=\"\" \/><span>\u2705 <\/span><strong data-start=\"686\" data-end=\"725\"><span>Tecnolog\u00eda de absorci\u00f3n de humedad:<\/span><\/strong><span> Aleja el sudor del cuerpo, proporcionando mayor comodidad. <\/span><br data-start=\"784\" data-end=\"787\" \/><span>\u2705 <\/span><strong data-start=\"789\" data-end=\"832\"><span>Material resistente y de secado r\u00e1pido:<\/span><\/strong><span> Perfecto para entrenamientos de larga duraci\u00f3n. <\/span><br data-start=\"880\" data-end=\"883\" \/><span>\u2705 <\/span><strong data-start=\"885\" data-end=\"907\"><span>Dise\u00f1o sin mangas:<\/span><\/strong><span> Mayor frescura y ventilaci\u00f3n para un rendimiento \u00f3ptimo. <\/span><br data-start=\"964\" data-end=\"967\" \/><span>\u2705 <\/span><strong data-start=\"969\" data-end=\"998\"><span>Color vibrante y moderno:<\/span><\/strong><span> En tono <\/span><strong data-start=\"1007\" data-end=\"1026\"><span>Directoire Blue<\/span><\/strong><span> , con el logo Asics en el pecho para un look deportivo y din\u00e1mico.<\/span><\/p>\n<p data-start=\"1096\" data-end=\"1282\" data-is-last-node=\"\" data-is-only-node=\"\"><span>Ideal para corredores que buscan <\/span><strong data-start=\"1129\" data-end=\"1156\"><span>comodidad y rendimiento<\/span><\/strong><span> en cada carrera, la <\/span><strong data-start=\"1177\" data-end=\"1207\"><span>Asics Core Running PA Tank<\/span><\/strong><span> es una opci\u00f3n imprescindible para quienes entrenan con intensidad. \ud83c\udfc3\u200d\u2642\ufe0f\ud83d\udca8<\/span><\/p>\n","protected":false},"excerpt":{"rendered":"<p>MRB4325.0819 Camiseta de tirantes Asics Core Running PA para hombre \u2013 Directorio Azul La Asics Core Running PA Tank es<\/p>\n","protected":false},"featured_media":74718,"comment_status":"open","ping_status":"closed","template":"","meta":{"nf_dc_page":""},"product_brand":[],"product_cat":[76],"product_tag":[],"class_list":{"0":"post-74716","1":"product","2":"type-product","3":"status-publish","4":"has-post-thumbnail","6":"product_cat-masculino","8":"first","9":"instock","10":"shipping-taxable","11":"purchasable","12":"product-type-simple"},"_links":{"self":[{"href":"https:\/\/brandss.com.py\/index\/wp-json\/wp\/v2\/product\/74716","targetHints":{"allow":["GET"]}}],"collection":[{"href":"https:\/\/brandss.com.py\/index\/wp-json\/wp\/v2\/product"}],"about":[{"href":"https:\/\/brandss.com.py\/index\/wp-json\/wp\/v2\/types\/product"}],"replies":[{"embeddable":true,"href":"https:\/\/brandss.com.py\/index\/wp-json\/wp\/v2\/comments?post=74716"}],"version-history":[{"count":1,"href":"https:\/\/brandss.com.py\/index\/wp-json\/wp\/v2\/product\/74716\/revisions"}],"predecessor-version":[{"id":74719,"href":"https:\/\/brandss.com.py\/index\/wp-json\/wp\/v2\/product\/74716\/revisions\/74719"}],"wp:featuredmedia":[{"embeddable":true,"href":"https:\/\/brandss.com.py\/index\/wp-json\/wp\/v2\/media\/74718"}],"wp:attachment":[{"href":"https:\/\/brandss.com.py\/index\/wp-json\/wp\/v2\/media?parent=74716"}],"wp:term":[{"taxonomy":"product_brand","embeddable":true,"href":"https:\/\/brandss.com.py\/index\/wp-json\/wp\/v2\/product_brand?post=74716"},{"taxonomy":"product_cat","embeddable":true,"href":"https:\/\/brandss.com.py\/index\/wp-json\/wp\/v2\/product_cat?post=74716"},{"taxonomy":"product_tag","embeddable":true,"href":"https:\/\/brandss.com.py\/index\/wp-json\/wp\/v2\/product_tag?post=74716"}],"curies":[{"name":"wp","href":"https:\/\/api.w.org\/{rel}","templated":true}]}}