{"id":74764,"date":"2025-03-04T16:09:40","date_gmt":"2025-03-04T16:09:40","guid":{"rendered":"https:\/\/brandss.com.py\/index\/?post_type=product&#038;p=74764"},"modified":"2025-03-04T16:54:57","modified_gmt":"2025-03-04T16:54:57","slug":"camisillas-deportivo-femenino-fila-running-bio-iii","status":"publish","type":"product","link":"https:\/\/brandss.com.py\/index\/producto\/camisillas-deportivo-femenino-fila-running-bio-iii\/","title":{"rendered":"CAMISETA DEPORTIVO FEMENINO FILA RUNNING BIO III SIN MANGAS"},"content":{"rendered":"<h1 data-start=\"0\" data-end=\"96\"><img decoding=\"async\" src=\"https:\/\/i0.wp.com\/1000marcas.net\/wp-content\/uploads\/2019\/12\/logo-Fila.png?resize=140%2C79&amp;ssl=1\" \/><\/h1>\n<h1 data-start=\"0\" data-end=\"96\">FILA Camisilla Femenina Running Bio III<\/h1>\n<p data-start=\"98\" data-end=\"379\">La FILA Camisilla Femenina Running Bio III (F12R00237 3161) es ideal para corredoras y deportistas que buscan una prenda ligera, transpirable y c\u00f3moda. Dise\u00f1ada con materiales de secado r\u00e1pido, permite mantener la frescura y la libertad de movimiento en cada entrenamiento.<\/p>\n<h3 data-start=\"381\" data-end=\"407\"><strong data-start=\"385\" data-end=\"405\">Caracter\u00edsticas:<\/strong><\/h3>\n<ul data-start=\"408\" data-end=\"974\">\n<li data-start=\"408\" data-end=\"427\"><strong data-start=\"410\" data-end=\"420\">Marca:<\/strong> FILA<\/li>\n<li data-start=\"428\" data-end=\"478\"><strong data-start=\"430\" data-end=\"441\">Modelo:<\/strong> Running Bio III (F12R00237 3161)<\/li>\n<li data-start=\"479\" data-end=\"521\"><strong data-start=\"481\" data-end=\"490\">Tipo:<\/strong> Camisilla deportiva femenina<\/li>\n<li data-start=\"522\" data-end=\"571\"><strong data-start=\"524\" data-end=\"537\">Material:<\/strong> Poli\u00e9ster ligero y transpirable<\/li>\n<li data-start=\"572\" data-end=\"645\"><strong data-start=\"574\" data-end=\"585\">Dise\u00f1o:<\/strong> Espalda deportiva y corte ergon\u00f3mico para mayor comodidad<\/li>\n<li data-start=\"646\" data-end=\"729\"><strong data-start=\"648\" data-end=\"663\">Tecnolog\u00eda:<\/strong> Secado r\u00e1pido y absorci\u00f3n de humedad para mantener la piel seca<\/li>\n<li data-start=\"730\" data-end=\"781\"><strong data-start=\"732\" data-end=\"742\">Corte:<\/strong> Ajuste regular, favorecedor y c\u00f3modo<\/li>\n<li data-start=\"782\" data-end=\"824\"><strong data-start=\"784\" data-end=\"794\">Color:<\/strong> Naranja<\/li>\n<li data-start=\"825\" data-end=\"907\"><strong data-start=\"827\" data-end=\"847\">Uso recomendado:<\/strong> Running, gimnasio, entrenamiento y actividades deportivas<\/li>\n<li data-start=\"908\" data-end=\"943\"><strong data-start=\"910\" data-end=\"921\">Estilo:<\/strong> Deportivo y moderno<\/li>\n<li data-start=\"944\" data-end=\"974\"><strong data-start=\"946\" data-end=\"960\">Temporada:<\/strong> Todo el a\u00f1o<\/li>\n<\/ul>\n<h3 data-start=\"976\" data-end=\"1005\"><strong data-start=\"980\" data-end=\"1003\">El paquete incluye:<\/strong><\/h3>\n<ul>\n<li data-start=\"1006\" data-end=\"1084\">1 x Camisilla FILA Running Bio III<\/li>\n<li data-start=\"1006\" data-end=\"1084\">1 x Etiqueta original de la marca<\/li>\n<\/ul>\n<p data-start=\"1086\" data-end=\"1211\" data-is-last-node=\"\" data-is-only-node=\"\"><strong data-start=\"1086\" data-end=\"1107\">Tipo de producto:<\/strong> Camisilla femenina de alto rendimiento, perfecta para entrenamientos intensos con frescura y comodidad.<\/p>\n","protected":false},"excerpt":{"rendered":"<p>FILA Camisilla Femenina Running Bio III La FILA Camisilla Femenina Running Bio III (F12R00237 3161) es ideal para corredoras y<\/p>\n","protected":false},"featured_media":74765,"comment_status":"open","ping_status":"closed","template":"","meta":{"nf_dc_page":""},"product_brand":[],"product_cat":[73],"product_tag":[],"class_list":{"0":"post-74764","1":"product","2":"type-product","3":"status-publish","4":"has-post-thumbnail","6":"product_cat-femenino","8":"first","9":"instock","10":"shipping-taxable","11":"purchasable","12":"product-type-simple"},"_links":{"self":[{"href":"https:\/\/brandss.com.py\/index\/wp-json\/wp\/v2\/product\/74764","targetHints":{"allow":["GET"]}}],"collection":[{"href":"https:\/\/brandss.com.py\/index\/wp-json\/wp\/v2\/product"}],"about":[{"href":"https:\/\/brandss.com.py\/index\/wp-json\/wp\/v2\/types\/product"}],"replies":[{"embeddable":true,"href":"https:\/\/brandss.com.py\/index\/wp-json\/wp\/v2\/comments?post=74764"}],"version-history":[{"count":2,"href":"https:\/\/brandss.com.py\/index\/wp-json\/wp\/v2\/product\/74764\/revisions"}],"predecessor-version":[{"id":74794,"href":"https:\/\/brandss.com.py\/index\/wp-json\/wp\/v2\/product\/74764\/revisions\/74794"}],"wp:featuredmedia":[{"embeddable":true,"href":"https:\/\/brandss.com.py\/index\/wp-json\/wp\/v2\/media\/74765"}],"wp:attachment":[{"href":"https:\/\/brandss.com.py\/index\/wp-json\/wp\/v2\/media?parent=74764"}],"wp:term":[{"taxonomy":"product_brand","embeddable":true,"href":"https:\/\/brandss.com.py\/index\/wp-json\/wp\/v2\/product_brand?post=74764"},{"taxonomy":"product_cat","embeddable":true,"href":"https:\/\/brandss.com.py\/index\/wp-json\/wp\/v2\/product_cat?post=74764"},{"taxonomy":"product_tag","embeddable":true,"href":"https:\/\/brandss.com.py\/index\/wp-json\/wp\/v2\/product_tag?post=74764"}],"curies":[{"name":"wp","href":"https:\/\/api.w.org\/{rel}","templated":true}]}}