{"id":74861,"date":"2025-03-05T16:13:03","date_gmt":"2025-03-05T16:13:03","guid":{"rendered":"https:\/\/brandss.com.py\/index\/?post_type=product&#038;p=74861"},"modified":"2025-09-24T18:59:21","modified_gmt":"2025-09-24T18:59:21","slug":"espuma-limpiador-facial-kumano-yushi-horse-oil-with-tsubaki-oil-130gr","status":"publish","type":"product","link":"https:\/\/brandss.com.py\/index\/producto\/espuma-limpiador-facial-kumano-yushi-horse-oil-with-tsubaki-oil-130gr\/","title":{"rendered":"ESPUMA LIMPIADOR FACIAL KUMANO YUSHI HORSE OIL WITH TSUBAKI OIL 130GR"},"content":{"rendered":"<p><img loading=\"lazy\" decoding=\"async\" class=\"\" src=\"https:\/\/www.static-src.com\/wcsstore\/Indraprastha\/images\/brandlogo\/\/BRD-22000\/kumano-yushi-logo.png\" alt=\"Jual Kumano Yushi \u2713 Februari 2025 100% Original \u2013 Official Store Indonesia\" width=\"107\" height=\"71\" \/><\/p>\n<h1>HORSE OIL WITH TSUBAKI OIL<\/h1>\n<p>La espuma limpiadora con aceite de caballo\u00a0 y aceite de tsubaki es una espuma limpiadora suave y eficaz formulada con aceite de caballo natural y aceite de tsubaki (camelia). En su pr\u00e1ctico tama\u00f1o de 130 g, esta espuma limpiadora proporciona una experiencia de limpieza lujosa, eliminando impurezas, maquillaje y exceso de grasa sin eliminar la humedad natural de la piel. Experimente los beneficios nutritivos del aceite de caballo y las propiedades acondicionadoras del aceite de tsubaki para una tez limpia, suave y radiante.<\/p>\n<p><strong><span>Caracter\u00edsticas:<\/span><\/strong><\/p>\n<p><span>\u2728\u00a0<\/span><strong><span>Aceite de caballo natural:<\/span><\/strong><span>\u00a0el aceite de caballo es rico en \u00e1cidos grasos esenciales y vitaminas, lo que lo convierte en un ingrediente nutritivo para la piel. Ayuda a hidratar, suavizar y acondicionar la piel, dej\u00e1ndola tersa y suave.<\/span><\/p>\n<p><span>\u2728<strong>Aceite\u00a0<\/strong><\/span><strong><span>de tsubaki (camelia):<\/span><\/strong><span>\u00a0el aceite de tsubaki es conocido por sus propiedades acondicionadoras. Ayuda a mejorar la textura de la piel, dej\u00e1ndola suave y aterciopelada. El aceite de tsubaki tambi\u00e9n aporta antioxidantes, lo que promueve una tez saludable y de aspecto juvenil.<\/span><\/p>\n<p><span>\u2728\u00a0<\/span><strong><span>Limpieza suave:<\/span><\/strong><span>\u00a0la espuma limpiadora elimina eficazmente el maquillaje, las impurezas y el exceso de grasa, proporcionando una experiencia de limpieza profunda pero suave. Deja la piel limpia, fresca y revitalizada.<\/span><\/p>\n<p><span>\u2728\u00a0<\/span><strong><span>F\u00f3rmula humectante:<\/span><\/strong><span>\u00a0el limpiador en espuma contiene ingredientes humectantes que ayudan a mantener la hidrataci\u00f3n natural de la piel. Limpia sin resecar, dejando la piel equilibrada y c\u00f3moda despu\u00e9s de cada uso.<\/span><\/p>\n<p><span>\u2728<strong>Fragancia\u00a0<\/strong><\/span><strong><span>refrescante:<\/span><\/strong><span>\u00a0disfruta de la fragancia sutil y refrescante de la espuma limpiadora, realzando tu ritual de limpieza con un delicioso aroma.<\/span><\/p>\n<p><strong><span>Modo de empleo:<\/span><\/strong><\/p>\n<ol>\n<li><span>M\u00f3jate la cara con agua.<\/span><\/li>\n<li><span>Aplique una peque\u00f1a cantidad de aceite de caballo con espuma limpiadora de aceite Tsubaki en la palma de su mano.<\/span><\/li>\n<li><span>A\u00f1ade agua para crear espuma frotando tus manos.<\/span><\/li>\n<li><span>Masajea suavemente la espuma sobre tu rostro con movimientos circulares, evitando el \u00e1rea de los ojos.<\/span><\/li>\n<li><span>Enjuague bien con agua, asegur\u00e1ndose de eliminar todos los residuos.<\/span><\/li>\n<li><span>S\u00e9cate la cara dando palmaditas con una toalla limpia.<\/span><\/li>\n<\/ol>\n","protected":false},"excerpt":{"rendered":"<p>HORSE OIL WITH TSUBAKI OIL La espuma limpiadora con aceite de caballo\u00a0 y aceite de tsubaki es una espuma limpiadora<\/p>\n","protected":false},"featured_media":74862,"comment_status":"open","ping_status":"closed","template":"","meta":{"nf_dc_page":""},"product_brand":[],"product_cat":[104],"product_tag":[378],"class_list":{"0":"post-74861","1":"product","2":"type-product","3":"status-publish","4":"has-post-thumbnail","6":"product_cat-skin-care","7":"product_tag-378","9":"first","10":"instock","11":"shipping-taxable","12":"purchasable","13":"product-type-simple"},"_links":{"self":[{"href":"https:\/\/brandss.com.py\/index\/wp-json\/wp\/v2\/product\/74861","targetHints":{"allow":["GET"]}}],"collection":[{"href":"https:\/\/brandss.com.py\/index\/wp-json\/wp\/v2\/product"}],"about":[{"href":"https:\/\/brandss.com.py\/index\/wp-json\/wp\/v2\/types\/product"}],"replies":[{"embeddable":true,"href":"https:\/\/brandss.com.py\/index\/wp-json\/wp\/v2\/comments?post=74861"}],"version-history":[{"count":1,"href":"https:\/\/brandss.com.py\/index\/wp-json\/wp\/v2\/product\/74861\/revisions"}],"predecessor-version":[{"id":74868,"href":"https:\/\/brandss.com.py\/index\/wp-json\/wp\/v2\/product\/74861\/revisions\/74868"}],"wp:featuredmedia":[{"embeddable":true,"href":"https:\/\/brandss.com.py\/index\/wp-json\/wp\/v2\/media\/74862"}],"wp:attachment":[{"href":"https:\/\/brandss.com.py\/index\/wp-json\/wp\/v2\/media?parent=74861"}],"wp:term":[{"taxonomy":"product_brand","embeddable":true,"href":"https:\/\/brandss.com.py\/index\/wp-json\/wp\/v2\/product_brand?post=74861"},{"taxonomy":"product_cat","embeddable":true,"href":"https:\/\/brandss.com.py\/index\/wp-json\/wp\/v2\/product_cat?post=74861"},{"taxonomy":"product_tag","embeddable":true,"href":"https:\/\/brandss.com.py\/index\/wp-json\/wp\/v2\/product_tag?post=74861"}],"curies":[{"name":"wp","href":"https:\/\/api.w.org\/{rel}","templated":true}]}}