{"id":75152,"date":"2025-03-07T13:30:49","date_gmt":"2025-03-07T13:30:49","guid":{"rendered":"https:\/\/brandss.com.py\/index\/?post_type=product&#038;p=75152"},"modified":"2025-09-25T12:05:47","modified_gmt":"2025-09-25T12:05:47","slug":"shampoo-perfumado-kerasys-elegance-sensual-600ml","status":"publish","type":"product","link":"https:\/\/brandss.com.py\/index\/producto\/shampoo-perfumado-kerasys-elegance-sensual-600ml\/","title":{"rendered":"SHAMPOO PERFUMADO KERASYS ELEGANCE &amp; SENSUAL 600ML"},"content":{"rendered":"<p><img loading=\"lazy\" decoding=\"async\" class=\"\" src=\"https:\/\/static.wixstatic.com\/media\/2d4278_a729ce2cee1341ccbb84966bc300d2e4~mv2.png\/v1\/fit\/w_500,h_500,q_90\/file.png\" alt=\"KERASYS REPAIRING CONDITIONER - DAMAGE CARE 600ML (12 PCS\/CASE) | Nextrade  Philippines\" width=\"113\" height=\"113\" \/><\/p>\n<h1>ELEGANCE &amp; SENSUAL<\/h1>\n<p>Este shampoo combina la tradici\u00f3n y la tecnolog\u00eda para ofrecer un producto de alta calidad. Su f\u00f3rmula \u00fanica incluye ingredientes como el aceite de \u00e1rbol de t\u00e9, conocido por sus propiedades antimicrobianas y antiinflamatorias, y el aceite de semilla de camelia, que aporta hidrataci\u00f3n y brillo al cabello. Adem\u00e1s, contiene extractos de diversas flores, que aportan una fragancia \u00fanica y ayudan a fortalecer y revitalizar el cabello. Es apto para todo tipo de cabello, en especial para cabellos finos, d\u00e9biles, sin cuerpo.<\/p>\n<p>Proporciona al cabello una fragancia delicada y sensual a la vez, al tiempo que repara y fortalece el cabello debilitado y fino, devolvi\u00e9ndole movimiento, cuerpo y volumen.<\/p>\n<h4>Beneficios:<\/h4>\n<ul>\n<li>Soluci\u00f3n de equilibrio<\/li>\n<li>F\u00f3rmula de volumen<\/li>\n<li>10 esencia floral<\/li>\n<li>3 extractos de aceite de hierbas<\/li>\n<li>Amino\u00e1cido<\/li>\n<li>Sin siliconas.<\/li>\n<\/ul>\n<h4>Ingredientes activos<\/h4>\n<div class=\"collapsible-tab__text\">\n<p><span class=\"metafield-multi_line_text_field\"><em>Melaeuca Alternifolia(Tea Tree) Leaf Oil:<\/em> Conocido por sus propiedades antimicrobianas y antiinflamatorias, el aceite de \u00e1rbol de t\u00e9 puede ayudar a tratar problemas del cuero cabelludo, como la caspa<br \/>\n<em>Camellia Sinensis Seed Oil:<\/em> Este aceite aporta nutrientes esenciales, como vitaminas y minerales, que son beneficiosos para la salud general del cabello<br \/>\n<em>Sodium Hyaluronate:<\/em> Este ingrediente ayuda a retener la humedad en el cabello, lo que puede mejorar su flexibilidad y prevenir la rotura.<\/span><\/p>\n<\/div>\n<div class=\"row item-row\">\n<div class=\"col-xs-24\">\n<div>\n<p>Es rico en 10 tipos de esencias florales y 3 tipos de extractos de aceites herbales, y proporciona al cabello una nueva experiencia con una fragancia y un volumen m\u00e1s duraderos.<\/p>\n<p>F\u00f3rmula de perfume con 10 tipos de esencias florales y 3 tipos de aceite de hierbas. Experimente una fragancia duradera y un cabello voluminoso y brillante.<\/p>\n<h4><strong>Perfume de larga duraci\u00f3n<\/strong><\/h4>\n<p>La nota superior con una refrescante flor de manzano y un melocot\u00f3n aldeh\u00eddo fresco y el sensual nardo y el ylang ylang en la nota media crean un perfil fragante y la nota inferior con s\u00e1ndalo y almizcle deja un aroma persistente, rico y elegante.<\/p>\n<ul>\n<li><strong>Notas de salida:<\/strong>\u00a0Flor de manzano, flor de lirio, melocot\u00f3n aldeh\u00eddo<\/li>\n<li><strong>Notas de coraz\u00f3n:<\/strong>\u00a0Nardo, ylang ylang, violeta, jacinto<\/li>\n<li><strong>Nptas de fondo:<\/strong>\u00a0S\u00e1ndalo, arroz en polvo, almizcle<\/li>\n<\/ul>\n<\/div>\n<\/div>\n<\/div>\n<div class=\"row item-row\">\n<div class=\"col-xs-24\">\n<h4><strong>Uso sugerido<\/strong><\/h4>\n<div class=\"prodOverviewDetail\">\n<p>Forme espuma sobre el cuero cabelludo y el cabello h\u00famedos con las manos con un movimiento similar al de un masaje y enjuague bien con agua corriente.<\/p>\n<\/div>\n<\/div>\n<\/div>\n","protected":false},"excerpt":{"rendered":"<p>ELEGANCE &amp; SENSUAL Este shampoo combina la tradici\u00f3n y la tecnolog\u00eda para ofrecer un producto de alta calidad. Su f\u00f3rmula<\/p>\n","protected":false},"featured_media":75153,"comment_status":"open","ping_status":"closed","template":"","meta":{"nf_dc_page":""},"product_brand":[204],"product_cat":[85],"product_tag":[409],"class_list":{"0":"post-75152","1":"product","2":"type-product","3":"status-publish","4":"has-post-thumbnail","6":"product_brand-kerasys","7":"product_cat-cosmeticos","8":"product_tag-409","10":"first","11":"instock","12":"shipping-taxable","13":"purchasable","14":"product-type-simple"},"_links":{"self":[{"href":"https:\/\/brandss.com.py\/index\/wp-json\/wp\/v2\/product\/75152","targetHints":{"allow":["GET"]}}],"collection":[{"href":"https:\/\/brandss.com.py\/index\/wp-json\/wp\/v2\/product"}],"about":[{"href":"https:\/\/brandss.com.py\/index\/wp-json\/wp\/v2\/types\/product"}],"replies":[{"embeddable":true,"href":"https:\/\/brandss.com.py\/index\/wp-json\/wp\/v2\/comments?post=75152"}],"version-history":[{"count":1,"href":"https:\/\/brandss.com.py\/index\/wp-json\/wp\/v2\/product\/75152\/revisions"}],"predecessor-version":[{"id":75156,"href":"https:\/\/brandss.com.py\/index\/wp-json\/wp\/v2\/product\/75152\/revisions\/75156"}],"wp:featuredmedia":[{"embeddable":true,"href":"https:\/\/brandss.com.py\/index\/wp-json\/wp\/v2\/media\/75153"}],"wp:attachment":[{"href":"https:\/\/brandss.com.py\/index\/wp-json\/wp\/v2\/media?parent=75152"}],"wp:term":[{"taxonomy":"product_brand","embeddable":true,"href":"https:\/\/brandss.com.py\/index\/wp-json\/wp\/v2\/product_brand?post=75152"},{"taxonomy":"product_cat","embeddable":true,"href":"https:\/\/brandss.com.py\/index\/wp-json\/wp\/v2\/product_cat?post=75152"},{"taxonomy":"product_tag","embeddable":true,"href":"https:\/\/brandss.com.py\/index\/wp-json\/wp\/v2\/product_tag?post=75152"}],"curies":[{"name":"wp","href":"https:\/\/api.w.org\/{rel}","templated":true}]}}