{"id":75211,"date":"2025-03-07T17:59:45","date_gmt":"2025-03-07T17:59:45","guid":{"rendered":"https:\/\/brandss.com.py\/index\/?post_type=product&#038;p=75211"},"modified":"2025-03-07T18:00:10","modified_gmt":"2025-03-07T18:00:10","slug":"visera-deportivo-unisex-fila-3","status":"publish","type":"product","link":"https:\/\/brandss.com.py\/index\/producto\/visera-deportivo-unisex-fila-3\/","title":{"rendered":"VISERA DEPORTIVO UNISEX FILA"},"content":{"rendered":"<p><img loading=\"lazy\" decoding=\"async\" class=\"\" src=\"https:\/\/1000marcas.net\/wp-content\/uploads\/2019\/12\/logo-Fila.png\" alt=\"Logo de Fila: la historia y el significado del logotipo, la ...\" width=\"283\" height=\"159\" \/><\/p>\n<h1>FILA F23TN024-2921<\/h1>\n<p data-start=\"0\" data-end=\"469\"><span>La <\/span><strong data-start=\"3\" data-end=\"35\"><span>Visera Rosa Fila Tennis Team<\/span><\/strong><span> es un accesorio ideal para aquellos que buscan un equilibrio entre <\/span><strong data-start=\"103\" data-end=\"116\"><span>comodidad<\/span><\/strong><span> , <\/span><strong data-start=\"118\" data-end=\"132\"><span>protecci\u00f3n<\/span><\/strong><span> y <\/span><strong data-start=\"135\" data-end=\"145\"><span>estilo<\/span><\/strong><span> en sus entrenamientos, partidos o en su vida diaria. Como parte de la l\u00ednea de productos deportivos de <\/span><strong data-start=\"249\" data-end=\"257\"><span>Fila<\/span><\/strong><span> , una marca italiana reconocida globalmente por su presencia en eventos deportivos y su patrocinio de deportistas destacados, esta visera combina la funcionalidad de un dise\u00f1o deportivo con un toque de elegancia.<\/span><\/p>\n<h3 data-start=\"471\" data-end=\"538\"><span>Caracter\u00edsticas principales de la Visera Rosa Fila Tennis Team:<\/span><\/h3>\n<ul data-start=\"540\" data-end=\"2103\">\n<li data-start=\"540\" data-end=\"808\">\n<p data-start=\"542\" data-end=\"808\"><strong data-start=\"542\" data-end=\"553\"><span>Perfil:<\/span><\/strong><span> Especialmente dise\u00f1ada para <\/span><strong data-start=\"582\" data-end=\"591\"><span>tenis<\/span><\/strong><span> y otros <\/span><strong data-start=\"600\" data-end=\"612\"><span>deportes<\/span><\/strong><span> , esta visera es perfecta para aquellos que necesitan protecci\u00f3n del sol sin sacrificar el rendimiento ni la visibilidad. Su dise\u00f1o tambi\u00e9n la convierte en una excelente opci\u00f3n para el uso diario.<\/span><\/p>\n<\/li>\n<li data-start=\"810\" data-end=\"981\">\n<p data-start=\"812\" data-end=\"981\"><strong data-start=\"812\" data-end=\"825\"><span>Material:<\/span><\/strong><span> Fabricada en <\/span><strong data-start=\"839\" data-end=\"857\"><span>100% poliamida<\/span><\/strong><span> , un material ligero, resistente y transpirable, lo que asegura que te mantendr\u00e1s fresco durante tus actividades deportivas.<\/span><\/p>\n<\/li>\n<li data-start=\"983\" data-end=\"1583\">\n<p data-start=\"985\" data-end=\"1008\"><strong data-start=\"985\" data-end=\"1008\"><span>Detalles de dise\u00f1o:<\/span><\/strong><\/p>\n<ul data-start=\"1011\" data-end=\"1583\">\n<li data-start=\"1011\" data-end=\"1130\"><strong data-start=\"1013\" data-end=\"1037\"><span>Visera estructurada:<\/span><\/strong><span> Brinda una mayor protecci\u00f3n y resistencia, asegurando que la visibilidad no se vea afectada.<\/span><\/li>\n<li data-start=\"1133\" data-end=\"1233\"><strong data-start=\"1135\" data-end=\"1153\"><span>Modelo unisex:<\/span><\/strong><span> Apta para todos, sin importar el g\u00e9nero, adapt\u00e1ndose a una variedad de estilos.<\/span><\/li>\n<li data-start=\"1236\" data-end=\"1362\"><strong data-start=\"1238\" data-end=\"1261\"><span>Logo Fila engomado:<\/span><\/strong><span> Aplicado en la parte delantera, reflejando la identidad de la marca con un toque moderno y discreto.<\/span><\/li>\n<li data-start=\"1365\" data-end=\"1464\"><strong data-start=\"1367\" data-end=\"1408\"><span>Escritura Fila en la parte posterior:<\/span><\/strong><span> Agrega un detalle distintivo que complementa el dise\u00f1o.<\/span><\/li>\n<li data-start=\"1467\" data-end=\"1583\"><strong data-start=\"1469\" data-end=\"1487\"><span>Banda interna:<\/span><\/strong><span> Garantiza mayor comodidad durante su uso al absorber el sudor y mantener la visera en su lugar.<\/span><\/li>\n<\/ul>\n<\/li>\n<li data-start=\"1585\" data-end=\"1852\">\n<p data-start=\"1587\" data-end=\"1852\"><strong data-start=\"1587\" data-end=\"1598\"><span>Ajuste:<\/span><\/strong><span> Cuenta con un <\/span><strong data-start=\"1613\" data-end=\"1647\"><span>sistema de cierre por contacto<\/span><\/strong><span> , lo que permite un ajuste r\u00e1pido y personalizado, adapt\u00e1ndose a diferentes tama\u00f1os de cabeza. Su <\/span><strong data-start=\"1745\" data-end=\"1783\"><span>circunferencia aproximada de 57 cm<\/span><\/strong><span> asegura un ajuste adecuado y c\u00f3modo para la mayor\u00eda de las personas.<\/span><\/p>\n<\/li>\n<li data-start=\"1854\" data-end=\"1996\">\n<p data-start=\"1856\" data-end=\"1996\"><strong data-start=\"1856\" data-end=\"1884\"><span>Garant\u00eda del fabricante:<\/span><\/strong><span> Fila ofrece <\/span><strong data-start=\"1897\" data-end=\"1940\"><span>garant\u00eda contra defectos de fabricaci\u00f3n<\/span><\/strong><span> , lo que te brinda confianza en la calidad del producto.<\/span><\/p>\n<\/li>\n<li data-start=\"1998\" data-end=\"2103\">\n<p data-start=\"2000\" data-end=\"2103\"><strong data-start=\"2000\" data-end=\"2011\"><span>Origen:<\/span><\/strong><span> El producto es de <\/span><strong data-start=\"2030\" data-end=\"2049\"><span>origen nacional<\/span><\/strong><span> , lo que asegura que cumple con los est\u00e1ndares de calidad.<\/span><\/p>\n<\/li>\n<\/ul>\n<p data-start=\"2105\" data-end=\"2398\" data-is-last-node=\"\" data-is-only-node=\"\"><span>La <\/span><strong data-start=\"2108\" data-end=\"2140\"><span>Visera Rosa Fila Tennis Team<\/span><\/strong><span> es la opci\u00f3n perfecta para quienes buscan un accesorio deportivo funcional, c\u00f3modo y con un toque de estilo. Ya sea en la cancha, durante un entrenamiento o como parte de tu atuendo diario, esta visera es un complemento que a\u00f1ade comodidad y estilo a tu look.<\/span><\/p>\n","protected":false},"excerpt":{"rendered":"<p>FILA F23TN024-2921 La Visera Rosa Fila Tennis Team es un accesorio ideal para aquellos que buscan un equilibrio entre comodidad<\/p>\n","protected":false},"featured_media":75212,"comment_status":"open","ping_status":"closed","template":"","meta":{"nf_dc_page":""},"product_brand":[],"product_cat":[74,77],"product_tag":[],"class_list":{"0":"post-75211","1":"product","2":"type-product","3":"status-publish","4":"has-post-thumbnail","6":"product_cat-accesorios-fem","7":"product_cat-accesorios-masc","9":"first","10":"instock","11":"shipping-taxable","12":"purchasable","13":"product-type-simple"},"_links":{"self":[{"href":"https:\/\/brandss.com.py\/index\/wp-json\/wp\/v2\/product\/75211","targetHints":{"allow":["GET"]}}],"collection":[{"href":"https:\/\/brandss.com.py\/index\/wp-json\/wp\/v2\/product"}],"about":[{"href":"https:\/\/brandss.com.py\/index\/wp-json\/wp\/v2\/types\/product"}],"replies":[{"embeddable":true,"href":"https:\/\/brandss.com.py\/index\/wp-json\/wp\/v2\/comments?post=75211"}],"version-history":[{"count":1,"href":"https:\/\/brandss.com.py\/index\/wp-json\/wp\/v2\/product\/75211\/revisions"}],"predecessor-version":[{"id":75217,"href":"https:\/\/brandss.com.py\/index\/wp-json\/wp\/v2\/product\/75211\/revisions\/75217"}],"wp:featuredmedia":[{"embeddable":true,"href":"https:\/\/brandss.com.py\/index\/wp-json\/wp\/v2\/media\/75212"}],"wp:attachment":[{"href":"https:\/\/brandss.com.py\/index\/wp-json\/wp\/v2\/media?parent=75211"}],"wp:term":[{"taxonomy":"product_brand","embeddable":true,"href":"https:\/\/brandss.com.py\/index\/wp-json\/wp\/v2\/product_brand?post=75211"},{"taxonomy":"product_cat","embeddable":true,"href":"https:\/\/brandss.com.py\/index\/wp-json\/wp\/v2\/product_cat?post=75211"},{"taxonomy":"product_tag","embeddable":true,"href":"https:\/\/brandss.com.py\/index\/wp-json\/wp\/v2\/product_tag?post=75211"}],"curies":[{"name":"wp","href":"https:\/\/api.w.org\/{rel}","templated":true}]}}