{"id":75218,"date":"2025-03-07T18:10:16","date_gmt":"2025-03-07T18:10:16","guid":{"rendered":"https:\/\/brandss.com.py\/index\/?post_type=product&#038;p=75218"},"modified":"2026-04-11T13:23:35","modified_gmt":"2026-04-11T13:23:35","slug":"sujetador-deportivo-femenino-fila-reebok-impacto-medio-hero-racer","status":"publish","type":"product","link":"https:\/\/brandss.com.py\/index\/producto\/sujetador-deportivo-femenino-fila-reebok-impacto-medio-hero-racer\/","title":{"rendered":"SUJETADOR DEPORTIVO FEMENINO FILA REEBOK IMPACTO MEDIO HERO RACER"},"content":{"rendered":"<p><img decoding=\"async\" src=\"https:\/\/i0.wp.com\/1000marcas.net\/wp-content\/uploads\/2019\/12\/logo-Reebok.png?resize=338%2C190&amp;ssl=1\" \/><\/p>\n<h1>FM7401<\/h1>\n<div class=\"h3\">Sujetador deportivo de impacto medio Hero Racer de Reebok<\/div>\n<div class=\"h4\">Sujetador elegante con sujeci\u00f3n media.<\/div>\n<div class=\"text_wrapper\">Sujetador con espalda cruzada para entrenamientos de intensidad media. El dise\u00f1o lac\u00f3nico del modelo incluye inserciones de malla transpirable y copas extra\u00edbles. La tela que absorbe la humedad se siente suave contra la piel, mientras que el el\u00e1stico en la parte inferior garantiza un ajuste seguro.<\/div>\n<ul>\n<li>Material: 85% poli\u00e9ster reciclado \/ 15% elastano<\/li>\n<li>Ideal para entrenamientos de intensidad media.<\/li>\n<li>Nivel medio de soporte del pecho; Ajuste ce\u00f1ido<\/li>\n<li>La tecnolog\u00eda Speedwick absorbe el exceso de humedad de la piel, dej\u00e1ndote una sensaci\u00f3n de sequedad y comodidad.<\/li>\n<li>Malla de ventilaci\u00f3n; Tejido de alta calidad para soporte y comodidad.<\/li>\n<li>Costuras laterales orientadas hacia adelante y el\u00e1stico ancho en la parte inferior para brindar soporte.<\/li>\n<li>Pa\u00eds de origen: Vietnam<\/li>\n<li>Copas extra\u00edbles; escote redondo; espalda nadadora; Imprimir en el frente<\/li>\n<li>Color: rosa p\u00edxel<\/li>\n<\/ul>\n<div class=\"h3\">Cuidado<\/div>\n<div class=\"h4\">Instrucciones de lavado<\/div>\n<ul class=\"washing--ul-wrapper\">\n<li class=\"washing--wrapper\"><img loading=\"lazy\" decoding=\"async\" class=\"washing\" src=\"https:\/\/oneteam.com.ua\/files\/care-instruction\/A4.svg\" width=\"271\" height=\"271\" \/><\/li>\n<li class=\"washing--wrapper\"><span class=\"washing--descript\">Lavar a m\u00e1quina en ciclo suave con agua fr\u00eda.<\/span><\/li>\n<li class=\"washing--wrapper\"><img loading=\"lazy\" decoding=\"async\" class=\"washing\" src=\"https:\/\/oneteam.com.ua\/files\/care-instruction\/B1.svg\" width=\"260\" height=\"260\" \/><\/li>\n<li class=\"washing--wrapper\"><span class=\"washing--descript\">No usa blanqueador<\/span><\/li>\n<li class=\"washing--wrapper\"><img loading=\"lazy\" decoding=\"async\" class=\"washing\" src=\"https:\/\/oneteam.com.ua\/files\/care-instruction\/C1.svg\" width=\"239\" height=\"239\" \/><\/li>\n<li class=\"washing--wrapper\"><span class=\"washing--descript\">No secar en secadora<\/span><\/li>\n<li class=\"washing--wrapper\"><img loading=\"lazy\" decoding=\"async\" class=\"washing\" src=\"https:\/\/oneteam.com.ua\/files\/care-instruction\/D1.svg\" width=\"251\" height=\"251\" \/><\/li>\n<li class=\"washing--wrapper\"><span class=\"washing--descript\">No planchar<\/span><\/li>\n<li class=\"washing--wrapper\"><img loading=\"lazy\" decoding=\"async\" class=\"washing\" src=\"https:\/\/oneteam.com.ua\/files\/care-instruction\/E1.svg\" width=\"228\" height=\"228\" \/><\/li>\n<li class=\"washing--wrapper\"><span class=\"washing--descript\">Est\u00e1 prohibida la limpieza en seco.<\/span><\/li>\n<\/ul>\n<div class=\"h4\">Recomendaciones de cuidados adicionales<\/div>\n<ul>\n<li>No utilice suavizante de telas.<\/li>\n<li>Lavar \u00fanicamente con detergente suave.<\/li>\n<li>Lavar con prendas de colores similares.<\/li>\n<li>Retire las almohadillas interiores antes de lavar.<\/li>\n<\/ul>\n<div class=\"model_sizing\">*La altura de la modelo en la foto es de 175 cm. Talla de ropa S. Busto 90 cm. Cintura 62 cm.<\/div>\n<p>&nbsp;<\/p>\n","protected":false},"excerpt":{"rendered":"<p>FM7401 Sujetador deportivo de impacto medio Hero Racer de Reebok Sujetador elegante con sujeci\u00f3n media. Sujetador con espalda cruzada para<\/p>\n","protected":false},"featured_media":75219,"comment_status":"open","ping_status":"closed","template":"","meta":{"nf_dc_page":""},"product_brand":[],"product_cat":[73],"product_tag":[],"class_list":{"0":"post-75218","1":"product","2":"type-product","3":"status-publish","4":"has-post-thumbnail","6":"product_cat-femenino","8":"first","9":"outofstock","10":"shipping-taxable","11":"purchasable","12":"product-type-simple"},"_links":{"self":[{"href":"https:\/\/brandss.com.py\/index\/wp-json\/wp\/v2\/product\/75218","targetHints":{"allow":["GET"]}}],"collection":[{"href":"https:\/\/brandss.com.py\/index\/wp-json\/wp\/v2\/product"}],"about":[{"href":"https:\/\/brandss.com.py\/index\/wp-json\/wp\/v2\/types\/product"}],"replies":[{"embeddable":true,"href":"https:\/\/brandss.com.py\/index\/wp-json\/wp\/v2\/comments?post=75218"}],"version-history":[{"count":2,"href":"https:\/\/brandss.com.py\/index\/wp-json\/wp\/v2\/product\/75218\/revisions"}],"predecessor-version":[{"id":75295,"href":"https:\/\/brandss.com.py\/index\/wp-json\/wp\/v2\/product\/75218\/revisions\/75295"}],"wp:featuredmedia":[{"embeddable":true,"href":"https:\/\/brandss.com.py\/index\/wp-json\/wp\/v2\/media\/75219"}],"wp:attachment":[{"href":"https:\/\/brandss.com.py\/index\/wp-json\/wp\/v2\/media?parent=75218"}],"wp:term":[{"taxonomy":"product_brand","embeddable":true,"href":"https:\/\/brandss.com.py\/index\/wp-json\/wp\/v2\/product_brand?post=75218"},{"taxonomy":"product_cat","embeddable":true,"href":"https:\/\/brandss.com.py\/index\/wp-json\/wp\/v2\/product_cat?post=75218"},{"taxonomy":"product_tag","embeddable":true,"href":"https:\/\/brandss.com.py\/index\/wp-json\/wp\/v2\/product_tag?post=75218"}],"curies":[{"name":"wp","href":"https:\/\/api.w.org\/{rel}","templated":true}]}}