{"id":75228,"date":"2025-03-07T18:17:34","date_gmt":"2025-03-07T18:17:34","guid":{"rendered":"https:\/\/brandss.com.py\/index\/?post_type=product&#038;p=75228"},"modified":"2025-09-25T12:09:53","modified_gmt":"2025-09-25T12:09:53","slug":"shampoo-kerasys-dong-ui-hong-sam-nourishing-camellia-essence-500ml","status":"publish","type":"product","link":"https:\/\/brandss.com.py\/index\/producto\/shampoo-kerasys-dong-ui-hong-sam-nourishing-camellia-essence-500ml\/","title":{"rendered":"SHAMPOO KERASYS DONG UI HONG SAM NOURISHING CAMELLIA ESSENCE 500ML"},"content":{"rendered":"<p><img loading=\"lazy\" decoding=\"async\" class=\"\" src=\"https:\/\/static.wixstatic.com\/media\/2d4278_a729ce2cee1341ccbb84966bc300d2e4~mv2.png\/v1\/fit\/w_500,h_500,q_90\/file.png\" alt=\"KERASYS REPAIRING CONDITIONER - DAMAGE CARE 600ML (12 PCS\/CASE) | Nextrade  Philippines\" width=\"77\" height=\"77\" \/><\/p>\n<h1>NOURISHING CAMELLIA ESSENCE<\/h1>\n<p><span>Champ\u00fa Aekyung KeraSys Dong Ui Hong Sam Camillia Red Ginseng Shampoo con extracto de camelia y ginseng rojo. El champ\u00fa cuida eficazmente el cuero cabelludo, aporta un agradable aroma y suavidad. Ideal para cabello seco o da\u00f1ado por procesos qu\u00edmicos. <\/span><\/p>\n<p><span>Champ\u00fa Camillia Red Ginseng: <\/span><\/p>\n<p><span>&#8211; Proporciona un cabello de aspecto saludable.\u00a0<\/span><\/p>\n<p><span> Restaura el brillo natural del cabello. <\/span><\/p>\n<p><span>&#8211; Aporta un agradable aroma a camelia. El aceite de camelia aporta brillo, restauraci\u00f3n e hidrataci\u00f3n profunda. La composici\u00f3n del producto est\u00e1 enriquecida con extracto de ginseng rojo y tambi\u00e9n contiene aceite de semilla de camelia. La f\u00f3rmula no contiene parabenos ni siliconas, no irrita el cabello y le da un aspecto natural.\u00a0<\/span><\/p>\n<p><b><span>Ingredientes:<\/span><\/b><span>\u00a0La composici\u00f3n del producto est\u00e1 enriquecida con extracto de ginseng rojo y tambi\u00e9n contiene aceite de semilla de camelia. La f\u00f3rmula no contiene parabenos ni siliconas.\u00a0<\/span><\/p>\n<p><b><span>Modo de empleo:<\/span><\/b><span>\u00a0Aplicar una peque\u00f1a cantidad de champ\u00fa sobre el cabello h\u00famedo, hacer espuma y masajear, luego enjuagar con abundante agua. Repita si es necesario.<\/span><\/p>\n","protected":false},"excerpt":{"rendered":"<p>NOURISHING CAMELLIA ESSENCE Champ\u00fa Aekyung KeraSys Dong Ui Hong Sam Camillia Red Ginseng Shampoo con extracto de camelia y ginseng<\/p>\n","protected":false},"featured_media":75230,"comment_status":"open","ping_status":"closed","template":"","meta":{"nf_dc_page":""},"product_brand":[204],"product_cat":[85],"product_tag":[415],"class_list":{"0":"post-75228","1":"product","2":"type-product","3":"status-publish","4":"has-post-thumbnail","6":"product_brand-kerasys","7":"product_cat-cosmeticos","8":"product_tag-415","10":"first","11":"instock","12":"shipping-taxable","13":"purchasable","14":"product-type-simple"},"_links":{"self":[{"href":"https:\/\/brandss.com.py\/index\/wp-json\/wp\/v2\/product\/75228","targetHints":{"allow":["GET"]}}],"collection":[{"href":"https:\/\/brandss.com.py\/index\/wp-json\/wp\/v2\/product"}],"about":[{"href":"https:\/\/brandss.com.py\/index\/wp-json\/wp\/v2\/types\/product"}],"replies":[{"embeddable":true,"href":"https:\/\/brandss.com.py\/index\/wp-json\/wp\/v2\/comments?post=75228"}],"version-history":[{"count":1,"href":"https:\/\/brandss.com.py\/index\/wp-json\/wp\/v2\/product\/75228\/revisions"}],"predecessor-version":[{"id":75236,"href":"https:\/\/brandss.com.py\/index\/wp-json\/wp\/v2\/product\/75228\/revisions\/75236"}],"wp:featuredmedia":[{"embeddable":true,"href":"https:\/\/brandss.com.py\/index\/wp-json\/wp\/v2\/media\/75230"}],"wp:attachment":[{"href":"https:\/\/brandss.com.py\/index\/wp-json\/wp\/v2\/media?parent=75228"}],"wp:term":[{"taxonomy":"product_brand","embeddable":true,"href":"https:\/\/brandss.com.py\/index\/wp-json\/wp\/v2\/product_brand?post=75228"},{"taxonomy":"product_cat","embeddable":true,"href":"https:\/\/brandss.com.py\/index\/wp-json\/wp\/v2\/product_cat?post=75228"},{"taxonomy":"product_tag","embeddable":true,"href":"https:\/\/brandss.com.py\/index\/wp-json\/wp\/v2\/product_tag?post=75228"}],"curies":[{"name":"wp","href":"https:\/\/api.w.org\/{rel}","templated":true}]}}