{"id":75296,"date":"2025-03-08T15:38:02","date_gmt":"2025-03-08T15:38:02","guid":{"rendered":"https:\/\/brandss.com.py\/index\/?post_type=product&#038;p=75296"},"modified":"2025-03-08T15:39:57","modified_gmt":"2025-03-08T15:39:57","slug":"calzado-casual-femenino-diadora-helio-old-pink-white","status":"publish","type":"product","link":"https:\/\/brandss.com.py\/index\/producto\/calzado-casual-femenino-diadora-helio-old-pink-white\/","title":{"rendered":"CALZADO CASUAL FEMENINO DIADORA HELIO OLD PINK\/WHITE"},"content":{"rendered":"<p data-start=\"0\" data-end=\"81\"><!--StartFragment --><\/p>\n<p><!--StartFragment --><\/p>\n<h1><img loading=\"lazy\" decoding=\"async\" class=\"\" src=\"https:\/\/cdn.worldvectorlogo.com\/logos\/diadora-2.svg\" alt=\"Diadora Logotipo Vector - Descarga Gratis SVG | Worldvectorlogo\" width=\"197\" height=\"197\" \/><\/h1>\n<h1><!--EndFragment --><\/h1>\n<h1 data-start=\"0\" data-end=\"81\"><!--EndFragment --><\/h1>\n<h1 data-start=\"0\" data-end=\"81\">Diadora Helio L Old Pink\/White<\/h1>\n<p data-start=\"83\" data-end=\"338\">Las Diadora Helio L Old Pink\/White (8611) son la combinaci\u00f3n perfecta de dise\u00f1o cl\u00e1sico y comodidad. Con un look inspirado en el estilo retro, este calzado casual femenino es ideal para quienes buscan un toque moderno y vers\u00e1til en su outfit diario.<\/p>\n<h3 data-start=\"340\" data-end=\"366\"><strong data-start=\"344\" data-end=\"364\">Caracter\u00edsticas:<\/strong><\/h3>\n<ul data-start=\"367\" data-end=\"873\">\n<li data-start=\"367\" data-end=\"389\"><strong data-start=\"369\" data-end=\"379\">Marca:<\/strong> Diadora<\/li>\n<li data-start=\"390\" data-end=\"420\"><strong data-start=\"392\" data-end=\"403\">Modelo:<\/strong> Helio L (8611)<\/li>\n<li data-start=\"421\" data-end=\"458\"><strong data-start=\"423\" data-end=\"432\">Tipo:<\/strong> Calzado casual femenino<\/li>\n<li data-start=\"459\" data-end=\"528\"><strong data-start=\"461\" data-end=\"474\">Material:<\/strong> Capellada de cuero sint\u00e9tico con detalles en gamuza<\/li>\n<li data-start=\"529\" data-end=\"604\"><strong data-start=\"531\" data-end=\"542\">Dise\u00f1o:<\/strong> Estilo vintage con combinaci\u00f3n de tonos rosa viejo y blanco<\/li>\n<li data-start=\"605\" data-end=\"667\"><strong data-start=\"607\" data-end=\"617\">Suela:<\/strong> Goma resistente para mayor durabilidad y agarre<\/li>\n<li data-start=\"668\" data-end=\"729\"><strong data-start=\"670\" data-end=\"681\">Ajuste:<\/strong> Cordones para un calce seguro y personalizado<\/li>\n<li data-start=\"730\" data-end=\"761\"><strong data-start=\"732\" data-end=\"742\">Color:<\/strong> Old Pink \/ White<\/li>\n<li data-start=\"762\" data-end=\"810\"><strong data-start=\"764\" data-end=\"784\">Uso recomendado:<\/strong> Casual, urbano y diario<\/li>\n<li data-start=\"811\" data-end=\"842\"><strong data-start=\"813\" data-end=\"824\">Estilo:<\/strong> Retro y moderno<\/li>\n<li data-start=\"843\" data-end=\"873\"><strong data-start=\"845\" data-end=\"859\">Temporada:<\/strong> Todo el a\u00f1o<\/li>\n<\/ul>\n<h3 data-start=\"875\" data-end=\"904\"><strong data-start=\"879\" data-end=\"902\">El paquete incluye:<\/strong><\/h3>\n<ul>\n<li data-start=\"905\" data-end=\"980\">1 x Par de zapatillas Diadora Helio L<\/li>\n<li data-start=\"905\" data-end=\"980\">\u00a01 x Caja original de la marca<\/li>\n<\/ul>\n<p data-start=\"982\" data-end=\"1128\" data-is-last-node=\"\" data-is-only-node=\"\"><strong data-start=\"982\" data-end=\"1003\">Tipo de producto:<\/strong> Zapatillas casuales femeninas con dise\u00f1o cl\u00e1sico y vers\u00e1til, perfectas para completar cualquier look con estilo y comodidad.<\/p>\n","protected":false},"excerpt":{"rendered":"<p>Diadora Helio L Old Pink\/White Las Diadora Helio L Old Pink\/White (8611) son la combinaci\u00f3n perfecta de dise\u00f1o cl\u00e1sico y<\/p>\n","protected":false},"featured_media":75299,"comment_status":"open","ping_status":"closed","template":"","meta":{"nf_dc_page":""},"product_brand":[],"product_cat":[73],"product_tag":[],"class_list":{"0":"post-75296","1":"product","2":"type-product","3":"status-publish","4":"has-post-thumbnail","6":"product_cat-femenino","8":"first","9":"instock","10":"shipping-taxable","11":"purchasable","12":"product-type-simple"},"_links":{"self":[{"href":"https:\/\/brandss.com.py\/index\/wp-json\/wp\/v2\/product\/75296","targetHints":{"allow":["GET"]}}],"collection":[{"href":"https:\/\/brandss.com.py\/index\/wp-json\/wp\/v2\/product"}],"about":[{"href":"https:\/\/brandss.com.py\/index\/wp-json\/wp\/v2\/types\/product"}],"replies":[{"embeddable":true,"href":"https:\/\/brandss.com.py\/index\/wp-json\/wp\/v2\/comments?post=75296"}],"version-history":[{"count":1,"href":"https:\/\/brandss.com.py\/index\/wp-json\/wp\/v2\/product\/75296\/revisions"}],"predecessor-version":[{"id":75304,"href":"https:\/\/brandss.com.py\/index\/wp-json\/wp\/v2\/product\/75296\/revisions\/75304"}],"wp:featuredmedia":[{"embeddable":true,"href":"https:\/\/brandss.com.py\/index\/wp-json\/wp\/v2\/media\/75299"}],"wp:attachment":[{"href":"https:\/\/brandss.com.py\/index\/wp-json\/wp\/v2\/media?parent=75296"}],"wp:term":[{"taxonomy":"product_brand","embeddable":true,"href":"https:\/\/brandss.com.py\/index\/wp-json\/wp\/v2\/product_brand?post=75296"},{"taxonomy":"product_cat","embeddable":true,"href":"https:\/\/brandss.com.py\/index\/wp-json\/wp\/v2\/product_cat?post=75296"},{"taxonomy":"product_tag","embeddable":true,"href":"https:\/\/brandss.com.py\/index\/wp-json\/wp\/v2\/product_tag?post=75296"}],"curies":[{"name":"wp","href":"https:\/\/api.w.org\/{rel}","templated":true}]}}