{"id":75394,"date":"2025-03-08T19:02:35","date_gmt":"2025-03-08T19:02:35","guid":{"rendered":"https:\/\/brandss.com.py\/index\/?post_type=product&#038;p=75394"},"modified":"2026-04-11T13:23:35","modified_gmt":"2026-04-11T13:23:35","slug":"camiseta-deportiva-masculino-reebok-training-sup-tee","status":"publish","type":"product","link":"https:\/\/brandss.com.py\/index\/producto\/camiseta-deportiva-masculino-reebok-training-sup-tee\/","title":{"rendered":"CAMISETA DEPORTIVA MASCULINO REEBOK TRAINING SUP TEE"},"content":{"rendered":"<h1 data-start=\"0\" data-end=\"118\"><img decoding=\"async\" src=\"https:\/\/i0.wp.com\/1000marcas.net\/wp-content\/uploads\/2019\/12\/logo-Reebok.png?resize=338%2C190&amp;ssl=1\" \/><\/h1>\n<h1 data-start=\"0\" data-end=\"118\">Reebok Camiseta Deportiva Masculina Training Sup Tee<\/h1>\n<p data-start=\"120\" data-end=\"383\">La camiseta Reebok Training Sup Tee HT1674 est\u00e1 dise\u00f1ada para ofrecerte la m\u00e1xima comodidad y rendimiento en tus entrenamientos. Su tejido t\u00e9cnico de alto rendimiento te mantiene fresco y seco, permiti\u00e9ndote concentrarte en tus metas deportivas sin distracciones.<\/p>\n<p data-start=\"385\" data-end=\"405\"><strong data-start=\"385\" data-end=\"405\">Caracter\u00edsticas:<\/strong><\/p>\n<ul data-start=\"406\" data-end=\"1028\">\n<li data-start=\"406\" data-end=\"425\"><strong data-start=\"408\" data-end=\"418\">Marca:<\/strong> Reebok<\/li>\n<li data-start=\"426\" data-end=\"465\"><strong data-start=\"428\" data-end=\"439\">Modelo:<\/strong> Training Sup Tee (HT1674)<\/li>\n<li data-start=\"466\" data-end=\"506\"><strong data-start=\"468\" data-end=\"477\">Tipo:<\/strong> Camiseta deportiva masculina<\/li>\n<li data-start=\"507\" data-end=\"569\"><strong data-start=\"509\" data-end=\"522\">Material:<\/strong> Mezcla de poli\u00e9ster y elastano de alta calidad<\/li>\n<li data-start=\"570\" data-end=\"629\"><strong data-start=\"572\" data-end=\"583\">Dise\u00f1o:<\/strong> Logo Reebok en el pecho y detalles deportivos<\/li>\n<li data-start=\"630\" data-end=\"685\"><strong data-start=\"632\" data-end=\"642\">Corte:<\/strong> Ajuste regular para libertad de movimiento<\/li>\n<li data-start=\"686\" data-end=\"731\"><strong data-start=\"688\" data-end=\"698\">Color:<\/strong> Negro con detalles contrastantes<\/li>\n<li data-start=\"732\" data-end=\"808\"><strong data-start=\"734\" data-end=\"754\">Uso recomendado:<\/strong> Entrenamientos, gimnasio, deportes de alta intensidad<\/li>\n<li data-start=\"809\" data-end=\"844\"><strong data-start=\"811\" data-end=\"822\">Estilo:<\/strong> Deportivo y funcional<\/li>\n<li data-start=\"845\" data-end=\"873\"><strong data-start=\"847\" data-end=\"861\">Temporada:<\/strong> Todo el a\u00f1o<\/li>\n<li data-start=\"874\" data-end=\"958\"><strong data-start=\"876\" data-end=\"891\">Tecnolog\u00eda:<\/strong> Tejido transpirable y de secado r\u00e1pido que mantiene la piel fresca<\/li>\n<li data-start=\"959\" data-end=\"1028\"><strong data-start=\"961\" data-end=\"973\">Cuidado:<\/strong> F\u00e1cil de lavar y mantener, ideal para el uso frecuente<\/li>\n<\/ul>\n<p data-start=\"1030\" data-end=\"1137\"><strong data-start=\"1030\" data-end=\"1053\">El paquete incluye:<\/strong><\/p>\n<ul>\n<li data-start=\"1030\" data-end=\"1137\">1 x Camiseta Reebok Training Sup Tee<\/li>\n<li data-start=\"1030\" data-end=\"1137\">\u00a01 x Etiqueta original de la marca<\/li>\n<\/ul>\n<p data-start=\"1139\" data-end=\"1277\"><strong data-start=\"1139\" data-end=\"1160\">Tipo de producto:<\/strong> Camiseta deportiva masculina, ideal para entrenamientos intensos y actividades f\u00edsicas, combinando estilo y confort.<\/p>\n","protected":false},"excerpt":{"rendered":"<p>Reebok Camiseta Deportiva Masculina Training Sup Tee La camiseta Reebok Training Sup Tee HT1674 est\u00e1 dise\u00f1ada para ofrecerte la m\u00e1xima<\/p>\n","protected":false},"featured_media":75395,"comment_status":"open","ping_status":"closed","template":"","meta":{"nf_dc_page":""},"product_brand":[],"product_cat":[76],"product_tag":[],"class_list":{"0":"post-75394","1":"product","2":"type-product","3":"status-publish","4":"has-post-thumbnail","6":"product_cat-masculino","8":"first","9":"outofstock","10":"shipping-taxable","11":"purchasable","12":"product-type-simple"},"_links":{"self":[{"href":"https:\/\/brandss.com.py\/index\/wp-json\/wp\/v2\/product\/75394","targetHints":{"allow":["GET"]}}],"collection":[{"href":"https:\/\/brandss.com.py\/index\/wp-json\/wp\/v2\/product"}],"about":[{"href":"https:\/\/brandss.com.py\/index\/wp-json\/wp\/v2\/types\/product"}],"replies":[{"embeddable":true,"href":"https:\/\/brandss.com.py\/index\/wp-json\/wp\/v2\/comments?post=75394"}],"version-history":[{"count":1,"href":"https:\/\/brandss.com.py\/index\/wp-json\/wp\/v2\/product\/75394\/revisions"}],"predecessor-version":[{"id":75398,"href":"https:\/\/brandss.com.py\/index\/wp-json\/wp\/v2\/product\/75394\/revisions\/75398"}],"wp:featuredmedia":[{"embeddable":true,"href":"https:\/\/brandss.com.py\/index\/wp-json\/wp\/v2\/media\/75395"}],"wp:attachment":[{"href":"https:\/\/brandss.com.py\/index\/wp-json\/wp\/v2\/media?parent=75394"}],"wp:term":[{"taxonomy":"product_brand","embeddable":true,"href":"https:\/\/brandss.com.py\/index\/wp-json\/wp\/v2\/product_brand?post=75394"},{"taxonomy":"product_cat","embeddable":true,"href":"https:\/\/brandss.com.py\/index\/wp-json\/wp\/v2\/product_cat?post=75394"},{"taxonomy":"product_tag","embeddable":true,"href":"https:\/\/brandss.com.py\/index\/wp-json\/wp\/v2\/product_tag?post=75394"}],"curies":[{"name":"wp","href":"https:\/\/api.w.org\/{rel}","templated":true}]}}