{"id":75454,"date":"2025-03-10T13:46:48","date_gmt":"2025-03-10T13:46:48","guid":{"rendered":"https:\/\/brandss.com.py\/index\/?post_type=product&#038;p=75454"},"modified":"2026-04-11T13:23:35","modified_gmt":"2026-04-11T13:23:35","slug":"shorts-deportivo-masculino-reebok-te-utility","status":"publish","type":"product","link":"https:\/\/brandss.com.py\/index\/producto\/shorts-deportivo-masculino-reebok-te-utility\/","title":{"rendered":"SHORTS DEPORTIVO MASCULINO REEBOK TE-UTILITY"},"content":{"rendered":"<p><img loading=\"lazy\" decoding=\"async\" class=\"\" src=\"https:\/\/upload.wikimedia.org\/wikipedia\/commons\/thumb\/5\/53\/Reebok_2019_logo.svg\/2560px-Reebok_2019_logo.svg.png\" alt=\"Archivo:Reebok 2019 logo.svg - Wikipedia, la enciclopedia libre\" width=\"400\" height=\"203\" \/><\/p>\n<h1>GU0794<\/h1>\n<div class=\"flex-1 grow basis-auto overflow-hidden @container\/thread\">\n<div class=\"relative h-full\">\n<div class=\"flex h-full flex-col overflow-y-auto [scrollbar-gutter:stable]\">\n<div class=\"flex flex-col text-sm md:pb-9\">\n<article class=\"w-full text-token-text-primary focus-visible:outline-2 focus-visible:outline-offset-[-4px]\" dir=\"auto\" data-testid=\"conversation-turn-7\" data-scroll-anchor=\"true\">\n<div class=\"text-base my-auto mx-auto py-[18px] px-6\">\n<div class=\"mx-auto flex flex-1 text-base gap-4 md:gap-5 lg:gap-6 md:max-w-3xl\">\n<div class=\"group\/conversation-turn relative flex w-full min-w-0 flex-col agent-turn @xs\/thread:px-0 @sm\/thread:px-1.5 @md\/thread:px-4\">\n<div class=\"flex-col gap-1 md:gap-3\">\n<div class=\"flex max-w-full flex-col flex-grow\">\n<div class=\"min-h-8 text-message relative flex w-full flex-col items-end gap-2 whitespace-normal break-words text-start [.text-message+&amp;]:mt-5\" dir=\"auto\" data-message-author-role=\"assistant\" data-message-id=\"b863ab06-74ea-484d-8233-1e94b7b27bbd\" data-message-model-slug=\"gpt-4o\">\n<div class=\"flex w-full flex-col gap-1 empty:hidden first:pt-[3px]\">\n<div class=\"markdown prose w-full break-words dark:prose-invert light\">\n<p data-start=\"0\" data-end=\"355\"><span>Es una prenda dise\u00f1ada para ofrecer comodidad, rendimiento y estilo durante tus entrenamientos y actividades diarias. Confeccionado con materiales de alta calidad, este corto proporciona una excelente transpirabilidad y ligereza, permiti\u00e9ndote moverte con total libertad.<\/span><\/p>\n<p data-start=\"357\" data-end=\"722\"><span>Su dise\u00f1o vers\u00e1til y funcional lo convierte en una opci\u00f3n ideal para entrenamientos en el gimnasio, sesiones al aire libre o simplemente para un look deportivo casual. La tela de secado r\u00e1pido ayuda a mantener la frescura e incluso en los momentos de mayor intensidad, evitando la acumulaci\u00f3n de humedad y brindando una sensaci\u00f3n de frescura prolongada.<\/span><\/p>\n<p data-start=\"724\" data-end=\"986\"><span>Cuenta con una cintura el\u00e1stica con ajuste mediante cord\u00f3n interno, lo que permite un ajuste seguro y personalizado seg\u00fan tus necesidades. Adem\u00e1s, sus bolsillos laterales ofrecen un espacio pr\u00e1ctico para llevar objetos peque\u00f1os como llaves o el tel\u00e9fono m\u00f3vil.<\/span><\/p>\n<p data-start=\"988\" data-end=\"1348\" data-is-last-node=\"\" data-is-only-node=\"\"><span>El dise\u00f1o minimalista en tono gris, junto con el ic\u00f3nico logo de Reebok en la pierna, aporta un estilo moderno y discreto que combina f\u00e1cilmente con otras prendas deportivas. Ya sea para entrenar, correr o simplemente para un d\u00eda relajado, el <\/span><strong data-start=\"1231\" data-end=\"1273\"><span>short Reebok GU0794 Essentials Utility<\/span><\/strong><span> es una opci\u00f3n confiable que te brindar\u00e1 comodidad y rendimiento en cada uso.<\/span><\/p>\n<\/div>\n<\/div>\n<\/div>\n<\/div>\n<\/div>\n<\/div>\n<\/div>\n<\/div>\n<\/article>\n<\/div>\n<\/div>\n<\/div>\n<\/div>\n","protected":false},"excerpt":{"rendered":"<p>GU0794 Es una prenda dise\u00f1ada para ofrecer comodidad, rendimiento y estilo durante tus entrenamientos y actividades diarias. Confeccionado con materiales<\/p>\n","protected":false},"featured_media":75455,"comment_status":"open","ping_status":"closed","template":"","meta":{"nf_dc_page":""},"product_brand":[],"product_cat":[76],"product_tag":[],"class_list":{"0":"post-75454","1":"product","2":"type-product","3":"status-publish","4":"has-post-thumbnail","6":"product_cat-masculino","8":"first","9":"outofstock","10":"shipping-taxable","11":"purchasable","12":"product-type-simple"},"_links":{"self":[{"href":"https:\/\/brandss.com.py\/index\/wp-json\/wp\/v2\/product\/75454","targetHints":{"allow":["GET"]}}],"collection":[{"href":"https:\/\/brandss.com.py\/index\/wp-json\/wp\/v2\/product"}],"about":[{"href":"https:\/\/brandss.com.py\/index\/wp-json\/wp\/v2\/types\/product"}],"replies":[{"embeddable":true,"href":"https:\/\/brandss.com.py\/index\/wp-json\/wp\/v2\/comments?post=75454"}],"version-history":[{"count":1,"href":"https:\/\/brandss.com.py\/index\/wp-json\/wp\/v2\/product\/75454\/revisions"}],"predecessor-version":[{"id":75462,"href":"https:\/\/brandss.com.py\/index\/wp-json\/wp\/v2\/product\/75454\/revisions\/75462"}],"wp:featuredmedia":[{"embeddable":true,"href":"https:\/\/brandss.com.py\/index\/wp-json\/wp\/v2\/media\/75455"}],"wp:attachment":[{"href":"https:\/\/brandss.com.py\/index\/wp-json\/wp\/v2\/media?parent=75454"}],"wp:term":[{"taxonomy":"product_brand","embeddable":true,"href":"https:\/\/brandss.com.py\/index\/wp-json\/wp\/v2\/product_brand?post=75454"},{"taxonomy":"product_cat","embeddable":true,"href":"https:\/\/brandss.com.py\/index\/wp-json\/wp\/v2\/product_cat?post=75454"},{"taxonomy":"product_tag","embeddable":true,"href":"https:\/\/brandss.com.py\/index\/wp-json\/wp\/v2\/product_tag?post=75454"}],"curies":[{"name":"wp","href":"https:\/\/api.w.org\/{rel}","templated":true}]}}