{"id":75635,"date":"2025-03-11T13:01:13","date_gmt":"2025-03-11T13:01:13","guid":{"rendered":"https:\/\/brandss.com.py\/index\/?post_type=product&#038;p=75635"},"modified":"2025-09-25T12:23:33","modified_gmt":"2025-09-25T12:23:33","slug":"crema-de-bano-aromatico-tesori-doriente-fiore-del-dragon-500ml","status":"publish","type":"product","link":"https:\/\/brandss.com.py\/index\/producto\/crema-de-bano-aromatico-tesori-doriente-fiore-del-dragon-500ml\/","title":{"rendered":"CREMA DE BA\u00d1O AROM\u00c1TICO CORPORAL TESORI D\u2019ORIENTE FIORE DEL DRAG\u00d3N 500ML"},"content":{"rendered":"<p><img loading=\"lazy\" decoding=\"async\" class=\"\" src=\"https:\/\/api.dudar.kz\/uploads\/tesoridoriente_621fb5df94.png\" alt=\"Distribution of Tesori d'Oriente brand in Kazakhstan \u2014 Dudar\" width=\"132\" height=\"61\" \/><\/p>\n<h1>FIORE DEL DRAG\u00d3N<\/h1>\n<p><span>Tesori D&#8217;oriente Bagno Crema Aromatico Fiore Del Dragone Dragon Flower Bath Cream 500ml con un ritual de efecto beneficioso y reparador enriquecido con extracto de Pitaya, utilizado desde la antig\u00fcedad en la preparaci\u00f3n de productos cosm\u00e9ticos por sus cualidades tonificantes. Sum\u00e9rgete en la cautivadora fragancia de la Flor del Drag\u00f3n y entr\u00e9gate a su misteriosa y provocadora fragancia.<\/span><\/p>\n<p><img loading=\"lazy\" decoding=\"async\" class=\"alignleft\" src=\"https:\/\/img.watsonsvn.com\/ecommerce\/ecom\/Tesori-Doriente\/Tesori-Doriente-Bagno-Crema-Aromatico-Bath-Cream-Dragon-Flower-500ml-2.jpg\" alt=\"Tesori D'oriente Bagno Crema Aromatico Foire Del Dragone Crema De Ba\u00f1o Flor De Drag\u00f3n\" width=\"528\" height=\"528\" \/><\/p>\n<p>&nbsp;<\/p>\n<p><strong><span>Ingredientes principales y usos:<\/span><\/strong><\/p>\n<p><span>&#8211; Tesori D&#8217;oriente Bagno Crema Aromatico Fiore Del Dragone Crema de Ba\u00f1o Flor de Drag\u00f3n 500ml. Enriquecida con extracto de Pitaya, con propiedades hidratantes y antioxidantes, esta crema de ducha deja la piel suave e intensamente hidratada, envolvi\u00e9ndola con notas cautivadoras y sensuales de Flor de Drag\u00f3n.<\/span><\/p>\n<p><span>&#8211; Una fragancia misteriosa y provocadora, nacida de la fusi\u00f3n de cuatro facetas olfativas: el dulce acorde de la Almendra, la intensa y preciosa opulencia del Jazm\u00edn Sambac, el sensual encanto del Almizcle y el S\u00e1ndalo, y el hipn\u00f3tico encanto de la Vainilla y el \u00c1mbar.<\/span><\/p>\n<p>&nbsp;<\/p>\n<p><strong>Notas Olfativas<\/strong><\/p>\n<p><span><strong>Notas de salida:<\/strong> almendra amarga, albaricoque.<\/span><\/p>\n<p><span><strong>Notas de coraz\u00f3n:<\/strong> flor de naranja, jazm\u00edn, Ylang-ylang, nardo.<\/span><\/p>\n<p><span><strong>Notas de fondo:<\/strong> vainilla, s\u00e1ndalo, \u00e1mbar, almizcle.<\/span><\/p>\n","protected":false},"excerpt":{"rendered":"<p>FIORE DEL DRAG\u00d3N Tesori D&#8217;oriente Bagno Crema Aromatico Fiore Del Dragone Dragon Flower Bath Cream 500ml con un ritual de<\/p>\n","protected":false},"featured_media":75636,"comment_status":"open","ping_status":"closed","template":"","meta":{"nf_dc_page":""},"product_brand":[434],"product_cat":[94],"product_tag":[436],"class_list":{"0":"post-75635","1":"product","2":"type-product","3":"status-publish","4":"has-post-thumbnail","6":"product_brand-tesori-doriente","7":"product_cat-higiene-personal","8":"product_tag-436","10":"first","11":"instock","12":"shipping-taxable","13":"purchasable","14":"product-type-simple"},"_links":{"self":[{"href":"https:\/\/brandss.com.py\/index\/wp-json\/wp\/v2\/product\/75635","targetHints":{"allow":["GET"]}}],"collection":[{"href":"https:\/\/brandss.com.py\/index\/wp-json\/wp\/v2\/product"}],"about":[{"href":"https:\/\/brandss.com.py\/index\/wp-json\/wp\/v2\/types\/product"}],"replies":[{"embeddable":true,"href":"https:\/\/brandss.com.py\/index\/wp-json\/wp\/v2\/comments?post=75635"}],"version-history":[{"count":2,"href":"https:\/\/brandss.com.py\/index\/wp-json\/wp\/v2\/product\/75635\/revisions"}],"predecessor-version":[{"id":91149,"href":"https:\/\/brandss.com.py\/index\/wp-json\/wp\/v2\/product\/75635\/revisions\/91149"}],"wp:featuredmedia":[{"embeddable":true,"href":"https:\/\/brandss.com.py\/index\/wp-json\/wp\/v2\/media\/75636"}],"wp:attachment":[{"href":"https:\/\/brandss.com.py\/index\/wp-json\/wp\/v2\/media?parent=75635"}],"wp:term":[{"taxonomy":"product_brand","embeddable":true,"href":"https:\/\/brandss.com.py\/index\/wp-json\/wp\/v2\/product_brand?post=75635"},{"taxonomy":"product_cat","embeddable":true,"href":"https:\/\/brandss.com.py\/index\/wp-json\/wp\/v2\/product_cat?post=75635"},{"taxonomy":"product_tag","embeddable":true,"href":"https:\/\/brandss.com.py\/index\/wp-json\/wp\/v2\/product_tag?post=75635"}],"curies":[{"name":"wp","href":"https:\/\/api.w.org\/{rel}","templated":true}]}}