{"id":75675,"date":"2025-03-11T16:38:10","date_gmt":"2025-03-11T16:38:10","guid":{"rendered":"https:\/\/brandss.com.py\/index\/?post_type=product&#038;p=75675"},"modified":"2025-09-25T12:26:09","modified_gmt":"2025-09-25T12:26:09","slug":"crema-de-bano-aromatico-tesori-doriente-japanese-spa-500ml","status":"publish","type":"product","link":"https:\/\/brandss.com.py\/index\/producto\/crema-de-bano-aromatico-tesori-doriente-japanese-spa-500ml\/","title":{"rendered":"CREMA DE BA\u00d1O AROM\u00c1TICO CORPORAL TESORI D\u2019ORIENTE JAPANESE SPA 500ML"},"content":{"rendered":"<p><img loading=\"lazy\" decoding=\"async\" class=\"\" src=\"https:\/\/api.dudar.kz\/uploads\/tesoridoriente_621fb5df94.png\" alt=\"Distribution of Tesori d'Oriente brand in Kazakhstan \u2014 Dudar\" width=\"143\" height=\"66\" \/><\/p>\n<h1>JAPANESE SPA<\/h1>\n<p>En Jap\u00f3n, el cuidado personal se considera un aut\u00e9ntico ritual de belleza. El aceite de Tsubaki, obtenido prensando las semillas de los frutos de Camellia Japonica, se utiliza tradicionalmente en Jap\u00f3n para el cuidado de la piel, gracias a sus propiedades emolientes, hidratantes y antioxidantes. Un ramo intenso y sensual, embellecido con las notas frescas y florales de Peon\u00eda.<img decoding=\"async\" class=\"alignleft\" src=\"https:\/\/m.media-amazon.com\/images\/I\/8115sBwfuoL._AC_SX679_.jpg\" \/><\/p>\n<p><span>Gel de ducha ritual japon\u00e9s Tesori D&#8217;oriente, con aceite de Tsubaki y crema de ba\u00f1o arom\u00e1tica de peon\u00eda. <\/span><span>Esta crema de ba\u00f1o arom\u00e1tica hidrata y nutre la piel dej\u00e1ndola suave y sedosa gracias a sus preciados ingredientes: Flor de Loto y Karit\u00e9.<\/span><\/p>\n<p><span>Apta para todo tipo de pieles, asegura una agradable sensaci\u00f3n de bienestar y placer para los sentidos.<\/span><\/p>\n<ul class=\"a-unordered-list a-vertical a-spacing-mini\">\n<li class=\"a-spacing-mini\"><span class=\"a-list-item\">Tesori d&#8217;Oriente Bagno Japanese es un homenaje al ritual de belleza japon\u00e9s, donde el cuidado del cuerpo se convierte en una verdadera ceremonia.\n<p><\/span><\/li>\n<li class=\"a-spacing-mini\"><span class=\"a-list-item\">En el coraz\u00f3n de este producto se encuentra el aceite de Tsubaki, obtenido del prensado de las semillas del fruto de la camelia japonesa, que se utiliza tradicionalmente en Jap\u00f3n desde hace siglos por sus extraordinarias propiedades calmantes, hidratantes y antioxidantes.\n<p><\/span><\/li>\n<li class=\"a-spacing-mini\"><span class=\"a-list-item\">El intenso y sensual bouquet arom\u00e1tico de este producto se realza con notas frescas y florales de peon\u00edas, lo que le confiere no solo propiedades para el cuidado de la piel, sino que lo convierte en una aut\u00e9ntica experiencia para los sentidos.<\/span><\/li>\n<\/ul>\n<p>Modo de empleo: Aplicar una peque\u00f1a cantidad sobre la piel mojada en el ba\u00f1o o la ducha y enjuagar bien.<\/p>\n","protected":false},"excerpt":{"rendered":"<p>JAPANESE SPA En Jap\u00f3n, el cuidado personal se considera un aut\u00e9ntico ritual de belleza. El aceite de Tsubaki, obtenido prensando<\/p>\n","protected":false},"featured_media":75676,"comment_status":"open","ping_status":"closed","template":"","meta":{"nf_dc_page":""},"product_brand":[434],"product_cat":[94],"product_tag":[439],"class_list":{"0":"post-75675","1":"product","2":"type-product","3":"status-publish","4":"has-post-thumbnail","6":"product_brand-tesori-doriente","7":"product_cat-higiene-personal","8":"product_tag-439","10":"first","11":"instock","12":"shipping-taxable","13":"purchasable","14":"product-type-simple"},"_links":{"self":[{"href":"https:\/\/brandss.com.py\/index\/wp-json\/wp\/v2\/product\/75675","targetHints":{"allow":["GET"]}}],"collection":[{"href":"https:\/\/brandss.com.py\/index\/wp-json\/wp\/v2\/product"}],"about":[{"href":"https:\/\/brandss.com.py\/index\/wp-json\/wp\/v2\/types\/product"}],"replies":[{"embeddable":true,"href":"https:\/\/brandss.com.py\/index\/wp-json\/wp\/v2\/comments?post=75675"}],"version-history":[{"count":2,"href":"https:\/\/brandss.com.py\/index\/wp-json\/wp\/v2\/product\/75675\/revisions"}],"predecessor-version":[{"id":91152,"href":"https:\/\/brandss.com.py\/index\/wp-json\/wp\/v2\/product\/75675\/revisions\/91152"}],"wp:featuredmedia":[{"embeddable":true,"href":"https:\/\/brandss.com.py\/index\/wp-json\/wp\/v2\/media\/75676"}],"wp:attachment":[{"href":"https:\/\/brandss.com.py\/index\/wp-json\/wp\/v2\/media?parent=75675"}],"wp:term":[{"taxonomy":"product_brand","embeddable":true,"href":"https:\/\/brandss.com.py\/index\/wp-json\/wp\/v2\/product_brand?post=75675"},{"taxonomy":"product_cat","embeddable":true,"href":"https:\/\/brandss.com.py\/index\/wp-json\/wp\/v2\/product_cat?post=75675"},{"taxonomy":"product_tag","embeddable":true,"href":"https:\/\/brandss.com.py\/index\/wp-json\/wp\/v2\/product_tag?post=75675"}],"curies":[{"name":"wp","href":"https:\/\/api.w.org\/{rel}","templated":true}]}}