{"id":75854,"date":"2025-03-12T17:58:08","date_gmt":"2025-03-12T17:58:08","guid":{"rendered":"https:\/\/brandss.com.py\/index\/?post_type=product&#038;p=75854"},"modified":"2025-03-12T18:04:50","modified_gmt":"2025-03-12T18:04:50","slug":"calzado-deportivo-futbol-masculino-nike-phantom-venom-club","status":"publish","type":"product","link":"https:\/\/brandss.com.py\/index\/producto\/calzado-deportivo-futbol-masculino-nike-phantom-venom-club\/","title":{"rendered":"CALZADO DEPORTIVO FUTBOL MASCULINO NIKE PHANTOM VENOM CLUB"},"content":{"rendered":"<p><img loading=\"lazy\" decoding=\"async\" class=\"\" src=\"https:\/\/1000marcas.net\/wp-content\/uploads\/2019\/11\/Logo-Nike.jpg\" alt=\"Logo de Nike: la historia y el significado del logotipo, la ...\" width=\"489\" height=\"275\" \/><\/p>\n<h1>AO0567-007<\/h1>\n<div class=\"flex max-w-full flex-col flex-grow\">\n<div class=\"min-h-8 text-message relative flex w-full flex-col items-end gap-2 whitespace-normal break-words text-start [.text-message+&amp;]:mt-5\" dir=\"auto\" data-message-author-role=\"assistant\" data-message-id=\"e64b2ac1-d3e6-4c76-b3fd-f1c11e636bcf\" data-message-model-slug=\"gpt-4o\">\n<div class=\"flex w-full flex-col gap-1 empty:hidden first:pt-[3px]\">\n<div class=\"markdown prose w-full break-words dark:prose-invert light\">\n<h3 data-start=\"0\" data-end=\"68\"><strong data-start=\"4\" data-end=\"66\"><span>Nike Phantom Venom Club FG \u2013 Botines de F\u00fatbol para Hombre<\/span><\/strong><\/h3>\n<p data-start=\"70\" data-end=\"549\"><span>Los <\/span><strong data-start=\"74\" data-end=\"104\"><span>Nike Phantom Venom Club FG<\/span><\/strong><span> son botines dise\u00f1ados para jugadores que buscan <\/span><strong data-start=\"153\" data-end=\"186\"><span>precisi\u00f3n, potencia y control<\/span><\/strong><span> en cada jugada. Con una estructura ligera y una parte superior sint\u00e9tica texturizada, estos botines permiten mejorar la interacci\u00f3n con el bal\u00f3n, brindando una experiencia \u00f3ptima en la cancha. Su dise\u00f1o est\u00e1 inspirado en las necesidades de los delanteros y mediocampistas ofensivos, ayudando a maximizar la potencia en los disparos y la precisi\u00f3n en los pases.<\/span><\/p>\n<p data-start=\"551\" data-end=\"948\"><span>Fabricados para <\/span><strong data-start=\"567\" data-end=\"622\"><span>terrenos de c\u00e9sped natural firme (Firm Ground &#8211; FG)<\/span><\/strong><span> , estos botines ofrecen una suela con <\/span><strong data-start=\"660\" data-end=\"695\"><span>tacos estrat\u00e9gicamente ubicados<\/span><\/strong><span> , lo que mejora la estabilidad y la tracci\u00f3n en diferentes situaciones de juego. Su est\u00e9tica moderna y agresiva en colores <\/span><strong data-start=\"818\" data-end=\"840\"><span>negro y verde ne\u00f3n<\/span><\/strong><span> les da un aspecto llamativo, destacando en el campo de juego tanto por su rendimiento como por su dise\u00f1o.<\/span><\/p>\n<hr data-start=\"950\" data-end=\"955\" \/>\n<h3 data-start=\"957\" data-end=\"994\"><strong data-start=\"961\" data-end=\"992\"><span>Caracter\u00edsticas detalladas:<\/span><\/strong><\/h3>\n<p data-start=\"996\" data-end=\"1274\"><span>\ud83d\udd39 <\/span><strong data-start=\"999\" data-end=\"1040\"><span>Parte superior sint\u00e9tica texturizada:<\/span><\/strong><br data-start=\"1040\" data-end=\"1043\" \/><span> El material sint\u00e9tico de alta calidad utilizado en la parte superior brinda un ajuste c\u00f3modo y seguro, adem\u00e1s de mejorar el contacto con el bal\u00f3n gracias a su textura sutil que optimiza el control en los toques, pases y disparos.<\/span><\/p>\n<p data-start=\"1276\" data-end=\"1480\"><span>\ud83d\udd39 <\/span><strong data-start=\"1279\" data-end=\"1320\"><span>Dise\u00f1o anat\u00f3mico y ajuste ergon\u00f3mico:<\/span><\/strong><br data-start=\"1320\" data-end=\"1323\" \/><span> La estructura del bot\u00f3n se adapta al pie para ofrecer mayor comodidad y un ajuste preciso, lo que permite una mejor movilidad sin comprometer la estabilidad.<\/span><\/p>\n<p data-start=\"1482\" data-end=\"1702\"><span>\ud83d\udd39 <\/span><strong data-start=\"1485\" data-end=\"1510\"><span>Cordones asim\u00e9tricos:<\/span><\/strong><br data-start=\"1510\" data-end=\"1513\" \/><span> El sistema de ajuste con <\/span><strong data-start=\"1538\" data-end=\"1575\"><span>cordones desplazados lateralmente<\/span><\/strong><span> ampl\u00eda la superficie de golpeo, facilitando disparos m\u00e1s potentes y precisos, adem\u00e1s de proporcionar un ajuste m\u00e1s uniforme.<\/span><\/p>\n<p data-start=\"1704\" data-end=\"1925\"><span>\ud83d\udd39 <\/span><strong data-start=\"1707\" data-end=\"1736\"><span>Zona de golpe optimizada:<\/span><\/strong><br data-start=\"1736\" data-end=\"1739\" \/><span> Inspirada en modelos de gama superior, la zona de contacto con el bal\u00f3n est\u00e1 dise\u00f1ada para <\/span><strong data-start=\"1830\" data-end=\"1883\"><span>maximizar la potencia y el efecto en los disparos<\/span><\/strong><span> , mejorando el rendimiento en el ataque.<\/span><\/p>\n<p data-start=\"1927\" data-end=\"2089\"><span>\ud83d\udd39 <\/span><strong data-start=\"1930\" data-end=\"1953\"><span>Leng\u00fceta integrada:<\/span><\/strong><br data-start=\"1953\" data-end=\"1956\" \/><span> Un dise\u00f1o envolvente con leng\u00fceta fija ayuda a mejorar la sensaci\u00f3n de ajuste y evita que la leng\u00fceta se desplace durante el juego.<\/span><\/p>\n<p data-start=\"2091\" data-end=\"2428\"><span>\ud83d\udd39 <\/span><strong data-start=\"2094\" data-end=\"2139\"><span>Placa de suela para terrenos firmes (FG):<\/span><\/strong><br data-start=\"2139\" data-end=\"2142\" \/><span> La suela est\u00e1 equipada con una <\/span><strong data-start=\"2173\" data-end=\"2209\"><span>configuraci\u00f3n de tacos moldeados<\/span><\/strong><span> especialmente dise\u00f1ados para <\/span><strong data-start=\"2239\" data-end=\"2273\"><span>brindar tracci\u00f3n y estabilidad<\/span><\/strong><span> en canchas de c\u00e9sped natural seco o ligeramente h\u00famedo. Esto permite realizar cambios de direcciones r\u00e1pidas y movimientos explosivos con mayor confianza.<\/span><\/p>\n<p data-start=\"2430\" data-end=\"2644\"><span>\ud83d\udd39 <\/span><strong data-start=\"2433\" data-end=\"2468\"><span>Construcci\u00f3n ligera y flexible:<\/span><\/strong><br data-start=\"2468\" data-end=\"2471\" \/><span> El peso reducido de los botines permite moverse con mayor agilidad y velocidad, manteniendo siempre el equilibrio necesario para enfrentar cualquier situaci\u00f3n en el juego.<\/span><\/p>\n<hr data-start=\"2646\" data-end=\"2651\" \/>\n<h3 data-start=\"2653\" data-end=\"2679\"><strong data-start=\"2657\" data-end=\"2677\"><span>Uso recomendado:<\/span><\/strong><\/h3>\n<p data-start=\"2680\" data-end=\"3009\"><span>Los <\/span><strong data-start=\"2684\" data-end=\"2714\"><span>Nike Phantom Venom Club FG<\/span><\/strong><span> est\u00e1n dise\u00f1ados para jugadores que buscan un equilibrio entre <\/span><strong data-start=\"2777\" data-end=\"2811\"><span>precisi\u00f3n, control y velocidad<\/span><\/strong><span> en la cancha. Son ideales para <\/span><strong data-start=\"2843\" data-end=\"2884\"><span>delanteros y mediocampistas ofensivos<\/span><\/strong><span> , ya que permiten realizar disparos potentes y pases precisos gracias a su dise\u00f1o optimizado para el contacto con el bal\u00f3n.<\/span><\/p>\n<p data-start=\"3011\" data-end=\"3178\"><span>Su suela con tacos FG los hace perfectos para <\/span><strong data-start=\"3057\" data-end=\"3091\"><span>campos de c\u00e9sped natural firme<\/span><\/strong><span> , proporcionando un agarre excepcional y una sensaci\u00f3n de estabilidad en cada pisada.<\/span><\/p>\n<p data-start=\"3180\" data-end=\"3364\" data-is-last-node=\"\" data-is-only-node=\"\"><span>Con su dise\u00f1o moderno, estructura ligera y materiales de calidad, estos botines ofrecen <\/span><strong data-start=\"3268\" data-end=\"3303\"><span>comodidad, rendimiento y estilo<\/span><\/strong><span> , ayudando a mejorar la experiencia de juego en cada partido.<\/span><\/p>\n<\/div>\n<\/div>\n<\/div>\n<\/div>\n","protected":false},"excerpt":{"rendered":"<p>AO0567-007 Nike Phantom Venom Club FG \u2013 Botines de F\u00fatbol para Hombre Los Nike Phantom Venom Club FG son botines<\/p>\n","protected":false},"featured_media":75855,"comment_status":"open","ping_status":"closed","template":"","meta":{"nf_dc_page":""},"product_brand":[],"product_cat":[76],"product_tag":[],"class_list":{"0":"post-75854","1":"product","2":"type-product","3":"status-publish","4":"has-post-thumbnail","6":"product_cat-masculino","8":"first","9":"instock","10":"shipping-taxable","11":"purchasable","12":"product-type-simple"},"_links":{"self":[{"href":"https:\/\/brandss.com.py\/index\/wp-json\/wp\/v2\/product\/75854","targetHints":{"allow":["GET"]}}],"collection":[{"href":"https:\/\/brandss.com.py\/index\/wp-json\/wp\/v2\/product"}],"about":[{"href":"https:\/\/brandss.com.py\/index\/wp-json\/wp\/v2\/types\/product"}],"replies":[{"embeddable":true,"href":"https:\/\/brandss.com.py\/index\/wp-json\/wp\/v2\/comments?post=75854"}],"version-history":[{"count":1,"href":"https:\/\/brandss.com.py\/index\/wp-json\/wp\/v2\/product\/75854\/revisions"}],"predecessor-version":[{"id":75860,"href":"https:\/\/brandss.com.py\/index\/wp-json\/wp\/v2\/product\/75854\/revisions\/75860"}],"wp:featuredmedia":[{"embeddable":true,"href":"https:\/\/brandss.com.py\/index\/wp-json\/wp\/v2\/media\/75855"}],"wp:attachment":[{"href":"https:\/\/brandss.com.py\/index\/wp-json\/wp\/v2\/media?parent=75854"}],"wp:term":[{"taxonomy":"product_brand","embeddable":true,"href":"https:\/\/brandss.com.py\/index\/wp-json\/wp\/v2\/product_brand?post=75854"},{"taxonomy":"product_cat","embeddable":true,"href":"https:\/\/brandss.com.py\/index\/wp-json\/wp\/v2\/product_cat?post=75854"},{"taxonomy":"product_tag","embeddable":true,"href":"https:\/\/brandss.com.py\/index\/wp-json\/wp\/v2\/product_tag?post=75854"}],"curies":[{"name":"wp","href":"https:\/\/api.w.org\/{rel}","templated":true}]}}