{"id":75931,"date":"2025-03-13T12:24:34","date_gmt":"2025-03-13T12:24:34","guid":{"rendered":"https:\/\/brandss.com.py\/index\/?post_type=product&#038;p=75931"},"modified":"2025-09-25T12:35:56","modified_gmt":"2025-09-25T12:35:56","slug":"mascarilla-facial-dr-jart-soothing-hydra-solution-5-mask-25g","status":"publish","type":"product","link":"https:\/\/brandss.com.py\/index\/producto\/mascarilla-facial-dr-jart-soothing-hydra-solution-5-mask-25g\/","title":{"rendered":"MASCARILLA FACIAL DR.JART+ SOOTHING HYDRA SOLUTION 5 MASK 25G"},"content":{"rendered":"<p><img loading=\"lazy\" decoding=\"async\" class=\"\" src=\"https:\/\/www.tofusecret.com\/wp-content\/uploads\/2019\/08\/Dr-Jart_logo.png\" alt=\"Dr.Jart+ \u3011Shop Dr.Jart+ at the Most Affordable Prices| TofuSecret\" width=\"107\" height=\"107\" \/><\/p>\n<h1>SOOTHING HYDRA SOLUTION<\/h1>\n<p>Dr. Jart+ Dermask Water Jet Soothing Hydra Solution es una mascarilla nutritiva para pieles secas que a menudo experimentan falta de hidrataci\u00f3n, irritaci\u00f3n y erupciones cut\u00e1neas. Contiene Aquaxil y xilitol para hidratar y retener la humedad en la piel, as\u00ed como aloe vera y pantenol para calmar rojeces, erupciones y quemaduras solares, contribuyendo a un tono de piel saludable.<\/p>\n<p><img loading=\"lazy\" decoding=\"async\" class=\"alignleft\" src=\"https:\/\/cdn.shopify.com\/s\/files\/1\/0631\/5281\/6277\/files\/Dermask_Soothing_Hydra_block_2_480x480.png?v=1698917918\" width=\"544\" height=\"246\" \/><\/p>\n<p><strong>Ventajas:<\/strong><\/p>\n<ul>\n<li><strong>Hidratante:<\/strong>\u00a0Contiene Aquaxil y Xilitol que hidratan eficazmente la piel.<\/li>\n<li><strong>Alivia la irritaci\u00f3n:<\/strong>\u00a0El aloe vera y el pantenol calman las rojeces y la irritaci\u00f3n.<\/li>\n<li><strong>Trata las quemaduras solares:<\/strong>\u00a0Indicado para pieles quemadas por el sol.<\/li>\n<li><strong>Mejora el estado de la piel:<\/strong>\u00a0Ayuda a conseguir un tono de piel sano y uniforme.<\/li>\n<li><strong>Seguro para pieles sensibles:<\/strong>\u00a0Sin parabenos, sulfatos ni ftalatos, lo que reduce el riesgo de reacciones al\u00e9rgicas.<\/li>\n<li><strong>Hidrataci\u00f3n duradera:<\/strong>\u00a0Fija la humedad en la piel para una hidrataci\u00f3n duradera.<\/li>\n<\/ul>\n<p><strong>Uso:<\/strong><\/p>\n<ol>\n<li><strong>Limpia el rostro:<\/strong>\u00a0Comienza limpiando el rostro en profundidad para eliminar la suciedad y el maquillaje.<\/li>\n<li><strong>Aplica la mascarilla:<\/strong>\u00a0Coloque la mascarilla uniformemente sobre el rostro, asegur\u00e1ndose de que se ajusta alrededor de los ojos, la nariz y la boca.<\/li>\n<li><strong>Dejar actuar:<\/strong>\u00a0Deje la mascarilla sobre la piel durante unos 15-20 minutos. La relajaci\u00f3n durante este tiempo puede mejorar la experiencia.<\/li>\n<li><strong>Masajear el exceso:<\/strong>\u00a0Masajear suavemente los restos de s\u00e9rum sobre la piel para una hidrataci\u00f3n adicional. No es necesario aclarar la cara despu\u00e9s.<\/li>\n<li><strong>Finalizar con un tratamiento para la piel:<\/strong>\u00a0Despu\u00e9s de utilizar la mascarilla, contin\u00fae con su rutina habitual de cuidado de la piel, por ejemplo, aplicando crema hidratante.<\/li>\n<\/ol>\n","protected":false},"excerpt":{"rendered":"<p>SOOTHING HYDRA SOLUTION Dr. Jart+ Dermask Water Jet Soothing Hydra Solution es una mascarilla nutritiva para pieles secas que a<\/p>\n","protected":false},"featured_media":75939,"comment_status":"open","ping_status":"closed","template":"","meta":{"nf_dc_page":""},"product_brand":[451],"product_cat":[104],"product_tag":[453],"class_list":{"0":"post-75931","1":"product","2":"type-product","3":"status-publish","4":"has-post-thumbnail","6":"product_brand-dr-jart","7":"product_cat-skin-care","8":"product_tag-453","10":"first","11":"instock","12":"shipping-taxable","13":"purchasable","14":"product-type-simple"},"_links":{"self":[{"href":"https:\/\/brandss.com.py\/index\/wp-json\/wp\/v2\/product\/75931","targetHints":{"allow":["GET"]}}],"collection":[{"href":"https:\/\/brandss.com.py\/index\/wp-json\/wp\/v2\/product"}],"about":[{"href":"https:\/\/brandss.com.py\/index\/wp-json\/wp\/v2\/types\/product"}],"replies":[{"embeddable":true,"href":"https:\/\/brandss.com.py\/index\/wp-json\/wp\/v2\/comments?post=75931"}],"version-history":[{"count":1,"href":"https:\/\/brandss.com.py\/index\/wp-json\/wp\/v2\/product\/75931\/revisions"}],"predecessor-version":[{"id":75949,"href":"https:\/\/brandss.com.py\/index\/wp-json\/wp\/v2\/product\/75931\/revisions\/75949"}],"wp:featuredmedia":[{"embeddable":true,"href":"https:\/\/brandss.com.py\/index\/wp-json\/wp\/v2\/media\/75939"}],"wp:attachment":[{"href":"https:\/\/brandss.com.py\/index\/wp-json\/wp\/v2\/media?parent=75931"}],"wp:term":[{"taxonomy":"product_brand","embeddable":true,"href":"https:\/\/brandss.com.py\/index\/wp-json\/wp\/v2\/product_brand?post=75931"},{"taxonomy":"product_cat","embeddable":true,"href":"https:\/\/brandss.com.py\/index\/wp-json\/wp\/v2\/product_cat?post=75931"},{"taxonomy":"product_tag","embeddable":true,"href":"https:\/\/brandss.com.py\/index\/wp-json\/wp\/v2\/product_tag?post=75931"}],"curies":[{"name":"wp","href":"https:\/\/api.w.org\/{rel}","templated":true}]}}