{"id":75950,"date":"2025-03-13T13:15:04","date_gmt":"2025-03-13T13:15:04","guid":{"rendered":"https:\/\/brandss.com.py\/index\/?post_type=product&#038;p=75950"},"modified":"2025-03-13T13:15:56","modified_gmt":"2025-03-13T13:15:56","slug":"camiseta-masculino-nike-sin-mangas-camisilla","status":"publish","type":"product","link":"https:\/\/brandss.com.py\/index\/producto\/camiseta-masculino-nike-sin-mangas-camisilla\/","title":{"rendered":"CAMISETA DEPORTIVO MASCULINO NIKE (SIN MANGAS) CAMISILLA"},"content":{"rendered":"<p><img loading=\"lazy\" decoding=\"async\" class=\"\" src=\"https:\/\/1000marcas.net\/wp-content\/uploads\/2019\/11\/Logo-Nike.jpg\" alt=\"Logo de Nike: la historia y el significado del logotipo, la ...\" width=\"525\" height=\"295\" \/><\/p>\n<h1><strong style=\"color: #1b1919;font-size: 22px\" data-start=\"4\" data-end=\"57\">Camisilla sin mangas Nike para Hombre \u2013 BQ1260-100<\/strong><\/h1>\n<div class=\"flex flex-1 grow basis-auto flex-col overflow-hidden @container\/thread\">\n<div class=\"relative h-full\">\n<div class=\"flex h-full flex-col overflow-y-auto [scrollbar-gutter:stable]\">\n<div class=\"mt-1.5 flex flex-col text-sm md:pb-9\">\n<article class=\"w-full text-token-text-primary focus-visible:outline-2 focus-visible:outline-offset-[-4px]\" dir=\"auto\" data-testid=\"conversation-turn-13\" data-scroll-anchor=\"true\">\n<div class=\"text-base my-auto mx-auto py-[18px] px-6\">\n<div class=\"mx-auto flex flex-1 text-base gap-4 md:gap-5 lg:gap-6 md:max-w-3xl lg:max-w-[40rem] xl:max-w-[48rem]\">\n<div class=\"group\/conversation-turn relative flex w-full min-w-0 flex-col agent-turn @xs\/thread:px-0 @sm\/thread:px-1.5 @md\/thread:px-4\">\n<div class=\"flex-col gap-1 md:gap-3\">\n<div class=\"flex max-w-full flex-col flex-grow\">\n<div class=\"min-h-8 text-message relative flex w-full flex-col items-end gap-2 whitespace-normal break-words text-start [.text-message+&amp;]:mt-5\" dir=\"auto\" data-message-author-role=\"assistant\" data-message-id=\"731dabf2-48ea-4931-bc05-95e48fed11f1\" data-message-model-slug=\"gpt-4o\">\n<div class=\"flex w-full flex-col gap-1 empty:hidden first:pt-[3px]\">\n<div class=\"markdown prose w-full break-words dark:prose-invert light\">\n<p data-start=\"61\" data-end=\"364\">La camisilla<strong data-start=\"64\" data-end=\"103\"> sin mangas<\/strong>\u00a0es una prenda perfecta para el verano, ideal tanto para looks urbanos como para outfits deportivos. Su dise\u00f1o minimalista en <strong data-start=\"229\" data-end=\"245\">color blanco<\/strong>, acompa\u00f1ado del ic\u00f3nico <strong data-start=\"270\" data-end=\"287\">logotipo Nike<\/strong>, le otorga un estilo moderno y vers\u00e1til que se adapta a cualquier ocasi\u00f3n.<\/p>\n<hr data-start=\"366\" data-end=\"371\" \/>\n<h3 data-start=\"373\" data-end=\"410\"><strong data-start=\"377\" data-end=\"408\">Caracter\u00edsticas<\/strong><\/h3>\n<p data-start=\"412\" data-end=\"650\">\u2705 <strong data-start=\"414\" data-end=\"435\">Dise\u00f1o sin mangas<\/strong><br data-start=\"435\" data-end=\"438\" \/>Su estructura sin mangas permite <strong data-start=\"471\" data-end=\"503\">mayor libertad de movimiento<\/strong>, convirti\u00e9ndola en una opci\u00f3n ideal para entrenamientos, actividades al aire libre o simplemente para un look casual y fresco en d\u00edas calurosos.<\/p>\n<p data-start=\"652\" data-end=\"863\">\u2705 <strong data-start=\"654\" data-end=\"682\">Material de alta calidad<\/strong><br data-start=\"682\" data-end=\"685\" \/>Fabricada en <strong data-start=\"698\" data-end=\"714\">100% algod\u00f3n<\/strong>, esta prenda ofrece una sensaci\u00f3n suave y ligera en la piel, permitiendo <strong data-start=\"788\" data-end=\"815\">m\u00e1xima transpirabilidad<\/strong> y garantizando comodidad durante todo el d\u00eda.<\/p>\n<p data-start=\"865\" data-end=\"1077\">\u2705 <strong data-start=\"867\" data-end=\"890\">Versatilidad de uso<\/strong><br data-start=\"890\" data-end=\"893\" \/>Gracias a su dise\u00f1o sencillo pero elegante, esta chaqueta sin mangas es perfecta para combinar con <strong data-start=\"992\" data-end=\"1030\">shorts deportivos, joggers o jeans<\/strong>, adapt\u00e1ndose f\u00e1cilmente a distintos estilos.<\/p>\n<p data-start=\"1079\" data-end=\"1283\">\u2705 <strong data-start=\"1081\" data-end=\"1101\">Color y detalles<\/strong><br data-start=\"1101\" data-end=\"1104\" \/>El <strong data-start=\"1107\" data-end=\"1131\">color blanco cl\u00e1sico<\/strong> se complementa con el <strong data-start=\"1154\" data-end=\"1182\">logo Nike en tono blanco<\/strong>, lo que le da un toque sutil pero sofisticado, ideal para quienes buscan un look limpio y moderno.<\/p>\n<p data-start=\"1285\" data-end=\"1456\">\u2705 <strong data-start=\"1287\" data-end=\"1311\">Ideal para el verano<\/strong><br data-start=\"1311\" data-end=\"1314\" \/>Esta prenda es perfecta para d\u00edas c\u00e1lidos, ya sea para entrenar al aire libre, pasear por la ciudad o relajarse con un look casual y c\u00f3modo.<\/p>\n<hr data-start=\"1458\" data-end=\"1463\" \/>\n<h3 data-start=\"1465\" data-end=\"1500\"><strong data-start=\"1469\" data-end=\"1498\">Especificaciones T\u00e9cnicas<\/strong><\/h3>\n<p data-start=\"1501\" data-end=\"1622\">\ud83d\udccc <strong data-start=\"1504\" data-end=\"1528\">C\u00f3digo del producto:<\/strong> BQ1260-100<br data-start=\"1539\" data-end=\"1542\" \/>\ud83d\udccc <strong data-start=\"1545\" data-end=\"1558\">Material:<\/strong> 100% algod\u00f3n<br data-start=\"1571\" data-end=\"1574\" \/>\ud83d\udccc <strong data-start=\"1577\" data-end=\"1591\">Categor\u00eda:<\/strong> Tops<br data-start=\"1596\" data-end=\"1599\" \/>\ud83d\udccc <strong data-start=\"1602\" data-end=\"1613\">G\u00e9nero:<\/strong> Hombre<\/p>\n<p data-start=\"1624\" data-end=\"1781\" data-is-last-node=\"\" data-is-only-node=\"\">Si buscas una prenda fresca, c\u00f3moda y con el sello de calidad de Nike, l<strong data-start=\"1698\" data-end=\"1737\">a camisilla sin mangas Nike BQ1260-100<\/strong> es una opci\u00f3n perfecta para esta temporada.<\/p>\n<\/div>\n<\/div>\n<\/div>\n<\/div>\n<\/div>\n<\/div>\n<\/div>\n<\/div>\n<\/article>\n<\/div>\n<\/div>\n<\/div>\n<\/div>\n","protected":false},"excerpt":{"rendered":"<p>Camisilla sin mangas Nike para Hombre \u2013 BQ1260-100 La camisilla sin mangas\u00a0es una prenda perfecta para el verano, ideal tanto<\/p>\n","protected":false},"featured_media":75951,"comment_status":"open","ping_status":"closed","template":"","meta":{"nf_dc_page":""},"product_brand":[],"product_cat":[76],"product_tag":[],"class_list":{"0":"post-75950","1":"product","2":"type-product","3":"status-publish","4":"has-post-thumbnail","6":"product_cat-masculino","8":"first","9":"instock","10":"shipping-taxable","11":"purchasable","12":"product-type-simple"},"_links":{"self":[{"href":"https:\/\/brandss.com.py\/index\/wp-json\/wp\/v2\/product\/75950","targetHints":{"allow":["GET"]}}],"collection":[{"href":"https:\/\/brandss.com.py\/index\/wp-json\/wp\/v2\/product"}],"about":[{"href":"https:\/\/brandss.com.py\/index\/wp-json\/wp\/v2\/types\/product"}],"replies":[{"embeddable":true,"href":"https:\/\/brandss.com.py\/index\/wp-json\/wp\/v2\/comments?post=75950"}],"version-history":[{"count":2,"href":"https:\/\/brandss.com.py\/index\/wp-json\/wp\/v2\/product\/75950\/revisions"}],"predecessor-version":[{"id":75956,"href":"https:\/\/brandss.com.py\/index\/wp-json\/wp\/v2\/product\/75950\/revisions\/75956"}],"wp:featuredmedia":[{"embeddable":true,"href":"https:\/\/brandss.com.py\/index\/wp-json\/wp\/v2\/media\/75951"}],"wp:attachment":[{"href":"https:\/\/brandss.com.py\/index\/wp-json\/wp\/v2\/media?parent=75950"}],"wp:term":[{"taxonomy":"product_brand","embeddable":true,"href":"https:\/\/brandss.com.py\/index\/wp-json\/wp\/v2\/product_brand?post=75950"},{"taxonomy":"product_cat","embeddable":true,"href":"https:\/\/brandss.com.py\/index\/wp-json\/wp\/v2\/product_cat?post=75950"},{"taxonomy":"product_tag","embeddable":true,"href":"https:\/\/brandss.com.py\/index\/wp-json\/wp\/v2\/product_tag?post=75950"}],"curies":[{"name":"wp","href":"https:\/\/api.w.org\/{rel}","templated":true}]}}