{"id":76036,"date":"2025-03-13T16:48:25","date_gmt":"2025-03-13T16:48:25","guid":{"rendered":"https:\/\/brandss.com.py\/index\/?post_type=product&#038;p=76036"},"modified":"2025-06-03T10:34:00","modified_gmt":"2025-06-03T10:34:00","slug":"calzado-deportivo-masculino-nike-air-zoom-flight-95-true-red","status":"publish","type":"product","link":"https:\/\/brandss.com.py\/index\/producto\/calzado-deportivo-masculino-nike-air-zoom-flight-95-true-red\/","title":{"rendered":"CALZADO DEPORTIVO MASCULINO NIKE AIR ZOOM FLIGHT 95 TRUE RED"},"content":{"rendered":"<p><img loading=\"lazy\" decoding=\"async\" class=\"\" src=\"https:\/\/i0.wp.com\/www.vectorizando.com\/wp-content\/uploads\/2021\/05\/nike-logo-738b64ca.png?fit=500%2C500&amp;ssl=1\" alt=\"Nike logo 2025 | \u2713 Los mejores logos vectorizados\" width=\"118\" height=\"118\" \/><\/p>\n<h1>AIR ZOOM FLIGHT 95 TRUE RED<\/h1>\n<p>\u00bfHas tenido un d\u00e9j\u00e0 vu de calzado? Regresa a uno de los primeros calzados en popularizar la tecnolog\u00eda Zoom Air y vuelve a vivir la revoluci\u00f3n del calzado (en concreto, ese mate que te hace ganar el trofeo desde los tiros libres). Con sus l\u00edneas fluidas y sus detalles futuristas en forma de &#8220;ojo de insecto&#8221;, el Air Zoom Flight 95 no es un sue\u00f1o, es tu boleto para llamar la atenci\u00f3n.<\/p>\n<p>&nbsp;<\/p>\n<p><strong>Modelo:<\/strong> DX1165-100.<\/p>\n<p><strong>Color:<\/strong> White\/True Red-Black.<\/p>\n<p><strong>Material:<\/strong> 100% Leather\/Textil.<\/p>\n","protected":false},"excerpt":{"rendered":"<p>AIR ZOOM FLIGHT 95 TRUE RED \u00bfHas tenido un d\u00e9j\u00e0 vu de calzado? Regresa a uno de los primeros calzados<\/p>\n","protected":false},"featured_media":76047,"comment_status":"open","ping_status":"closed","template":"","meta":{"nf_dc_page":""},"product_brand":[],"product_cat":[76],"product_tag":[],"class_list":{"0":"post-76036","1":"product","2":"type-product","3":"status-publish","4":"has-post-thumbnail","6":"product_cat-masculino","8":"first","9":"instock","10":"shipping-taxable","11":"purchasable","12":"product-type-simple"},"_links":{"self":[{"href":"https:\/\/brandss.com.py\/index\/wp-json\/wp\/v2\/product\/76036","targetHints":{"allow":["GET"]}}],"collection":[{"href":"https:\/\/brandss.com.py\/index\/wp-json\/wp\/v2\/product"}],"about":[{"href":"https:\/\/brandss.com.py\/index\/wp-json\/wp\/v2\/types\/product"}],"replies":[{"embeddable":true,"href":"https:\/\/brandss.com.py\/index\/wp-json\/wp\/v2\/comments?post=76036"}],"version-history":[{"count":1,"href":"https:\/\/brandss.com.py\/index\/wp-json\/wp\/v2\/product\/76036\/revisions"}],"predecessor-version":[{"id":76057,"href":"https:\/\/brandss.com.py\/index\/wp-json\/wp\/v2\/product\/76036\/revisions\/76057"}],"wp:featuredmedia":[{"embeddable":true,"href":"https:\/\/brandss.com.py\/index\/wp-json\/wp\/v2\/media\/76047"}],"wp:attachment":[{"href":"https:\/\/brandss.com.py\/index\/wp-json\/wp\/v2\/media?parent=76036"}],"wp:term":[{"taxonomy":"product_brand","embeddable":true,"href":"https:\/\/brandss.com.py\/index\/wp-json\/wp\/v2\/product_brand?post=76036"},{"taxonomy":"product_cat","embeddable":true,"href":"https:\/\/brandss.com.py\/index\/wp-json\/wp\/v2\/product_cat?post=76036"},{"taxonomy":"product_tag","embeddable":true,"href":"https:\/\/brandss.com.py\/index\/wp-json\/wp\/v2\/product_tag?post=76036"}],"curies":[{"name":"wp","href":"https:\/\/api.w.org\/{rel}","templated":true}]}}