{"id":76039,"date":"2025-03-13T16:46:19","date_gmt":"2025-03-13T16:46:19","guid":{"rendered":"https:\/\/brandss.com.py\/index\/?post_type=product&#038;p=76039"},"modified":"2025-03-13T16:46:47","modified_gmt":"2025-03-13T16:46:47","slug":"calzado-casual-masculino-nike-dunk-low-x-off","status":"publish","type":"product","link":"https:\/\/brandss.com.py\/index\/producto\/calzado-casual-masculino-nike-dunk-low-x-off\/","title":{"rendered":"CALZADO CASUAL MASCULINO NIKE DUNK LOW X OFF"},"content":{"rendered":"<p><img loading=\"lazy\" decoding=\"async\" class=\"\" src=\"https:\/\/1000marcas.net\/wp-content\/uploads\/2019\/11\/Logo-Nike.jpg\" alt=\"Logo de Nike: la historia y el significado del logotipo, la ...\" width=\"459\" height=\"258\" \/><\/p>\n<div class=\"flex max-w-full flex-col flex-grow\">\n<div class=\"min-h-8 text-message relative flex w-full flex-col items-end gap-2 whitespace-normal break-words text-start [.text-message+&amp;]:mt-5\" dir=\"auto\" data-message-author-role=\"assistant\" data-message-id=\"8a2ba903-b6dd-44fd-b0a9-baacba04551d\" data-message-model-slug=\"gpt-4o-mini\">\n<div class=\"flex w-full flex-col gap-1 empty:hidden first:pt-[3px]\">\n<div class=\"markdown prose w-full break-words dark:prose-invert light\">\n<h1 data-start=\"0\" data-end=\"87\"><strong data-start=\"4\" data-end=\"85\"><span>Off-White x Nike Dunk Low University Gold \u2013 La Fusi\u00f3n de Estilo y Creatividad<\/span><\/strong><\/h1>\n<p data-start=\"89\" data-end=\"471\"><span>Las <\/span><strong data-start=\"93\" data-end=\"138\"><span>Off-White x Nike Dunk Low University Gold<\/span><\/strong><span> son un ejemplo perfecto de la <\/span><strong data-start=\"169\" data-end=\"193\"><span>colaboraci\u00f3n ic\u00f3nica<\/span><\/strong><span> entre <\/span><strong data-start=\"200\" data-end=\"216\"><span>Virgil Abloh<\/span><\/strong><span> y <\/span><strong data-start=\"219\" data-end=\"227\"><span>Nike<\/span><\/strong><span> . Consideradas por muchos como una de las colaboraciones m\u00e1s destacadas desde la famosa <\/span><strong data-start=\"315\" data-end=\"338\"><span>colecci\u00f3n &#8220;The Ten&#8221;<\/span><\/strong><span> , estas zapatillas no solo rinden homenaje a la cultura del baloncesto, sino que tambi\u00e9n destacan por su <\/span><strong data-start=\"443\" data-end=\"470\"><span>dise\u00f1o \u00fanico y opulento<\/span><\/strong><span> .<\/span><\/p>\n<p data-start=\"473\" data-end=\"829\"><span>Aunque su paleta de colores, con <\/span><strong data-start=\"506\" data-end=\"527\"><span>amarillo y morado<\/span><\/strong><span> , podr\u00eda hacer pensar en un gui\u00f1o a los <\/span><strong data-start=\"567\" data-end=\"589\"><span>Los Angeles Lakers<\/span><\/strong><span> de la NBA, en realidad son una creaci\u00f3n completamente original de Virgil Abloh. Estas <\/span><strong data-start=\"676\" data-end=\"688\"><span>Dunk Low<\/span><\/strong><span> presentan un <\/span><strong data-start=\"702\" data-end=\"724\"><span>contraste elegante<\/span><\/strong><span> entre el dorado universitario y el <\/span><strong data-start=\"760\" data-end=\"786\"><span>azul marino medianoche<\/span><\/strong><span> , creando una est\u00e9tica moderna y llamativa.<\/span><\/p>\n<hr data-start=\"831\" data-end=\"834\" \/>\n<h3 data-start=\"836\" data-end=\"871\"><strong data-start=\"840\" data-end=\"871\"><span>Caracter\u00edsticas<\/span><\/strong><\/h3>\n<p data-start=\"873\" data-end=\"1141\"><span>\u2705 <\/span><strong data-start=\"875\" data-end=\"907\"><span>Dise\u00f1o de Contraste y Estilo<\/span><\/strong><br data-start=\"907\" data-end=\"910\" \/><span> El dise\u00f1o se destaca por su mezcla de colores <\/span><strong data-start=\"956\" data-end=\"978\"><span>amarillo brillante<\/span><\/strong><span> (dorado universitario) y un <\/span><strong data-start=\"1007\" data-end=\"1031\"><span>azul marino profundo<\/span><\/strong><span> , que le dan una apariencia <\/span><strong data-start=\"1059\" data-end=\"1071\"><span>opulenta<\/span><\/strong><span> y sofisticada, ideal para quienes buscan un estilo llamativo y \u00fanico.<\/span><\/p>\n<p data-start=\"1143\" data-end=\"1534\"><span>\u2705 <\/span><strong data-start=\"1145\" data-end=\"1171\"><span>Detalles deconstruidos<\/span><\/strong><br data-start=\"1171\" data-end=\"1174\" \/><span> Virgil Abloh es conocido por su estilo <\/span><strong data-start=\"1213\" data-end=\"1229\"><span>deconstruido<\/span><\/strong><span> , y esta colaboraci\u00f3n no es la excepci\u00f3n. Los <\/span><strong data-start=\"1275\" data-end=\"1296\"><span>detalles t\u00e9cnicos<\/span><\/strong><span> en los paneles laterales y las <\/span><strong data-start=\"1328\" data-end=\"1350\"><span>costuras expuestas<\/span><\/strong><span> agregan un toque crudo y aut\u00e9ntico al dise\u00f1o. Adem\u00e1s, el <\/span><strong data-start=\"1408\" data-end=\"1440\"><span>sistema de cordones renovados<\/span><\/strong><span> y los toques en <\/span><strong data-start=\"1457\" data-end=\"1472\"><span>blanco roto<\/span><\/strong><span> completan la est\u00e9tica disruptiva que caracteriza a Off-White.<\/span><\/p>\n<p data-start=\"1536\" data-end=\"1778\"><span>\u2705 <\/span><strong data-start=\"1538\" data-end=\"1559\"><span>Detalles de Marca<\/span><\/strong><br data-start=\"1559\" data-end=\"1562\" \/><span> La <\/span><strong data-start=\"1565\" data-end=\"1600\"><span>&#8220;X&#8221; caracter\u00edstica de Off-White<\/span><\/strong><span> , junto con el logo de <\/span><strong data-start=\"1623\" data-end=\"1631\"><span>Nike<\/span><\/strong><span> , se muestran en varias partes del dise\u00f1o, haciendo que estas zapatillas sean instant\u00e1neamente reconocibles como una colaboraci\u00f3n de alto perfil.<\/span><\/p>\n<p data-start=\"1780\" data-end=\"2092\"><span>\u2705 <\/span><strong data-start=\"1782\" data-end=\"1809\"><span>Comodidad y Rendimiento<\/span><\/strong><br data-start=\"1809\" data-end=\"1812\" \/><span> Como todas las <\/span><strong data-start=\"1827\" data-end=\"1840\"><span>Nike Dunk<\/span><\/strong><span> , las <\/span><strong data-start=\"1846\" data-end=\"1875\"><span>Off-White x Nike Dunk Low<\/span><\/strong><span> cuentan con una <\/span><strong data-start=\"1892\" data-end=\"1909\"><span>suela de goma<\/span><\/strong><span> de alta calidad, proporcionando <\/span><strong data-start=\"1942\" data-end=\"1957\"><span>durabilidad<\/span><\/strong><span> y <\/span><strong data-start=\"1960\" data-end=\"1970\"><span>agarr\u00e9<\/span><\/strong><span> en cada paso. Aunque su dise\u00f1o est\u00e1 orientado a la moda, estas zapatillas siguen ofreciendo un <\/span><strong data-start=\"2066\" data-end=\"2091\"><span>rendimiento confiable<\/span><\/strong><span> .<\/span><\/p>\n<hr data-start=\"2094\" data-end=\"2097\" \/>\n<h3 data-start=\"2099\" data-end=\"2130\"><strong data-start=\"2103\" data-end=\"2128\"><span>Detalles del producto<\/span><\/strong><\/h3>\n<ul data-start=\"2132\" data-end=\"2518\">\n<li data-start=\"2132\" data-end=\"2151\"><strong data-start=\"2134\" data-end=\"2144\"><span>Marca:<\/span><\/strong><span> Nike<\/span><\/li>\n<li data-start=\"2152\" data-end=\"2188\"><strong data-start=\"2154\" data-end=\"2175\"><span>C\u00f3digo de estilo:<\/span><\/strong><span> CT0856-700<\/span><\/li>\n<li data-start=\"2189\" data-end=\"2290\"><strong data-start=\"2191\" data-end=\"2206\"><span>Categor\u00edas:<\/span><\/strong><span> Nike Dunk, Nike Off-White, Nike SB Dunk, Nike Dunk Amarillas, Nike Dunk Off-White<\/span><\/li>\n<li data-start=\"2291\" data-end=\"2323\"><strong data-start=\"2293\" data-end=\"2316\"><span>A\u00f1o de lanzamiento:<\/span><\/strong><span> 2019<\/span><\/li>\n<li data-start=\"2324\" data-end=\"2397\"><strong data-start=\"2326\" data-end=\"2338\"><span>Colores:<\/span><\/strong><span> Amarillo (Dorado universitario) y Azul marino medianoche<\/span><\/li>\n<li data-start=\"2398\" data-end=\"2518\"><strong data-start=\"2400\" data-end=\"2413\"><span>Detalles:<\/span><\/strong><span> Sistema de cordones renovado, detalles deconstruidos, paneles laterales t\u00e9cnicos, toques en blanco roto.<\/span><\/li>\n<\/ul>\n<hr data-start=\"2520\" data-end=\"2523\" \/>\n<h3 data-start=\"2525\" data-end=\"2551\"><strong data-start=\"2529\" data-end=\"2549\"><span>Estilo y cultura<\/span><\/strong><\/h3>\n<p data-start=\"2553\" data-end=\"2918\"><span>Las <\/span><strong data-start=\"2557\" data-end=\"2602\"><span>Off-White x Nike Dunk Low University Gold<\/span><\/strong><span> no solo son una pieza de calzado, sino tambi\u00e9n una <\/span><strong data-start=\"2654\" data-end=\"2679\"><span>declaraci\u00f3n de estilo<\/span><\/strong><span> . Al fusionar la est\u00e9tica deportiva con el toque vanguardista de <\/span><strong data-start=\"2744\" data-end=\"2760\"><span>Virgil Abloh<\/span><\/strong><span> , estas zapatillas se convierten en una prenda que trasciende m\u00e1s all\u00e1 de la cancha, alcanzando a <\/span><strong data-start=\"2858\" data-end=\"2917\"><span>fan\u00e1ticos del streetwear, la cultura del arte y la moda<\/span><\/strong><span> .<\/span><\/p>\n<p data-start=\"2920\" data-end=\"3120\" data-is-last-node=\"\" data-is-only-node=\"\"><span>\u00a1Si eres un amante del dise\u00f1o innovador y de las colaboraciones exclusivas, no puedes dejar pasar la oportunidad de adquirir este par de <\/span><strong data-start=\"3057\" data-end=\"3070\"><span>Nike Dunk<\/span><\/strong><span> que <\/span><strong data-start=\"3075\" data-end=\"3119\"><span>fusiona lujo y deporte en un solo modelo<\/span><\/strong><span> !<\/span><\/p>\n<\/div>\n<\/div>\n<\/div>\n<\/div>\n<div class=\"mb-2 flex gap-3 -ml-2\">\n<div class=\"flex items-center justify-start rounded-xl p-1\"><\/div>\n<\/div>\n<p>&nbsp;<\/p>\n","protected":false},"excerpt":{"rendered":"<p>Off-White x Nike Dunk Low University Gold \u2013 La Fusi\u00f3n de Estilo y Creatividad Las Off-White x Nike Dunk Low<\/p>\n","protected":false},"featured_media":76040,"comment_status":"open","ping_status":"closed","template":"","meta":{"nf_dc_page":""},"product_brand":[],"product_cat":[76],"product_tag":[],"class_list":{"0":"post-76039","1":"product","2":"type-product","3":"status-publish","4":"has-post-thumbnail","6":"product_cat-masculino","8":"first","9":"instock","10":"shipping-taxable","11":"purchasable","12":"product-type-simple"},"_links":{"self":[{"href":"https:\/\/brandss.com.py\/index\/wp-json\/wp\/v2\/product\/76039","targetHints":{"allow":["GET"]}}],"collection":[{"href":"https:\/\/brandss.com.py\/index\/wp-json\/wp\/v2\/product"}],"about":[{"href":"https:\/\/brandss.com.py\/index\/wp-json\/wp\/v2\/types\/product"}],"replies":[{"embeddable":true,"href":"https:\/\/brandss.com.py\/index\/wp-json\/wp\/v2\/comments?post=76039"}],"version-history":[{"count":1,"href":"https:\/\/brandss.com.py\/index\/wp-json\/wp\/v2\/product\/76039\/revisions"}],"predecessor-version":[{"id":76048,"href":"https:\/\/brandss.com.py\/index\/wp-json\/wp\/v2\/product\/76039\/revisions\/76048"}],"wp:featuredmedia":[{"embeddable":true,"href":"https:\/\/brandss.com.py\/index\/wp-json\/wp\/v2\/media\/76040"}],"wp:attachment":[{"href":"https:\/\/brandss.com.py\/index\/wp-json\/wp\/v2\/media?parent=76039"}],"wp:term":[{"taxonomy":"product_brand","embeddable":true,"href":"https:\/\/brandss.com.py\/index\/wp-json\/wp\/v2\/product_brand?post=76039"},{"taxonomy":"product_cat","embeddable":true,"href":"https:\/\/brandss.com.py\/index\/wp-json\/wp\/v2\/product_cat?post=76039"},{"taxonomy":"product_tag","embeddable":true,"href":"https:\/\/brandss.com.py\/index\/wp-json\/wp\/v2\/product_tag?post=76039"}],"curies":[{"name":"wp","href":"https:\/\/api.w.org\/{rel}","templated":true}]}}