{"id":76139,"date":"2025-03-14T11:02:46","date_gmt":"2025-03-14T11:02:46","guid":{"rendered":"https:\/\/brandss.com.py\/index\/?post_type=product&#038;p=76139"},"modified":"2025-03-14T11:04:27","modified_gmt":"2025-03-14T11:04:27","slug":"calzado-deportivo-masculino-nike-sb-react-leo","status":"publish","type":"product","link":"https:\/\/brandss.com.py\/index\/producto\/calzado-deportivo-masculino-nike-sb-react-leo\/","title":{"rendered":"CALZADO DEPORTIVO MASCULINO NIKE SB REACT LEO"},"content":{"rendered":"<p><img loading=\"lazy\" decoding=\"async\" class=\"\" src=\"https:\/\/i0.wp.com\/www.vectorizando.com\/wp-content\/uploads\/2021\/05\/nike-logo-738b64ca.png?fit=500%2C500&amp;ssl=1\" alt=\"Nike logo 2025 | \u2713 Los mejores logos vectorizados\" width=\"139\" height=\"139\" \/><\/p>\n<h1>SB REACT LEO<\/h1>\n<div class=\"b-fullpdpdetails__item\" data-prop-name=\"productDescription\"><span>Lujo y practicidad se unen en esta colaboraci\u00f3n sin g\u00e9nero con Leo Baker. Dise\u00f1adas para patinar sin esfuerzo con una precisi\u00f3n excepcional, estas zapatillas vienen perfectamente adaptadas para un rendimiento m\u00e1s duradero y consistente. Probadas por Leo, dise\u00f1adas para ti.<\/span><\/div>\n<div class=\"b-fullpdpdetails__attribute\" data-id=\"gmg_productSpecifications\">\n<div class=\"b-fullpdpdetails__section\">\n<div><\/div>\n<div class=\"b-fullpdpdetails__title\"><strong>Beneficios<\/strong><\/div>\n<div class=\"b-productdata__content\">\n<ul class=\"b-list--dots\">\n<li><span>Los zapatos se entregan previamente desgastados para una sensaci\u00f3n perfecta en la tabla desde el primer momento.<\/span><\/li>\n<li><span>Los paneles laterales de sat\u00e9n est\u00e1n bordados con el nombre de Leo.<\/span><\/li>\n<li><span>La parte superior combina cuero, gamuza y sat\u00e9n para brindar durabilidad y textura.<\/span><\/li>\n<li><span>La suela de goma le proporciona tracci\u00f3n duradera.<\/span><\/li>\n<li><span>Color: Chocolate claro\/Blanco\/Negro\/Negro.<\/span><\/li>\n<li><span>Modelo: DX4361-201.<\/span><\/li>\n<\/ul>\n<\/div>\n<\/div>\n<div class=\"b-fullpdpdetails__section\">\n<div class=\"b-productdata__content\"><\/div>\n<\/div>\n<\/div>\n","protected":false},"excerpt":{"rendered":"<p>SB REACT LEO Lujo y practicidad se unen en esta colaboraci\u00f3n sin g\u00e9nero con Leo Baker. Dise\u00f1adas para patinar sin<\/p>\n","protected":false},"featured_media":76140,"comment_status":"open","ping_status":"closed","template":"","meta":{"nf_dc_page":""},"product_brand":[],"product_cat":[76],"product_tag":[],"class_list":{"0":"post-76139","1":"product","2":"type-product","3":"status-publish","4":"has-post-thumbnail","6":"product_cat-masculino","8":"first","9":"instock","10":"shipping-taxable","11":"purchasable","12":"product-type-simple"},"_links":{"self":[{"href":"https:\/\/brandss.com.py\/index\/wp-json\/wp\/v2\/product\/76139","targetHints":{"allow":["GET"]}}],"collection":[{"href":"https:\/\/brandss.com.py\/index\/wp-json\/wp\/v2\/product"}],"about":[{"href":"https:\/\/brandss.com.py\/index\/wp-json\/wp\/v2\/types\/product"}],"replies":[{"embeddable":true,"href":"https:\/\/brandss.com.py\/index\/wp-json\/wp\/v2\/comments?post=76139"}],"version-history":[{"count":1,"href":"https:\/\/brandss.com.py\/index\/wp-json\/wp\/v2\/product\/76139\/revisions"}],"predecessor-version":[{"id":76149,"href":"https:\/\/brandss.com.py\/index\/wp-json\/wp\/v2\/product\/76139\/revisions\/76149"}],"wp:featuredmedia":[{"embeddable":true,"href":"https:\/\/brandss.com.py\/index\/wp-json\/wp\/v2\/media\/76140"}],"wp:attachment":[{"href":"https:\/\/brandss.com.py\/index\/wp-json\/wp\/v2\/media?parent=76139"}],"wp:term":[{"taxonomy":"product_brand","embeddable":true,"href":"https:\/\/brandss.com.py\/index\/wp-json\/wp\/v2\/product_brand?post=76139"},{"taxonomy":"product_cat","embeddable":true,"href":"https:\/\/brandss.com.py\/index\/wp-json\/wp\/v2\/product_cat?post=76139"},{"taxonomy":"product_tag","embeddable":true,"href":"https:\/\/brandss.com.py\/index\/wp-json\/wp\/v2\/product_tag?post=76139"}],"curies":[{"name":"wp","href":"https:\/\/api.w.org\/{rel}","templated":true}]}}