{"id":76223,"date":"2025-03-14T18:42:59","date_gmt":"2025-03-14T18:42:59","guid":{"rendered":"https:\/\/brandss.com.py\/index\/?post_type=product&#038;p=76223"},"modified":"2025-03-14T18:44:07","modified_gmt":"2025-03-14T18:44:07","slug":"calzado-deportivo-masculino-nike-air-zoom-tr1-2","status":"publish","type":"product","link":"https:\/\/brandss.com.py\/index\/producto\/calzado-deportivo-masculino-nike-air-zoom-tr1-2\/","title":{"rendered":"CALZADO DEPORTIVO MASCULINO NIKE AIR ZOOM TR1"},"content":{"rendered":"<p>&nbsp;<\/p>\n<p><img loading=\"lazy\" decoding=\"async\" class=\"\" src=\"https:\/\/i0.wp.com\/www.vectorizando.com\/wp-content\/uploads\/2021\/05\/nike-logo-738b64ca.png?fit=500%2C500&amp;ssl=1\" alt=\"Nike logo 2025 | \u2713 Los mejores logos vectorizados\" width=\"107\" height=\"107\" \/><\/p>\n<h1>AIR ZOOM TR1<\/h1>\n<div class=\"b-fullpdpdetails__item\" data-prop-name=\"productDescription\"><span>Las ganancias no se dan, se ganan. \u00a1Consigue lo que es tuyo! Hemos equipado este entrenador multiusos con la capacidad de respuesta necesaria para obtener impulsos de energ\u00eda incre\u00edbles. Puede soportar los rigores del esfuerzo de alta intensidad y te acompa\u00f1a en tus ritmos diarios.<\/span><\/div>\n<div class=\"b-fullpdpdetails__attribute\" data-id=\"gmg_productSpecifications\">\n<div class=\"b-fullpdpdetails__section\"><\/div>\n<div class=\"b-fullpdpdetails__section\">\n<div class=\"b-productdata__content\">\n<p>&nbsp;<\/p>\n<\/div>\n<\/div>\n<\/div>\n<div class=\"b-fullpdpdetails__attribute\" data-id=\"gmg_enhancedBenefits\">\n<div class=\"b-fullpdpdetails__section\">\n<div class=\"b-fullpdpdetails__title\"><strong>Despegar<\/strong><\/div>\n<div><\/div>\n<div class=\"b-productdata__content\"><span>Una unidad Zoom Air de longitud completa en la capa inferior de la parte superior brinda una respuesta activa durante los entrenamientos cardiovasculares y un poco de impulso adicional al poner fuerza en tu rutina de levantamiento de pesas.<\/span><\/div>\n<div><\/div>\n<\/div>\n<div class=\"b-fullpdpdetails__section\">\n<div class=\"b-fullpdpdetails__title\"><strong>Comodidad estable<\/strong><\/div>\n<div><\/div>\n<div class=\"b-productdata__content\"><span>El dise\u00f1o bajo ofrece estabilidad para el entrenamiento de fuerza. La parte superior tambi\u00e9n es baja y est\u00e1 hecha de ante sint\u00e9tico suave, aireado y transpirable.<\/span><\/div>\n<div><\/div>\n<\/div>\n<div class=\"b-fullpdpdetails__section\">\n<div class=\"b-fullpdpdetails__title\"><strong>Soporte din\u00e1mico<\/strong><\/div>\n<div><\/div>\n<div class=\"b-productdata__content\"><span>Una banda Dynamic Fit en la parte media del pie ofrece un cord\u00f3n ajustado para que te sientas seguro.<\/span><\/div>\n<div><\/div>\n<\/div>\n<div class=\"b-fullpdpdetails__section\">\n<div class=\"b-fullpdpdetails__title\"><strong>Movimientos suaves<\/strong><\/div>\n<div><\/div>\n<div class=\"b-productdata__content\"><span>\u00bfVes las l\u00edneas en la suela? Proporcionan una transici\u00f3n suave y una gran sensaci\u00f3n para los movimientos cardiovasculares. Las combinamos con un patr\u00f3n de tracci\u00f3n tipo gofre para mayor estabilidad en m\u00faltiples superficies.<\/span><\/div>\n<div>\n<div class=\"b-fullpdpdetails__section\">\n<div><\/div>\n<div class=\"b-fullpdpdetails__title\"><strong>Beneficios<\/strong><\/div>\n<div class=\"b-productdata__content\">\n<ul class=\"b-list--dots\">\n<li>El tal\u00f3n es estable y plano al suelo para mayor contenci\u00f3n.<\/li>\n<li>La entresuela de espuma a\u00f1ade amortiguaci\u00f3n.<\/li>\n<\/ul>\n<\/div>\n<\/div>\n<div class=\"b-fullpdpdetails__section\">\n<div class=\"b-fullpdpdetails__title\"><strong>Detalles\u00a0<\/strong><\/div>\n<div class=\"b-productdata__content\">\n<ul class=\"b-list--dots\">\n<li>Color: Blanco\/Azul Acuario\/Rosa intenso\/Azul real intenso<\/li>\n<li>Modelo: DX9016-102<\/li>\n<\/ul>\n<\/div>\n<\/div>\n<\/div>\n<\/div>\n<\/div>\n","protected":false},"excerpt":{"rendered":"<p>&nbsp; AIR ZOOM TR1 Las ganancias no se dan, se ganan. \u00a1Consigue lo que es tuyo! Hemos equipado este entrenador<\/p>\n","protected":false},"featured_media":76224,"comment_status":"open","ping_status":"closed","template":"","meta":{"nf_dc_page":""},"product_brand":[],"product_cat":[76],"product_tag":[],"class_list":{"0":"post-76223","1":"product","2":"type-product","3":"status-publish","4":"has-post-thumbnail","6":"product_cat-masculino","8":"first","9":"instock","10":"shipping-taxable","11":"purchasable","12":"product-type-simple"},"_links":{"self":[{"href":"https:\/\/brandss.com.py\/index\/wp-json\/wp\/v2\/product\/76223","targetHints":{"allow":["GET"]}}],"collection":[{"href":"https:\/\/brandss.com.py\/index\/wp-json\/wp\/v2\/product"}],"about":[{"href":"https:\/\/brandss.com.py\/index\/wp-json\/wp\/v2\/types\/product"}],"replies":[{"embeddable":true,"href":"https:\/\/brandss.com.py\/index\/wp-json\/wp\/v2\/comments?post=76223"}],"version-history":[{"count":1,"href":"https:\/\/brandss.com.py\/index\/wp-json\/wp\/v2\/product\/76223\/revisions"}],"predecessor-version":[{"id":76233,"href":"https:\/\/brandss.com.py\/index\/wp-json\/wp\/v2\/product\/76223\/revisions\/76233"}],"wp:featuredmedia":[{"embeddable":true,"href":"https:\/\/brandss.com.py\/index\/wp-json\/wp\/v2\/media\/76224"}],"wp:attachment":[{"href":"https:\/\/brandss.com.py\/index\/wp-json\/wp\/v2\/media?parent=76223"}],"wp:term":[{"taxonomy":"product_brand","embeddable":true,"href":"https:\/\/brandss.com.py\/index\/wp-json\/wp\/v2\/product_brand?post=76223"},{"taxonomy":"product_cat","embeddable":true,"href":"https:\/\/brandss.com.py\/index\/wp-json\/wp\/v2\/product_cat?post=76223"},{"taxonomy":"product_tag","embeddable":true,"href":"https:\/\/brandss.com.py\/index\/wp-json\/wp\/v2\/product_tag?post=76223"}],"curies":[{"name":"wp","href":"https:\/\/api.w.org\/{rel}","templated":true}]}}