{"id":76246,"date":"2025-03-15T12:59:04","date_gmt":"2025-03-15T12:59:04","guid":{"rendered":"https:\/\/brandss.com.py\/index\/?post_type=product&#038;p=76246"},"modified":"2025-03-15T13:06:13","modified_gmt":"2025-03-15T13:06:13","slug":"calzado-deportivo-masculino-nike-air-max-scorpion","status":"publish","type":"product","link":"https:\/\/brandss.com.py\/index\/producto\/calzado-deportivo-masculino-nike-air-max-scorpion\/","title":{"rendered":"CALZADO DEPORTIVO MASCULINO NIKE AIR MAX SCORPION"},"content":{"rendered":"<p><img loading=\"lazy\" decoding=\"async\" class=\"\" src=\"https:\/\/i0.wp.com\/www.vectorizando.com\/wp-content\/uploads\/2021\/05\/nike-logo-738b64ca.png?fit=500%2C500&amp;ssl=1\" alt=\"Nike logo 2025 | \u2713 Los mejores logos vectorizados\" width=\"97\" height=\"97\" \/><\/p>\n<h1>AIR MAX SCORPION<\/h1>\n<p>Presentamos las Nike Air Max Scorpion SE &#8220;Black Fireberry&#8221;, que combinan amortiguaci\u00f3n y comodidad. Su amortiguaci\u00f3n Air de alta respuesta proporciona una pisada suave, mientras que su construcci\u00f3n ligera garantiza flexibilidad y transpirabilidad. La llamativa combinaci\u00f3n de colores negro y baya le da un toque de estilo. Experimenta el equilibrio perfecto entre estilo y funcionalidad con estas zapatillas de edici\u00f3n limitada. \u00a1Mejora tu estilo con las Nike Air Max Scorpion SE &#8220;Black Fireberry&#8221; hoy mismo!<\/p>\n<p><span>Los calzados de la serie Scorpion son conocidas por su dise\u00f1o \u00fanico que llama la atenci\u00f3n y perdura en el recuerdo. Esto no es diferente en el caso del modelo <\/span><strong><span>Nike Air Max Scorpion Flyknit SE &#8220;Fireberry Black&#8221;<\/span><\/strong><span>\u00a0, en el que se opt\u00f3 por combinar el hilo FlyKnit negro con el logotipo Swoosh bicolor. El famoso dise\u00f1o presenta un bordado rosa y naranja. Justo encima, un panel esponjoso a\u00f1ade un toque de textura. Ponte este modelo y siente la aut\u00e9ntica amortiguaci\u00f3n.<\/span><\/p>\n<ul>\n<li>Sistema de amortiguaci\u00f3n Air Max completamente expuesto.<\/li>\n<li>Tecnolog\u00eda FlyKnit.<\/li>\n<li>Dise\u00f1o con cordones.<\/li>\n<li>Logotipo de Nike bordado en dos colores.<\/li>\n<li>Presilla del tal\u00f3n.<\/li>\n<li>Parte superior: material sint\u00e9tico Flyknit.<\/li>\n<li>Forro: material textil.<\/li>\n<li>Suela: goma.<\/li>\n<li>Colores: Negro\/Negro\/Negro\/Baya fuego.<\/li>\n<li>Modelo: DZ0799-001.<\/li>\n<\/ul>\n","protected":false},"excerpt":{"rendered":"<p>AIR MAX SCORPION Presentamos las Nike Air Max Scorpion SE &#8220;Black Fireberry&#8221;, que combinan amortiguaci\u00f3n y comodidad. Su amortiguaci\u00f3n Air<\/p>\n","protected":false},"featured_media":76247,"comment_status":"open","ping_status":"closed","template":"","meta":{"nf_dc_page":""},"product_brand":[],"product_cat":[76],"product_tag":[],"class_list":{"0":"post-76246","1":"product","2":"type-product","3":"status-publish","4":"has-post-thumbnail","6":"product_cat-masculino","8":"first","9":"instock","10":"shipping-taxable","11":"purchasable","12":"product-type-simple"},"_links":{"self":[{"href":"https:\/\/brandss.com.py\/index\/wp-json\/wp\/v2\/product\/76246","targetHints":{"allow":["GET"]}}],"collection":[{"href":"https:\/\/brandss.com.py\/index\/wp-json\/wp\/v2\/product"}],"about":[{"href":"https:\/\/brandss.com.py\/index\/wp-json\/wp\/v2\/types\/product"}],"replies":[{"embeddable":true,"href":"https:\/\/brandss.com.py\/index\/wp-json\/wp\/v2\/comments?post=76246"}],"version-history":[{"count":1,"href":"https:\/\/brandss.com.py\/index\/wp-json\/wp\/v2\/product\/76246\/revisions"}],"predecessor-version":[{"id":76256,"href":"https:\/\/brandss.com.py\/index\/wp-json\/wp\/v2\/product\/76246\/revisions\/76256"}],"wp:featuredmedia":[{"embeddable":true,"href":"https:\/\/brandss.com.py\/index\/wp-json\/wp\/v2\/media\/76247"}],"wp:attachment":[{"href":"https:\/\/brandss.com.py\/index\/wp-json\/wp\/v2\/media?parent=76246"}],"wp:term":[{"taxonomy":"product_brand","embeddable":true,"href":"https:\/\/brandss.com.py\/index\/wp-json\/wp\/v2\/product_brand?post=76246"},{"taxonomy":"product_cat","embeddable":true,"href":"https:\/\/brandss.com.py\/index\/wp-json\/wp\/v2\/product_cat?post=76246"},{"taxonomy":"product_tag","embeddable":true,"href":"https:\/\/brandss.com.py\/index\/wp-json\/wp\/v2\/product_tag?post=76246"}],"curies":[{"name":"wp","href":"https:\/\/api.w.org\/{rel}","templated":true}]}}