{"id":76375,"date":"2025-03-17T12:23:51","date_gmt":"2025-03-17T12:23:51","guid":{"rendered":"https:\/\/brandss.com.py\/index\/?post_type=product&#038;p=76375"},"modified":"2025-04-24T10:30:39","modified_gmt":"2025-04-24T10:30:39","slug":"calzado-deportivo-masculino-nike-air-huarache-runner","status":"publish","type":"product","link":"https:\/\/brandss.com.py\/index\/producto\/calzado-deportivo-masculino-nike-air-huarache-runner\/","title":{"rendered":"CALZADO DEPORTIVO MASCULINO NIKE AIR HUARACHE RUNNER"},"content":{"rendered":"<p><img loading=\"lazy\" decoding=\"async\" class=\"\" src=\"https:\/\/i0.wp.com\/www.vectorizando.com\/wp-content\/uploads\/2021\/05\/nike-logo-738b64ca.png?fit=500%2C500&amp;ssl=1\" alt=\"Nike logo 2025 | \u2713 Los mejores logos vectorizados\" width=\"108\" height=\"108\" \/><\/p>\n<h1>AIR HUARACHE RUNNER<\/h1>\n<div class=\"inline gap-1 \">\n<p class=\"text-left text-base leading-normal \"><span>La primavera est\u00e1 en su apogeo con Nike presentando nuevos estilos de las Air Huarache Runner de inspiraci\u00f3n retro. Esta actualizaci\u00f3n contempor\u00e1nea del ic\u00f3nico modelo de running de los 90 ofrece un estilo elegante y comodidad durante todo el d\u00eda, inspirado en el original. Las\u00a0<\/span><span>Air Huarache Runner\u00a0<\/span><span>&#8220;Light Orewood Brown&#8221; llegan con una renovaci\u00f3n primaveral, enriquecida con armoniosos colores pastel.<\/span><\/p>\n<\/div>\n<div class=\"inline gap-1 \">\n<p class=\"text-left text-base leading-normal \"><span>La malla en blanco vela define la parte superior, mientras que una gamuza marr\u00f3n tenue envuelve la puntera, los ojales y el guardabarros. Los paneles sint\u00e9ticos del mediopi\u00e9 y la estructura de goma de la parte trasera presentan un tono blanquecino que complementa el conjunto neutro. Los Swooshes azules bordados en los laterales y el tal\u00f3n a\u00f1aden un toque de color, acompa\u00f1ados de toques de rosa en los cordones y la plantilla. La entresuela de espuma afelpada incorpora una unidad Air encapsulada en la parte trasera para ofrecer una amortiguaci\u00f3n suave. En la parte inferior, la ic\u00f3nica suela waffle de goma de la marca garantiza una tracci\u00f3n constante.<\/span><\/p>\n<p>Color: Light Orewood Brown\/Earth.<\/p>\n<p>Modelo: DZ3306-101.<\/p>\n<\/div>\n","protected":false},"excerpt":{"rendered":"<p>AIR HUARACHE RUNNER La primavera est\u00e1 en su apogeo con Nike presentando nuevos estilos de las Air Huarache Runner de<\/p>\n","protected":false},"featured_media":76376,"comment_status":"open","ping_status":"closed","template":"","meta":{"nf_dc_page":""},"product_brand":[],"product_cat":[76],"product_tag":[],"class_list":{"0":"post-76375","1":"product","2":"type-product","3":"status-publish","4":"has-post-thumbnail","6":"product_cat-masculino","8":"first","9":"instock","10":"shipping-taxable","11":"purchasable","12":"product-type-simple"},"_links":{"self":[{"href":"https:\/\/brandss.com.py\/index\/wp-json\/wp\/v2\/product\/76375","targetHints":{"allow":["GET"]}}],"collection":[{"href":"https:\/\/brandss.com.py\/index\/wp-json\/wp\/v2\/product"}],"about":[{"href":"https:\/\/brandss.com.py\/index\/wp-json\/wp\/v2\/types\/product"}],"replies":[{"embeddable":true,"href":"https:\/\/brandss.com.py\/index\/wp-json\/wp\/v2\/comments?post=76375"}],"version-history":[{"count":1,"href":"https:\/\/brandss.com.py\/index\/wp-json\/wp\/v2\/product\/76375\/revisions"}],"predecessor-version":[{"id":76384,"href":"https:\/\/brandss.com.py\/index\/wp-json\/wp\/v2\/product\/76375\/revisions\/76384"}],"wp:featuredmedia":[{"embeddable":true,"href":"https:\/\/brandss.com.py\/index\/wp-json\/wp\/v2\/media\/76376"}],"wp:attachment":[{"href":"https:\/\/brandss.com.py\/index\/wp-json\/wp\/v2\/media?parent=76375"}],"wp:term":[{"taxonomy":"product_brand","embeddable":true,"href":"https:\/\/brandss.com.py\/index\/wp-json\/wp\/v2\/product_brand?post=76375"},{"taxonomy":"product_cat","embeddable":true,"href":"https:\/\/brandss.com.py\/index\/wp-json\/wp\/v2\/product_cat?post=76375"},{"taxonomy":"product_tag","embeddable":true,"href":"https:\/\/brandss.com.py\/index\/wp-json\/wp\/v2\/product_tag?post=76375"}],"curies":[{"name":"wp","href":"https:\/\/api.w.org\/{rel}","templated":true}]}}