{"id":76472,"date":"2025-03-17T15:03:49","date_gmt":"2025-03-17T15:03:49","guid":{"rendered":"https:\/\/brandss.com.py\/index\/?post_type=product&#038;p=76472"},"modified":"2025-03-17T15:03:50","modified_gmt":"2025-03-17T15:03:50","slug":"calzado-deportivo-femenino-nike-revolution-6-next-nature","status":"publish","type":"product","link":"https:\/\/brandss.com.py\/index\/producto\/calzado-deportivo-femenino-nike-revolution-6-next-nature\/","title":{"rendered":"CALZADO DEPORTIVO FEMENINO NIKE REVOLUTION 6 NEXT NATURE"},"content":{"rendered":"<h1><img loading=\"lazy\" decoding=\"async\" class=\"\" src=\"https:\/\/1000marcas.net\/wp-content\/uploads\/2019\/11\/Nike-logo.jpg\" alt=\"Logo de Nike: la historia y el significado del logotipo, la ...\" width=\"359\" height=\"202\" \/><\/h1>\n<h1 data-start=\"110\" data-end=\"196\"><strong data-start=\"114\" data-end=\"194\"><span>Nike Revolution 6 Next Nature \u2013 Comodidad y Rendimiento para Mujeres Activas<\/span><\/strong><\/h1>\n<p data-start=\"198\" data-end=\"555\"><span>El <\/span><strong data-start=\"201\" data-end=\"234\"><span>Nike Revolution 6 Next Nature<\/span><\/strong><span> para mujeres est\u00e1 dise\u00f1ado para ofrecer un calzado deportivo <\/span><strong data-start=\"296\" data-end=\"326\"><span>ligero, c\u00f3modo y funcional<\/span><\/strong><span> , ideal para tus entrenamientos y actividades diarias. Combinando un dise\u00f1o moderno con materiales sostenibles, este modelo se adapta a tu pie y proporciona un soporte excelente, permiti\u00e9ndote moverte con confianza y comodidad.<\/span><\/p>\n<p data-start=\"557\" data-end=\"920\"><span>La <\/span><strong data-start=\"560\" data-end=\"601\"><span>parte superior de malla textil ligera<\/span><\/strong><span> permite una <\/span><strong data-start=\"614\" data-end=\"646\"><span>transpirabilidad excepcional<\/span><\/strong><span> , asegurando que tus pies se mantengan frescos incluso durante actividades intensas. El <\/span><strong data-start=\"734\" data-end=\"759\"><span>tejido de punto suave<\/span><\/strong><span> ofrece un ajuste flexible y c\u00f3modo, envolviendo el pie sin ejercer presi\u00f3n, mientras que la <\/span><strong data-start=\"852\" data-end=\"874\"><span>plantilla moldeada<\/span><\/strong><span> agrega una capa extra de comodidad y soporte.<\/span><\/p>\n<p data-start=\"922\" data-end=\"1206\"><span>La <\/span><strong data-start=\"925\" data-end=\"949\"><span>entresuela de espuma<\/span><\/strong><span> proporciona una <\/span><strong data-start=\"966\" data-end=\"1000\"><span>amortiguaci\u00f3n suave y reactiva<\/span><\/strong><span> , absorbiendo los impactos y permitiendo una pisada m\u00e1s c\u00f3moda y fluida. Adem\u00e1s, el <\/span><strong data-start=\"1084\" data-end=\"1103\"><span>tal\u00f3n reforzado<\/span><\/strong><span> con elementos externos aumenta la durabilidad, brindando un extra de soporte donde m\u00e1s lo necesitas.<\/span><\/p>\n<p data-start=\"1208\" data-end=\"1441\"><span>La <\/span><strong data-start=\"1211\" data-end=\"1249\"><span>suela exterior de goma con ranuras<\/span><\/strong><span> proporciona un <\/span><strong data-start=\"1265\" data-end=\"1296\"><span>excelente agarre y tracci\u00f3n<\/span><\/strong><span> , lo que te permitir\u00e1 moverte de manera segura en una variedad de superficies, ya sea en el gimnasio, en la pista de atletismo o al aire libre.<\/span><\/p>\n<hr data-start=\"1443\" data-end=\"1446\" \/>\n<h3 data-start=\"1448\" data-end=\"1467\"><strong data-start=\"1452\" data-end=\"1465\"><span>Ventajas:<\/span><\/strong><\/h3>\n<p data-start=\"1468\" data-end=\"1927\"><span>\u2714 <\/span><strong data-start=\"1470\" data-end=\"1512\"><span>Parte superior ligera de malla textil:<\/span><\/strong><span> Aporta transpirabilidad y un ajuste flexible. <\/span><br data-start=\"1558\" data-end=\"1561\" \/><span>\u2714 <\/span><strong data-start=\"1563\" data-end=\"1586\"><span>Plantilla moldeada:<\/span><\/strong><span> Confort y soporte adicionales para el pie. <\/span><br data-start=\"1629\" data-end=\"1632\" \/><span>\u2714 <\/span><strong data-start=\"1634\" data-end=\"1673\"><span>Entresuela de espuma amortiguadora:<\/span><\/strong><span> Proporciona comodidad y absorbe impactos al correr o caminar. <\/span><br data-start=\"1735\" data-end=\"1738\" \/><span>\u2714 <\/span><strong data-start=\"1740\" data-end=\"1760\"><span>Tal\u00f3n reforzado:<\/span><\/strong><span> Mayor durabilidad y soporte en la parte trasera del calzado. <\/span><br data-start=\"1821\" data-end=\"1824\" \/><span>\u2714 <\/span><strong data-start=\"1826\" data-end=\"1856\"><span>Suela de goma con ranuras:<\/span><\/strong><span> Mejora la tracci\u00f3n, asegurando estabilidad en distintas superficies.<\/span><\/p>\n<p data-start=\"1929\" data-end=\"2233\"><span>Los <\/span><strong data-start=\"1933\" data-end=\"1966\"><span>Nike Revolution 6 Next Nature<\/span><\/strong><span> para mujeres son ideales para quienes buscan un calzado deportivo <\/span><strong data-start=\"2033\" data-end=\"2076\"><span>c\u00f3modo, duradero y con gran rendimiento<\/span><\/strong><span> en una variedad de actividades f\u00edsicas, mientras que al mismo tiempo promueven el compromiso con el medio ambiente a trav\u00e9s de sus materiales sostenibles.<\/span><\/p>\n","protected":false},"excerpt":{"rendered":"<p>Nike Revolution 6 Next Nature \u2013 Comodidad y Rendimiento para Mujeres Activas El Nike Revolution 6 Next Nature para mujeres<\/p>\n","protected":false},"featured_media":76477,"comment_status":"open","ping_status":"closed","template":"","meta":{"nf_dc_page":""},"product_brand":[],"product_cat":[73],"product_tag":[],"class_list":{"0":"post-76472","1":"product","2":"type-product","3":"status-publish","4":"has-post-thumbnail","6":"product_cat-femenino","8":"first","9":"instock","10":"shipping-taxable","11":"purchasable","12":"product-type-simple"},"_links":{"self":[{"href":"https:\/\/brandss.com.py\/index\/wp-json\/wp\/v2\/product\/76472","targetHints":{"allow":["GET"]}}],"collection":[{"href":"https:\/\/brandss.com.py\/index\/wp-json\/wp\/v2\/product"}],"about":[{"href":"https:\/\/brandss.com.py\/index\/wp-json\/wp\/v2\/types\/product"}],"replies":[{"embeddable":true,"href":"https:\/\/brandss.com.py\/index\/wp-json\/wp\/v2\/comments?post=76472"}],"version-history":[{"count":1,"href":"https:\/\/brandss.com.py\/index\/wp-json\/wp\/v2\/product\/76472\/revisions"}],"predecessor-version":[{"id":76478,"href":"https:\/\/brandss.com.py\/index\/wp-json\/wp\/v2\/product\/76472\/revisions\/76478"}],"wp:featuredmedia":[{"embeddable":true,"href":"https:\/\/brandss.com.py\/index\/wp-json\/wp\/v2\/media\/76477"}],"wp:attachment":[{"href":"https:\/\/brandss.com.py\/index\/wp-json\/wp\/v2\/media?parent=76472"}],"wp:term":[{"taxonomy":"product_brand","embeddable":true,"href":"https:\/\/brandss.com.py\/index\/wp-json\/wp\/v2\/product_brand?post=76472"},{"taxonomy":"product_cat","embeddable":true,"href":"https:\/\/brandss.com.py\/index\/wp-json\/wp\/v2\/product_cat?post=76472"},{"taxonomy":"product_tag","embeddable":true,"href":"https:\/\/brandss.com.py\/index\/wp-json\/wp\/v2\/product_tag?post=76472"}],"curies":[{"name":"wp","href":"https:\/\/api.w.org\/{rel}","templated":true}]}}