{"id":76730,"date":"2025-03-18T18:28:04","date_gmt":"2025-03-18T18:28:04","guid":{"rendered":"https:\/\/brandss.com.py\/index\/?post_type=product&#038;p=76730"},"modified":"2025-03-18T18:28:43","modified_gmt":"2025-03-18T18:28:43","slug":"calzado-deportivo-femenino-nike-juniper-trail-2-gore-tex","status":"publish","type":"product","link":"https:\/\/brandss.com.py\/index\/producto\/calzado-deportivo-femenino-nike-juniper-trail-2-gore-tex\/","title":{"rendered":"CALZADO DEPORTIVO FEMENINO NIKE JUNIPER TRAIL 2 GORE-TEX"},"content":{"rendered":"<p><img loading=\"lazy\" decoding=\"async\" class=\"\" src=\"https:\/\/loodibee.com\/wp-content\/uploads\/Nike-Logo.png\" alt=\"Nike Logo History | FREE PNG Logos\" width=\"114\" height=\"114\" \/><\/p>\n<h1>JUNIPER TRAIL 2 GORE-TEX<\/h1>\n<p>Presentamos las Nike Juniper Trail 2 GORE-TEX, el calzado definitivo para exploradores intr\u00e9pidos. Dise\u00f1adas con una membrana GORE-TEX impermeable y transpirable, estas zapatillas de trail mantendr\u00e1n tus pies secos y protegidos de las inclemencias del tiempo. La suela resistente proporciona una tracci\u00f3n \u00f3ptima en terrenos irregulares, mientras que la amortiguaci\u00f3n reactiva garantiza comodidad durante largas caminatas. Vive la aventura con confianza con las Nike Juniper Trail 2 GORE-TEX, disponibles en un elegante color gris humo claro. C\u00e1lzate estas zapatillas y conquista cualquier sendero con facilidad y estilo. <span>Las Juniper Trail 2 cuentan con GORE-TEX impermeable en la parte superior, tracci\u00f3n de gran agarre y una entresuela suave y acolchada. Ayudan a mantener los dedos de los pies secos en condiciones de aguanieve y aguanieve.<\/span><\/p>\n<p><strong>Caracter\u00edsticas:<\/strong><\/p>\n<ul>\n<li><span>Una capa de GORE-TEX ayuda a mantener los pies secos y protegidos del agua. Un cuello de espuma jaspeada mantiene el tobillo abrigado, a la vez que impide la entrada de suciedad y agua en el calzado.<\/span><\/li>\n<li><span>Los cables se integran con los cordones para una sensaci\u00f3n segura, espec\u00edficamente en la parte media del pie, mientras que la funda interior envuelve la parte media del pie para un ajuste similar al de un calcet\u00edn.<\/span><\/li>\n<li><span>Un patr\u00f3n de tracci\u00f3n generativo combinado con tacos de goma proporciona agarre en subidas y bajadas. Proporciona un mejor agarre en el sendero y una transici\u00f3n m\u00e1s suave en la carretera.<\/span><\/li>\n<li><span>Peso: 261 g.\u00a0<\/span><\/li>\n<li><span>Ca\u00edda: 9 mm.<\/span><\/li>\n<li>Color: Gris.<\/li>\n<li>Modelo: FB2065-005.<\/li>\n<\/ul>\n","protected":false},"excerpt":{"rendered":"<p>JUNIPER TRAIL 2 GORE-TEX Presentamos las Nike Juniper Trail 2 GORE-TEX, el calzado definitivo para exploradores intr\u00e9pidos. Dise\u00f1adas con una<\/p>\n","protected":false},"featured_media":76731,"comment_status":"open","ping_status":"closed","template":"","meta":{"nf_dc_page":""},"product_brand":[],"product_cat":[73],"product_tag":[],"class_list":{"0":"post-76730","1":"product","2":"type-product","3":"status-publish","4":"has-post-thumbnail","6":"product_cat-femenino","8":"first","9":"instock","10":"shipping-taxable","11":"purchasable","12":"product-type-simple"},"_links":{"self":[{"href":"https:\/\/brandss.com.py\/index\/wp-json\/wp\/v2\/product\/76730","targetHints":{"allow":["GET"]}}],"collection":[{"href":"https:\/\/brandss.com.py\/index\/wp-json\/wp\/v2\/product"}],"about":[{"href":"https:\/\/brandss.com.py\/index\/wp-json\/wp\/v2\/types\/product"}],"replies":[{"embeddable":true,"href":"https:\/\/brandss.com.py\/index\/wp-json\/wp\/v2\/comments?post=76730"}],"version-history":[{"count":1,"href":"https:\/\/brandss.com.py\/index\/wp-json\/wp\/v2\/product\/76730\/revisions"}],"predecessor-version":[{"id":76739,"href":"https:\/\/brandss.com.py\/index\/wp-json\/wp\/v2\/product\/76730\/revisions\/76739"}],"wp:featuredmedia":[{"embeddable":true,"href":"https:\/\/brandss.com.py\/index\/wp-json\/wp\/v2\/media\/76731"}],"wp:attachment":[{"href":"https:\/\/brandss.com.py\/index\/wp-json\/wp\/v2\/media?parent=76730"}],"wp:term":[{"taxonomy":"product_brand","embeddable":true,"href":"https:\/\/brandss.com.py\/index\/wp-json\/wp\/v2\/product_brand?post=76730"},{"taxonomy":"product_cat","embeddable":true,"href":"https:\/\/brandss.com.py\/index\/wp-json\/wp\/v2\/product_cat?post=76730"},{"taxonomy":"product_tag","embeddable":true,"href":"https:\/\/brandss.com.py\/index\/wp-json\/wp\/v2\/product_tag?post=76730"}],"curies":[{"name":"wp","href":"https:\/\/api.w.org\/{rel}","templated":true}]}}