{"id":76773,"date":"2025-03-19T12:34:14","date_gmt":"2025-03-19T12:34:14","guid":{"rendered":"https:\/\/brandss.com.py\/index\/?post_type=product&#038;p=76773"},"modified":"2025-03-19T12:35:55","modified_gmt":"2025-03-19T12:35:55","slug":"calzado-deportivo-femenino-nike-revolution-7","status":"publish","type":"product","link":"https:\/\/brandss.com.py\/index\/producto\/calzado-deportivo-femenino-nike-revolution-7\/","title":{"rendered":"CALZADO DEPORTIVO FEMENINO NIKE REVOLUTION 7"},"content":{"rendered":"<p><img loading=\"lazy\" decoding=\"async\" class=\"\" src=\"https:\/\/1000marcas.net\/wp-content\/uploads\/2019\/11\/Logo-Nike.jpg\" alt=\"Logo de Nike: la historia y el significado del logotipo, la marca y el  s\u00edmbolo. | png, vector\" width=\"144\" height=\"81\" \/><\/p>\n<h1>REVOLUTION 7<\/h1>\n<p>Equipamos las Revolution 7 con la amortiguaci\u00f3n y el soporte suaves que podr\u00edan transformar tu mundo del running. Elegantes como siempre, c\u00f3modas al contacto con la carretera y con un rendimiento excepcional para tu ritmo deseado, son la evoluci\u00f3n de una de las favoritas de los fans, ofreciendo una pisada suave y fluida.<\/p>\n<p><strong><span>Foamy Ride:<\/span><\/strong><\/p>\n<p><span>La entresuela de espuma proporciona una pisada suave y fluida. Adem\u00e1s, el antepi\u00e9 tiene un poco m\u00e1s de espacio en comparaci\u00f3n con el modelo 6, para que tus dedos no se sientan apretados ni apretados.<\/span><\/p>\n<p><strong><span>Tacto suave:<\/span><\/strong><\/p>\n<p><span>A\u00f1adimos relieves en el tal\u00f3n, visibles en la parte exterior del zapato. Son suaves al tacto y ayudan a aumentar la comodidad en el tend\u00f3n de Aquiles. Los puntos de contacto en la leng\u00fceta crean una sensaci\u00f3n natural al despegar.<\/span><\/p>\n<p><strong><span>Agarre seguro<\/span><\/strong><span>: <\/span><\/p>\n<p><span>La suela exterior cuenta con un patr\u00f3n de tracci\u00f3n generativo que se combina con tacos de goma para proporcionarte agarre al subir o bajar cuestas.<\/span><\/p>\n<p class=\"prod-h1\"><span>Color: Negro.<\/span><\/p>\n<p><span>Modelo:\u00a0<\/span><span>FB2208-002.<\/span><\/p>\n","protected":false},"excerpt":{"rendered":"<p>REVOLUTION 7 Equipamos las Revolution 7 con la amortiguaci\u00f3n y el soporte suaves que podr\u00edan transformar tu mundo del running.<\/p>\n","protected":false},"featured_media":76774,"comment_status":"open","ping_status":"closed","template":"","meta":{"nf_dc_page":""},"product_brand":[],"product_cat":[73],"product_tag":[],"class_list":{"0":"post-76773","1":"product","2":"type-product","3":"status-publish","4":"has-post-thumbnail","6":"product_cat-femenino","8":"first","9":"instock","10":"shipping-taxable","11":"purchasable","12":"product-type-simple"},"_links":{"self":[{"href":"https:\/\/brandss.com.py\/index\/wp-json\/wp\/v2\/product\/76773","targetHints":{"allow":["GET"]}}],"collection":[{"href":"https:\/\/brandss.com.py\/index\/wp-json\/wp\/v2\/product"}],"about":[{"href":"https:\/\/brandss.com.py\/index\/wp-json\/wp\/v2\/types\/product"}],"replies":[{"embeddable":true,"href":"https:\/\/brandss.com.py\/index\/wp-json\/wp\/v2\/comments?post=76773"}],"version-history":[{"count":1,"href":"https:\/\/brandss.com.py\/index\/wp-json\/wp\/v2\/product\/76773\/revisions"}],"predecessor-version":[{"id":76783,"href":"https:\/\/brandss.com.py\/index\/wp-json\/wp\/v2\/product\/76773\/revisions\/76783"}],"wp:featuredmedia":[{"embeddable":true,"href":"https:\/\/brandss.com.py\/index\/wp-json\/wp\/v2\/media\/76774"}],"wp:attachment":[{"href":"https:\/\/brandss.com.py\/index\/wp-json\/wp\/v2\/media?parent=76773"}],"wp:term":[{"taxonomy":"product_brand","embeddable":true,"href":"https:\/\/brandss.com.py\/index\/wp-json\/wp\/v2\/product_brand?post=76773"},{"taxonomy":"product_cat","embeddable":true,"href":"https:\/\/brandss.com.py\/index\/wp-json\/wp\/v2\/product_cat?post=76773"},{"taxonomy":"product_tag","embeddable":true,"href":"https:\/\/brandss.com.py\/index\/wp-json\/wp\/v2\/product_tag?post=76773"}],"curies":[{"name":"wp","href":"https:\/\/api.w.org\/{rel}","templated":true}]}}