{"id":76914,"date":"2025-03-19T18:47:09","date_gmt":"2025-03-19T18:47:09","guid":{"rendered":"https:\/\/brandss.com.py\/index\/?post_type=product&#038;p=76914"},"modified":"2025-03-19T18:47:48","modified_gmt":"2025-03-19T18:47:48","slug":"calzado-casual-femenino-nike-air-force-1-wild-2","status":"publish","type":"product","link":"https:\/\/brandss.com.py\/index\/producto\/calzado-casual-femenino-nike-air-force-1-wild-2\/","title":{"rendered":"CALZADO CASUAL FEMENINO NIKE AIR FORCE 1 WILD"},"content":{"rendered":"<p><img loading=\"lazy\" decoding=\"async\" class=\"\" src=\"https:\/\/1000marcas.net\/wp-content\/uploads\/2019\/11\/Logo-Nike.jpg\" alt=\"Logo de Nike: la historia y el significado del logotipo, la marca y el  s\u00edmbolo. | png, vector\" width=\"131\" height=\"74\" \/><\/p>\n<h1>AIR FORCE 1 WILD<\/h1>\n<p>Las Nike Air Force 1 son uno de los calzados m\u00e1s ic\u00f3nicos del mundo. Con el paso de los a\u00f1os, han trascendido sus ra\u00edces deportivas para convertirse en un s\u00edmbolo global de estilo, cultura e innovaci\u00f3n. Las Air Force 1 fueron las primeros calzados inspirados en el baloncesto en incorporar el sistema de amortiguaci\u00f3n Air de Nike, que proporciona una comodidad y una sujeci\u00f3n excepcionales. Disponibles en versiones de ca\u00f1a baja, media y alta, ofrecen infinitas opciones de estilo, convirti\u00e9ndolas en una opci\u00f3n vers\u00e1til para cualquier armario. Ya sea en su combinaci\u00f3n original de blanco sobre blanco o en una de sus innumerables colaboraciones y ediciones limitadas, las Air Force 1 siguen siendo un s\u00edmbolo de autoexpresi\u00f3n e individualidad.<\/p>\n<p>Color: Lilac Bloom\/Daybreak.<\/p>\n<p>Modelo: FB2348-500.<\/p>\n","protected":false},"excerpt":{"rendered":"<p>AIR FORCE 1 WILD Las Nike Air Force 1 son uno de los calzados m\u00e1s ic\u00f3nicos del mundo. Con el<\/p>\n","protected":false},"featured_media":76915,"comment_status":"open","ping_status":"closed","template":"","meta":{"nf_dc_page":""},"product_brand":[],"product_cat":[73],"product_tag":[],"class_list":{"0":"post-76914","1":"product","2":"type-product","3":"status-publish","4":"has-post-thumbnail","6":"product_cat-femenino","8":"first","9":"instock","10":"shipping-taxable","11":"purchasable","12":"product-type-simple"},"_links":{"self":[{"href":"https:\/\/brandss.com.py\/index\/wp-json\/wp\/v2\/product\/76914","targetHints":{"allow":["GET"]}}],"collection":[{"href":"https:\/\/brandss.com.py\/index\/wp-json\/wp\/v2\/product"}],"about":[{"href":"https:\/\/brandss.com.py\/index\/wp-json\/wp\/v2\/types\/product"}],"replies":[{"embeddable":true,"href":"https:\/\/brandss.com.py\/index\/wp-json\/wp\/v2\/comments?post=76914"}],"version-history":[{"count":1,"href":"https:\/\/brandss.com.py\/index\/wp-json\/wp\/v2\/product\/76914\/revisions"}],"predecessor-version":[{"id":76923,"href":"https:\/\/brandss.com.py\/index\/wp-json\/wp\/v2\/product\/76914\/revisions\/76923"}],"wp:featuredmedia":[{"embeddable":true,"href":"https:\/\/brandss.com.py\/index\/wp-json\/wp\/v2\/media\/76915"}],"wp:attachment":[{"href":"https:\/\/brandss.com.py\/index\/wp-json\/wp\/v2\/media?parent=76914"}],"wp:term":[{"taxonomy":"product_brand","embeddable":true,"href":"https:\/\/brandss.com.py\/index\/wp-json\/wp\/v2\/product_brand?post=76914"},{"taxonomy":"product_cat","embeddable":true,"href":"https:\/\/brandss.com.py\/index\/wp-json\/wp\/v2\/product_cat?post=76914"},{"taxonomy":"product_tag","embeddable":true,"href":"https:\/\/brandss.com.py\/index\/wp-json\/wp\/v2\/product_tag?post=76914"}],"curies":[{"name":"wp","href":"https:\/\/api.w.org\/{rel}","templated":true}]}}