{"id":76944,"date":"2025-03-20T13:03:28","date_gmt":"2025-03-20T13:03:28","guid":{"rendered":"https:\/\/brandss.com.py\/index\/?post_type=product&#038;p=76944"},"modified":"2026-02-24T11:56:15","modified_gmt":"2026-02-24T11:56:15","slug":"calzado-deportivo-masculino-nike-air-zoom-gt-cut-academy","status":"publish","type":"product","link":"https:\/\/brandss.com.py\/index\/producto\/calzado-deportivo-masculino-nike-air-zoom-gt-cut-academy\/","title":{"rendered":"CALZADO DEPORTIVO MASCULINO NIKE AIR ZOOM GT CUT ACADEMY"},"content":{"rendered":"<p><img loading=\"lazy\" decoding=\"async\" class=\"\" src=\"https:\/\/1000marcas.net\/wp-content\/uploads\/2019\/11\/Logo-Nike.jpg\" alt=\"Logo de Nike: la historia y el significado del logotipo, la marca y el  s\u00edmbolo. | png, vector\" width=\"124\" height=\"70\" \/><\/p>\n<h1>AIR ZOOM GT CUT ACADEMY<\/h1>\n<h2><span>Despierta el esp\u00edritu deportivo con el estilo americano<\/span><\/h2>\n<p>Dondequiera que te pongas los calzados para el pr\u00f3ximo partido, las Nike Air Zoom GT Cut Academy est\u00e1n listas para jugar. Su tracci\u00f3n multicancha las hace perfectas para todo tipo de superficies. Est\u00e1n optimizadas con tecnolog\u00eda Zoom Air y una tracci\u00f3n de gran agarre para pasos atr\u00e1s, cruces y jugadas que definen el partido. El Nike Air Zoom GT Cut Academy\u00a0 es la combinaci\u00f3n perfecta de rendimiento de primer nivel en la cancha con un audaz estilo deportivo estadounidense. Esta es la elecci\u00f3n ideal para aquellos que aman el baloncesto y quieren mejorar su rendimiento con un gran soporte de los calzados.<\/p>\n<p><strong>Dise\u00f1o en honor a Estados Unidos:<\/strong><\/p>\n<p><span>Esquema de colores &#8220;Blanco\/Rojo deportivo\/Obsidiana&#8221;: El color blanco principal en el cuerpo del zapato crea una sensaci\u00f3n limpia y sofisticada. <\/span><span>Los acentos Sport Red y Obsidian est\u00e1n inspirados en la bandera estadounidense y evocan deportividad y orgullo nacional.<\/span><br \/>\n<span>El logotipo Swoosh y otros detalles se pueden estilizar al estilo americano: por ejemplo, el patr\u00f3n de estrellas o las rayas horizontales rojas y blancas.<\/span><\/p>\n<p><strong>Rendimiento excepcional para el campo de f\u00fatbol:<\/strong><\/p>\n<p><span>Tecnolog\u00eda Zoom Air: Integrada en el antepi\u00e9, favorece la absorci\u00f3n de fuerza y \u200b\u200bun rebote potente, ayud\u00e1ndote a saltar m\u00e1s alto y moverte r\u00e1pidamente en el campo.<\/span><br \/>\n<span>Soporte multidireccional: una parte superior ajustada con detalles reforzados estabiliza el pie, soportando cambios repentinos de direcci\u00f3n y cortes bruscos.<\/span><br \/>\n<span>Suela duradera: Fabricada en caucho con un caracter\u00edstico patr\u00f3n de espiga, que garantiza un buen agarre y un antideslizante eficaz en muchas superficies de cancha diferentes, incluidas las canchas al aire libre.<\/span><\/p>\n<p><strong>Materiales c\u00f3modos y duraderos:<\/strong><\/p>\n<p><span>Parte superior del calzado: Puede ser de malla o tejido sint\u00e9tico combinado con capas reforzadas, garantizando comodidad, transpirabilidad durante la competici\u00f3n y soporte para proteger el pie.<\/span><br \/>\n<span>El forro interior suave abraza el tobillo para brindar comodidad cuando se usa durante per\u00edodos prolongados.<\/span><\/p>\n<p><strong>Ventajas:<\/strong><\/p>\n<p><span>Adecuado para muchas posiciones en la cancha: con flexibilidad y soporte multidireccional, el calzado es adecuado para muchas posiciones en la cancha de baloncesto, desde guardia hasta delantero.<\/span><br \/>\n<span>Dise\u00f1o que abraza el pie, buen soporte: ayuda a proteger los tobillos y limita las lesiones durante las fases competitivas del bal\u00f3n.<\/span><br \/>\n<span>Tecnolog\u00eda de amortiguaci\u00f3n Zoom Air: proporciona una sensaci\u00f3n suave y c\u00f3moda al moverse y saltar.<\/span><br \/>\n<span>Suela duradera y antideslizante: adecuada tanto para canchas interiores como exteriores.<\/span><br \/>\n<span>Estilo deportivo americano: Una opci\u00f3n ideal para los amantes de los deportes en general y del baloncesto en particular, especialmente los fan\u00e1ticos de los equipos de baloncesto estadounidenses.<\/span><\/p>\n<div class=\"product-features-title\"><strong>Caracter\u00edsticas<\/strong><\/div>\n<div class=\"product-features\">\n<ul>\n<li><span>Parte superior de malla textil con zonas de refuerzo cosidas para una contenci\u00f3n liviana<\/span><\/li>\n<li><span>La amortiguaci\u00f3n Air Zoom de carga inferior proporciona la energ\u00eda necesaria bajo los pies para seguir impulsando el ritmo durante todo el juego.<\/span><\/li>\n<li><span>La entresuela est\u00e1 compuesta por dos espumas para una combinaci\u00f3n superior de comodidad y soporte.<\/span><\/li>\n<li><span>La tracci\u00f3n en espiga del tal\u00f3n a la punta est\u00e1 dise\u00f1ada para jugar en todo tipo de canchas.<\/span><\/li>\n<li>Color: Blanco\/Rojo deportivo\/Obsidiana.<\/li>\n<li><span>Modelo: FB2598-104.<\/span><\/li>\n<\/ul>\n<\/div>\n","protected":false},"excerpt":{"rendered":"<p>AIR ZOOM GT CUT ACADEMY Despierta el esp\u00edritu deportivo con el estilo americano Dondequiera que te pongas los calzados para<\/p>\n","protected":false},"featured_media":76945,"comment_status":"open","ping_status":"closed","template":"","meta":{"nf_dc_page":""},"product_brand":[1333],"product_cat":[76],"product_tag":[2956],"class_list":{"0":"post-76944","1":"product","2":"type-product","3":"status-publish","4":"has-post-thumbnail","6":"product_brand-nike","7":"product_cat-masculino","8":"product_tag-fb2598-104","10":"first","11":"outofstock","12":"shipping-taxable","13":"purchasable","14":"product-type-simple"},"_links":{"self":[{"href":"https:\/\/brandss.com.py\/index\/wp-json\/wp\/v2\/product\/76944","targetHints":{"allow":["GET"]}}],"collection":[{"href":"https:\/\/brandss.com.py\/index\/wp-json\/wp\/v2\/product"}],"about":[{"href":"https:\/\/brandss.com.py\/index\/wp-json\/wp\/v2\/types\/product"}],"replies":[{"embeddable":true,"href":"https:\/\/brandss.com.py\/index\/wp-json\/wp\/v2\/comments?post=76944"}],"version-history":[{"count":1,"href":"https:\/\/brandss.com.py\/index\/wp-json\/wp\/v2\/product\/76944\/revisions"}],"predecessor-version":[{"id":76953,"href":"https:\/\/brandss.com.py\/index\/wp-json\/wp\/v2\/product\/76944\/revisions\/76953"}],"wp:featuredmedia":[{"embeddable":true,"href":"https:\/\/brandss.com.py\/index\/wp-json\/wp\/v2\/media\/76945"}],"wp:attachment":[{"href":"https:\/\/brandss.com.py\/index\/wp-json\/wp\/v2\/media?parent=76944"}],"wp:term":[{"taxonomy":"product_brand","embeddable":true,"href":"https:\/\/brandss.com.py\/index\/wp-json\/wp\/v2\/product_brand?post=76944"},{"taxonomy":"product_cat","embeddable":true,"href":"https:\/\/brandss.com.py\/index\/wp-json\/wp\/v2\/product_cat?post=76944"},{"taxonomy":"product_tag","embeddable":true,"href":"https:\/\/brandss.com.py\/index\/wp-json\/wp\/v2\/product_tag?post=76944"}],"curies":[{"name":"wp","href":"https:\/\/api.w.org\/{rel}","templated":true}]}}