{"id":76996,"date":"2025-03-20T17:01:22","date_gmt":"2025-03-20T17:01:22","guid":{"rendered":"https:\/\/brandss.com.py\/index\/?post_type=product&#038;p=76996"},"modified":"2025-03-20T17:02:30","modified_gmt":"2025-03-20T17:02:30","slug":"calzado-casual-femenino-nike-court-legacy-lift","status":"publish","type":"product","link":"https:\/\/brandss.com.py\/index\/producto\/calzado-casual-femenino-nike-court-legacy-lift\/","title":{"rendered":"CALZADO CASUAL FEMENINO NIKE COURT LEGACY LIFT"},"content":{"rendered":"<p><img loading=\"lazy\" decoding=\"async\" class=\"\" src=\"https:\/\/1000marcas.net\/wp-content\/uploads\/2019\/11\/Logo-Nike.jpg\" alt=\"Logo de Nike: la historia y el significado del logotipo, la marca y el  s\u00edmbolo. | png, vector\" width=\"151\" height=\"85\" \/><\/p>\n<h1>COURT LEGACY LIFT<\/h1>\n<p>Mejora tu estilo con las Nike Court Legacy Lift. Su entresuela de plataforma ofrece un toque atrevido con un dise\u00f1o cl\u00e1sico y f\u00e1cil de llevar. Pero no te preocupes, conservamos el ajuste que te encanta. Y una paleta de colores especial para San Valent\u00edn le da un toque dulce a tu look.<\/p>\n<ul class=\"b-list--dots\">\n<li><span>Color: Adobe\/Rojo equipo\/Rojo drag\u00f3n\/Blanco.<\/span><\/li>\n<li><span>Modelo: FJ1986-600.<\/span><\/li>\n<\/ul>\n","protected":false},"excerpt":{"rendered":"<p>COURT LEGACY LIFT Mejora tu estilo con las Nike Court Legacy Lift. Su entresuela de plataforma ofrece un toque atrevido<\/p>\n","protected":false},"featured_media":76997,"comment_status":"open","ping_status":"closed","template":"","meta":{"nf_dc_page":""},"product_brand":[],"product_cat":[73],"product_tag":[],"class_list":{"0":"post-76996","1":"product","2":"type-product","3":"status-publish","4":"has-post-thumbnail","6":"product_cat-femenino","8":"first","9":"instock","10":"shipping-taxable","11":"purchasable","12":"product-type-simple"},"_links":{"self":[{"href":"https:\/\/brandss.com.py\/index\/wp-json\/wp\/v2\/product\/76996","targetHints":{"allow":["GET"]}}],"collection":[{"href":"https:\/\/brandss.com.py\/index\/wp-json\/wp\/v2\/product"}],"about":[{"href":"https:\/\/brandss.com.py\/index\/wp-json\/wp\/v2\/types\/product"}],"replies":[{"embeddable":true,"href":"https:\/\/brandss.com.py\/index\/wp-json\/wp\/v2\/comments?post=76996"}],"version-history":[{"count":1,"href":"https:\/\/brandss.com.py\/index\/wp-json\/wp\/v2\/product\/76996\/revisions"}],"predecessor-version":[{"id":77007,"href":"https:\/\/brandss.com.py\/index\/wp-json\/wp\/v2\/product\/76996\/revisions\/77007"}],"wp:featuredmedia":[{"embeddable":true,"href":"https:\/\/brandss.com.py\/index\/wp-json\/wp\/v2\/media\/76997"}],"wp:attachment":[{"href":"https:\/\/brandss.com.py\/index\/wp-json\/wp\/v2\/media?parent=76996"}],"wp:term":[{"taxonomy":"product_brand","embeddable":true,"href":"https:\/\/brandss.com.py\/index\/wp-json\/wp\/v2\/product_brand?post=76996"},{"taxonomy":"product_cat","embeddable":true,"href":"https:\/\/brandss.com.py\/index\/wp-json\/wp\/v2\/product_cat?post=76996"},{"taxonomy":"product_tag","embeddable":true,"href":"https:\/\/brandss.com.py\/index\/wp-json\/wp\/v2\/product_tag?post=76996"}],"curies":[{"name":"wp","href":"https:\/\/api.w.org\/{rel}","templated":true}]}}