{"id":77222,"date":"2025-03-21T18:35:50","date_gmt":"2025-03-21T18:35:50","guid":{"rendered":"https:\/\/brandss.com.py\/index\/?post_type=product&#038;p=77222"},"modified":"2025-03-21T18:36:36","modified_gmt":"2025-03-21T18:36:36","slug":"carreola-leclerc-baby-magic-fold-plus-stroller","status":"publish","type":"product","link":"https:\/\/brandss.com.py\/index\/producto\/carreola-leclerc-baby-magic-fold-plus-stroller\/","title":{"rendered":"CARREOLA LECLERC BABY MAGIC FOLD PLUS STROLLER"},"content":{"rendered":"<p><img loading=\"lazy\" decoding=\"async\" class=\"\" src=\"https:\/\/encrypted-tbn0.gstatic.com\/images?q=tbn:ANd9GcRfZ0uSk19C0Rj04YKipYIRvVrVjz_GGLojgQ&amp;s\" alt=\"Leclerc Baby - BabyMonitorsDirect\" width=\"135\" height=\"135\" \/><\/p>\n<h1>MAGIC FOLD PLUS STROLLER<\/h1>\n<p><span>Leclerc Baby Magicfold Plus Black ofrece una soluci\u00f3n pr\u00e1ctica para padres gracias a su sencillo mecanismo de plegado y desplegado con un solo bot\u00f3n. El cochecito cumple con los m\u00e1s altos est\u00e1ndares de calidad y seguridad e incluye 4 accesorios esenciales: una silla de paseo, un protector de lluvia, un portavasos, una barra de seguridad y una bolsa de viaje.<\/span><\/p>\n<h2><span>Comodidad y funcionalidad<\/span><\/h2>\n<p><span>El Magicfold Plus Black ofrece comodidad tanto para los padres como para el beb\u00e9. Con capota, respaldo y reposapi\u00e9s ajustables, su dise\u00f1o se centra en la comodidad y la satisfacci\u00f3n de ambos. La capota cuenta con una ventana y una funda de tela con cierre magn\u00e9tico, mientras que el respaldo se ajusta de tres maneras, incluyendo una posici\u00f3n horizontal para dormir. El reposapi\u00e9s ajustable ofrece mayor comodidad para el beb\u00e9.<\/span><\/p>\n<p>&nbsp;<\/p>\n<h2><span>Facilidad de uso y durabilidad<\/span><\/h2>\n<p><span>Con pr\u00e1cticos elementos como una barra de protecci\u00f3n extra\u00edble, arn\u00e9s magn\u00e9tico de 5 puntos, suspensi\u00f3n en todas las ruedas, un amplio freno de pie y puntos de fijaci\u00f3n f\u00e1ciles para la pa\u00f1alera, la carriola es f\u00e1cil de usar y pr\u00e1ctica. Su dise\u00f1o resistente a la intemperie incluye una capota extensible con FPS 50+ y telas 600D repelentes al agua. Fabricada con materiales de alta calidad como piel sint\u00e9tica, manillar y barra de protecci\u00f3n de PU, y ruedas 100 % de PU, la Magicfold Plus Black es duradera y elegante.<\/span><\/p>\n<p>&nbsp;<\/p>\n<h2><span>Caracter\u00edsticas<\/span><\/h2>\n<ul>\n<li><span>Respaldo y reposapi\u00e9s ajustables<\/span><\/li>\n<li><span>Barra de parachoques extra\u00edble y arn\u00e9s magn\u00e9tico de 5 puntos<\/span><\/li>\n<li><span>Resistente a la intemperie con capota solar extendida y tejidos repelentes al agua.<\/span><\/li>\n<li><span>Fabricado con materiales de alta calidad, incluidos cuero sint\u00e9tico y PU.<\/span><\/li>\n<li><span>Funciones convenientes para facilitar su uso y comodidad.<\/span><\/li>\n<li><span>Adecuado para padres que aprecian la calidad y el estilo.<\/span><\/li>\n<\/ul>\n<p><strong>Especificaciones del producto<\/strong><\/p>\n<p>El paquete contiene: 1x Cochecito, 1x Funda para lluvia, 1x Bolsa de viaje<\/p>\n<p>Peso m\u00e1ximo del beb\u00e9: 22 kilogramos<\/p>\n<p>Peso del art\u00edculo: 6,6 kilogramos<\/p>\n<p>Dimensiones del producto desplegado (LxAnxAl): 61 cm x 47 cm x 101,5 cm<\/p>\n<p>Dimensiones del producto plegado (LxAnxAl): 24 cm x 47 cm x 56 cm<\/p>\n<p>Color: Negro<\/p>\n","protected":false},"excerpt":{"rendered":"<p>MAGIC FOLD PLUS STROLLER Leclerc Baby Magicfold Plus Black ofrece una soluci\u00f3n pr\u00e1ctica para padres gracias a su sencillo mecanismo<\/p>\n","protected":false},"featured_media":77223,"comment_status":"open","ping_status":"closed","template":"","meta":{"nf_dc_page":""},"product_brand":[],"product_cat":[75],"product_tag":[],"class_list":{"0":"post-77222","1":"product","2":"type-product","3":"status-publish","4":"has-post-thumbnail","6":"product_cat-infantil","8":"first","9":"instock","10":"shipping-taxable","11":"purchasable","12":"product-type-simple"},"_links":{"self":[{"href":"https:\/\/brandss.com.py\/index\/wp-json\/wp\/v2\/product\/77222","targetHints":{"allow":["GET"]}}],"collection":[{"href":"https:\/\/brandss.com.py\/index\/wp-json\/wp\/v2\/product"}],"about":[{"href":"https:\/\/brandss.com.py\/index\/wp-json\/wp\/v2\/types\/product"}],"replies":[{"embeddable":true,"href":"https:\/\/brandss.com.py\/index\/wp-json\/wp\/v2\/comments?post=77222"}],"version-history":[{"count":1,"href":"https:\/\/brandss.com.py\/index\/wp-json\/wp\/v2\/product\/77222\/revisions"}],"predecessor-version":[{"id":77233,"href":"https:\/\/brandss.com.py\/index\/wp-json\/wp\/v2\/product\/77222\/revisions\/77233"}],"wp:featuredmedia":[{"embeddable":true,"href":"https:\/\/brandss.com.py\/index\/wp-json\/wp\/v2\/media\/77223"}],"wp:attachment":[{"href":"https:\/\/brandss.com.py\/index\/wp-json\/wp\/v2\/media?parent=77222"}],"wp:term":[{"taxonomy":"product_brand","embeddable":true,"href":"https:\/\/brandss.com.py\/index\/wp-json\/wp\/v2\/product_brand?post=77222"},{"taxonomy":"product_cat","embeddable":true,"href":"https:\/\/brandss.com.py\/index\/wp-json\/wp\/v2\/product_cat?post=77222"},{"taxonomy":"product_tag","embeddable":true,"href":"https:\/\/brandss.com.py\/index\/wp-json\/wp\/v2\/product_tag?post=77222"}],"curies":[{"name":"wp","href":"https:\/\/api.w.org\/{rel}","templated":true}]}}