{"id":77245,"date":"2025-03-21T19:02:28","date_gmt":"2025-03-21T19:02:28","guid":{"rendered":"https:\/\/brandss.com.py\/index\/?post_type=product&#038;p=77245"},"modified":"2025-03-21T19:05:06","modified_gmt":"2025-03-21T19:05:06","slug":"mesa-auxiliar-carex-home-de-cama","status":"publish","type":"product","link":"https:\/\/brandss.com.py\/index\/producto\/mesa-auxiliar-carex-home-de-cama\/","title":{"rendered":"MESA AUXILIAR CAREX HOME DE CAMA"},"content":{"rendered":"<p><img loading=\"lazy\" decoding=\"async\" class=\"\" src=\"https:\/\/www.donquijotehawaii.com\/sites\/default\/files\/inline-images\/Carex-logo.png\" alt=\"Carex TRANSPORT CHAIRS &amp; ROLLATORS | Don Quijote Hawaii\" width=\"135\" height=\"72\" \/><\/p>\n<h1>HOME<\/h1>\n<p>La mesa de cama Carex ofrece a quienes necesitan la ayuda de una mesa, pero est\u00e1n limitados a su cama, una superficie compacta y estable, ideal para leer, escribir, comer o tomar refrigerios. A diferencia de la mayor\u00eda de las mesas de cama que evocan dise\u00f1os hospitalarios tradicionales, la mesa de cama Carex luce un elegante marco negro y una mesa con vetas de madera que se integra con cualquier decoraci\u00f3n.<\/p>\n<p>Duradera y segura, la mesa de cama Carex cuenta con ajustes de altura telesc\u00f3picos y una vers\u00e1til bandeja inclinable que permite a los usuarios adaptar el tablero a su comodidad. Un borde integrado ayuda a prevenir derrames y, en caso de derrame, la superficie de la mesa es f\u00e1cil de limpiar. Las ruedas Sure-Lock adicionales evitan deslizamientos y derrapes en suelos lisos.<\/p>\n<h3>Caracter\u00edsticas de la mesa de cama Carex Home:<\/h3>\n<ul>\n<li style=\"list-style-type: none\">\n<ul>\n<li>La mesa de cama Carex se desliza f\u00e1cilmente sobre la cama o silla, ofreciendo una superficie plana y c\u00f3moda para quienes est\u00e1n confinados en la cama o silla. Es ideal para leer, comer, usar la computadora o trabajar, ya que proporciona una superficie estable y plana que facilita la productividad en casa.<\/li>\n<\/ul>\n<\/li>\n<\/ul>\n<p>&nbsp;<\/p>\n<ul>\n<li style=\"list-style-type: none\">\n<ul>\n<li>La base en forma de &#8220;C&#8221; est\u00e1 dise\u00f1ada para facilitar el acceso del paciente mientras est\u00e1 sentado en una silla. Se ajusta seg\u00fan sea necesario, facilitando actividades cotidianas como leer, usar la computadora, armar rompecabezas, tejer o comer, sin la molestia de ajustarse.<\/li>\n<\/ul>\n<\/li>\n<\/ul>\n<p>&nbsp;<\/p>\n<ul>\n<li>La mesa de cama Carex es f\u00e1cil de montar y permite ajustar la altura, as\u00ed como su uso para diestros y zurdos. Es una mesa con ruedas ideal para tenerla junto a la cama o usarla con silla de ruedas para las actividades diarias en casa.<\/li>\n<li>Modelo: P567-00<\/li>\n<\/ul>\n","protected":false},"excerpt":{"rendered":"<p>HOME La mesa de cama Carex ofrece a quienes necesitan la ayuda de una mesa, pero est\u00e1n limitados a su<\/p>\n","protected":false},"featured_media":77246,"comment_status":"open","ping_status":"closed","template":"","meta":{"nf_dc_page":""},"product_brand":[],"product_cat":[83],"product_tag":[],"class_list":{"0":"post-77245","1":"product","2":"type-product","3":"status-publish","4":"has-post-thumbnail","6":"product_cat-hogar","8":"first","9":"instock","10":"shipping-taxable","11":"purchasable","12":"product-type-simple"},"_links":{"self":[{"href":"https:\/\/brandss.com.py\/index\/wp-json\/wp\/v2\/product\/77245","targetHints":{"allow":["GET"]}}],"collection":[{"href":"https:\/\/brandss.com.py\/index\/wp-json\/wp\/v2\/product"}],"about":[{"href":"https:\/\/brandss.com.py\/index\/wp-json\/wp\/v2\/types\/product"}],"replies":[{"embeddable":true,"href":"https:\/\/brandss.com.py\/index\/wp-json\/wp\/v2\/comments?post=77245"}],"version-history":[{"count":2,"href":"https:\/\/brandss.com.py\/index\/wp-json\/wp\/v2\/product\/77245\/revisions"}],"predecessor-version":[{"id":77258,"href":"https:\/\/brandss.com.py\/index\/wp-json\/wp\/v2\/product\/77245\/revisions\/77258"}],"wp:featuredmedia":[{"embeddable":true,"href":"https:\/\/brandss.com.py\/index\/wp-json\/wp\/v2\/media\/77246"}],"wp:attachment":[{"href":"https:\/\/brandss.com.py\/index\/wp-json\/wp\/v2\/media?parent=77245"}],"wp:term":[{"taxonomy":"product_brand","embeddable":true,"href":"https:\/\/brandss.com.py\/index\/wp-json\/wp\/v2\/product_brand?post=77245"},{"taxonomy":"product_cat","embeddable":true,"href":"https:\/\/brandss.com.py\/index\/wp-json\/wp\/v2\/product_cat?post=77245"},{"taxonomy":"product_tag","embeddable":true,"href":"https:\/\/brandss.com.py\/index\/wp-json\/wp\/v2\/product_tag?post=77245"}],"curies":[{"name":"wp","href":"https:\/\/api.w.org\/{rel}","templated":true}]}}