{"id":77414,"date":"2025-03-22T18:04:36","date_gmt":"2025-03-22T18:04:36","guid":{"rendered":"https:\/\/brandss.com.py\/index\/?post_type=product&#038;p=77414"},"modified":"2025-03-22T18:05:20","modified_gmt":"2025-03-22T18:05:20","slug":"perchero-cinas-rib-series-vertical-de-bamboo-carbonizado","status":"publish","type":"product","link":"https:\/\/brandss.com.py\/index\/producto\/perchero-cinas-rib-series-vertical-de-bamboo-carbonizado\/","title":{"rendered":"PERCHERO CINAS RIB SERIES VERTICAL DE BAMBOO CARBONIZADO"},"content":{"rendered":"<p><img loading=\"lazy\" decoding=\"async\" class=\"\" src=\"https:\/\/www.cinas.com\/Files\/Templates\/Designs\/Cinas\/Images\/cinas_logo.svg\" alt=\"Welcome to Cinas\" width=\"130\" height=\"51\" \/><\/p>\n<h1>RIB SERIES<\/h1>\n<p>Hermoso y elegante perchero<\/p>\n<div class=\"js_pdp_selling-points pl_block pl_block--no-gap pdp_selling-points\" data-ft5-visibility-tracking=\"{&quot;componentName&quot;:&quot;selling-points&quot;}\">\n<ul class=\"pl_list--unordered\">\n<li>Dise\u00f1o y funcionalidad en uno<\/li>\n<li>Material de bamb\u00fa<\/li>\n<li>Gran dise\u00f1o dan\u00e9s<\/li>\n<li>Dise\u00f1o escandinavo<\/li>\n<li>Dimensiones: An. 45 x Pr. 27 x Al. 20 cm o An. 94,5 x Pr. 27 x Al. 20 cm<\/li>\n<li>Modelo: 5200102<\/li>\n<\/ul>\n<\/div>\n<div class=\"js_pdp_description pl_block pl_block--no-gap pdp_description\" data-ft5-visibility-tracking=\"{&quot;componentName&quot;:&quot;description&quot;}\">\n<div class=\"pl_text-expander pl_copy100 pdp_description__text-expander js_pdp_description__text-expander\"><\/div>\n<\/div>\n","protected":false},"excerpt":{"rendered":"<p>RIB SERIES Hermoso y elegante perchero Dise\u00f1o y funcionalidad en uno Material de bamb\u00fa Gran dise\u00f1o dan\u00e9s Dise\u00f1o escandinavo Dimensiones:<\/p>\n","protected":false},"featured_media":77419,"comment_status":"open","ping_status":"closed","template":"","meta":{"nf_dc_page":""},"product_brand":[],"product_cat":[83],"product_tag":[],"class_list":{"0":"post-77414","1":"product","2":"type-product","3":"status-publish","4":"has-post-thumbnail","6":"product_cat-hogar","8":"first","9":"instock","10":"shipping-taxable","11":"purchasable","12":"product-type-simple"},"_links":{"self":[{"href":"https:\/\/brandss.com.py\/index\/wp-json\/wp\/v2\/product\/77414","targetHints":{"allow":["GET"]}}],"collection":[{"href":"https:\/\/brandss.com.py\/index\/wp-json\/wp\/v2\/product"}],"about":[{"href":"https:\/\/brandss.com.py\/index\/wp-json\/wp\/v2\/types\/product"}],"replies":[{"embeddable":true,"href":"https:\/\/brandss.com.py\/index\/wp-json\/wp\/v2\/comments?post=77414"}],"version-history":[{"count":2,"href":"https:\/\/brandss.com.py\/index\/wp-json\/wp\/v2\/product\/77414\/revisions"}],"predecessor-version":[{"id":77437,"href":"https:\/\/brandss.com.py\/index\/wp-json\/wp\/v2\/product\/77414\/revisions\/77437"}],"wp:featuredmedia":[{"embeddable":true,"href":"https:\/\/brandss.com.py\/index\/wp-json\/wp\/v2\/media\/77419"}],"wp:attachment":[{"href":"https:\/\/brandss.com.py\/index\/wp-json\/wp\/v2\/media?parent=77414"}],"wp:term":[{"taxonomy":"product_brand","embeddable":true,"href":"https:\/\/brandss.com.py\/index\/wp-json\/wp\/v2\/product_brand?post=77414"},{"taxonomy":"product_cat","embeddable":true,"href":"https:\/\/brandss.com.py\/index\/wp-json\/wp\/v2\/product_cat?post=77414"},{"taxonomy":"product_tag","embeddable":true,"href":"https:\/\/brandss.com.py\/index\/wp-json\/wp\/v2\/product_tag?post=77414"}],"curies":[{"name":"wp","href":"https:\/\/api.w.org\/{rel}","templated":true}]}}